{"id":9852,"date":"2025-12-07T19:19:13","date_gmt":"2025-12-07T18:19:13","guid":{"rendered":"https:\/\/korsarger3500.de\/?page_id=9852"},"modified":"2026-02-15T13:35:09","modified_gmt":"2026-02-15T12:35:09","slug":"innen-refit","status":"publish","type":"page","link":"https:\/\/korsarger3500.de\/index.php\/innen-refit\/","title":{"rendered":"Refit Cockpit"},"content":{"rendered":"<p style=\"text-align: justify;\">Das war ja mal schon lange f\u00e4llig. Mein Cockpit hat mit den Jahren doch sehr gelitten. \u00dcberall gibt es Stellen an denen kein Lack mehr auf meinem Holz ist.<\/p>\n<div id='gallery-1' class='gallery galleryid-9852 gallery-columns-4 gallery-size-thumbnail'><figure class='gallery-item'>\n\t\t\t<div class='gallery-icon landscape'>\n\t\t\t\t<a href='https:\/\/korsarger3500.de\/wp-content\/uploads\/2025\/12\/Innen_Refitt_25.jpg'><img loading=\"lazy\" decoding=\"async\" width=\"150\" height=\"150\" src=\"https:\/\/korsarger3500.de\/wp-content\/uploads\/2025\/12\/Innen_Refitt_25-150x150.jpg\" class=\"attachment-thumbnail size-thumbnail\" alt=\"\" \/><\/a>\n\t\t\t<\/div><\/figure><figure class='gallery-item'>\n\t\t\t<div class='gallery-icon landscape'>\n\t\t\t\t<a href='https:\/\/korsarger3500.de\/wp-content\/uploads\/2025\/12\/Innen_Refitt_24.jpg'><img loading=\"lazy\" decoding=\"async\" width=\"150\" height=\"150\" src=\"https:\/\/korsarger3500.de\/wp-content\/uploads\/2025\/12\/Innen_Refitt_24-150x150.jpg\" class=\"attachment-thumbnail size-thumbnail\" alt=\"\" \/><\/a>\n\t\t\t<\/div><\/figure><figure class='gallery-item'>\n\t\t\t<div class='gallery-icon portrait'>\n\t\t\t\t<a href='https:\/\/korsarger3500.de\/wp-content\/uploads\/2025\/12\/Innen_Refitt_14.jpg'><img loading=\"lazy\" decoding=\"async\" width=\"150\" height=\"150\" src=\"https:\/\/korsarger3500.de\/wp-content\/uploads\/2025\/12\/Innen_Refitt_14-150x150.jpg\" class=\"attachment-thumbnail size-thumbnail\" alt=\"\" \/><\/a>\n\t\t\t<\/div><\/figure><figure class='gallery-item'>\n\t\t\t<div class='gallery-icon landscape'>\n\t\t\t\t<a href='https:\/\/korsarger3500.de\/wp-content\/uploads\/2025\/12\/Innen_Refitt_15.jpg'><img loading=\"lazy\" decoding=\"async\" width=\"150\" height=\"150\" src=\"https:\/\/korsarger3500.de\/wp-content\/uploads\/2025\/12\/Innen_Refitt_15-150x150.jpg\" class=\"attachment-thumbnail size-thumbnail\" alt=\"\" \/><\/a>\n\t\t\t<\/div><\/figure><figure class='gallery-item'>\n\t\t\t<div class='gallery-icon landscape'>\n\t\t\t\t<a href='https:\/\/korsarger3500.de\/wp-content\/uploads\/2025\/12\/Innen_Refitt_17.jpg'><img loading=\"lazy\" decoding=\"async\" width=\"150\" height=\"150\" src=\"https:\/\/korsarger3500.de\/wp-content\/uploads\/2025\/12\/Innen_Refitt_17-150x150.jpg\" class=\"attachment-thumbnail size-thumbnail\" alt=\"\" \/><\/a>\n\t\t\t<\/div><\/figure><figure class='gallery-item'>\n\t\t\t<div class='gallery-icon landscape'>\n\t\t\t\t<a href='https:\/\/korsarger3500.de\/wp-content\/uploads\/2025\/12\/Innen_Refitt_18.jpg'><img loading=\"lazy\" decoding=\"async\" width=\"150\" height=\"150\" src=\"https:\/\/korsarger3500.de\/wp-content\/uploads\/2025\/12\/Innen_Refitt_18-150x150.jpg\" class=\"attachment-thumbnail size-thumbnail\" alt=\"\" \/><\/a>\n\t\t\t<\/div><\/figure><figure class='gallery-item'>\n\t\t\t<div class='gallery-icon landscape'>\n\t\t\t\t<a href='https:\/\/korsarger3500.de\/wp-content\/uploads\/2025\/12\/Innen_Refitt_19.jpg'><img loading=\"lazy\" decoding=\"async\" width=\"150\" height=\"150\" src=\"https:\/\/korsarger3500.de\/wp-content\/uploads\/2025\/12\/Innen_Refitt_19-150x150.jpg\" class=\"attachment-thumbnail size-thumbnail\" alt=\"\" \/><\/a>\n\t\t\t<\/div><\/figure><figure class='gallery-item'>\n\t\t\t<div class='gallery-icon portrait'>\n\t\t\t\t<a href='https:\/\/korsarger3500.de\/wp-content\/uploads\/2025\/12\/Innen_Refitt_22.jpg'><img loading=\"lazy\" decoding=\"async\" width=\"150\" height=\"150\" src=\"https:\/\/korsarger3500.de\/wp-content\/uploads\/2025\/12\/Innen_Refitt_22-150x150.jpg\" class=\"attachment-thumbnail size-thumbnail\" alt=\"\" \/><\/a>\n\t\t\t<\/div><\/figure>\n\t\t<\/div>\n\n<p style=\"text-align: justify;\">Durch das mehrfache Nachziehen der Holzschrauben sind einige fast doll oder die K\u00f6pfe sind abgearbeitet. An anderen Stellen sind Schrauben aus dem Holz gerissen.<\/p>\n<div id='gallery-2' class='gallery galleryid-9852 gallery-columns-4 gallery-size-thumbnail'><figure class='gallery-item'>\n\t\t\t<div class='gallery-icon portrait'>\n\t\t\t\t<a href='https:\/\/korsarger3500.de\/wp-content\/uploads\/2025\/12\/Innen_Refitt_26.jpg'><img loading=\"lazy\" decoding=\"async\" width=\"150\" height=\"150\" src=\"https:\/\/korsarger3500.de\/wp-content\/uploads\/2025\/12\/Innen_Refitt_26-150x150.jpg\" class=\"attachment-thumbnail size-thumbnail\" alt=\"\" \/><\/a>\n\t\t\t<\/div><\/figure><figure class='gallery-item'>\n\t\t\t<div class='gallery-icon landscape'>\n\t\t\t\t<a href='https:\/\/korsarger3500.de\/wp-content\/uploads\/2025\/12\/Innen_Refitt_20.jpg'><img loading=\"lazy\" decoding=\"async\" width=\"150\" height=\"150\" src=\"https:\/\/korsarger3500.de\/wp-content\/uploads\/2025\/12\/Innen_Refitt_20-150x150.jpg\" class=\"attachment-thumbnail size-thumbnail\" alt=\"\" \/><\/a>\n\t\t\t<\/div><\/figure><figure class='gallery-item'>\n\t\t\t<div class='gallery-icon landscape'>\n\t\t\t\t<a href='https:\/\/korsarger3500.de\/wp-content\/uploads\/2025\/12\/Innen_Refitt_21.jpg'><img loading=\"lazy\" decoding=\"async\" width=\"150\" height=\"150\" src=\"https:\/\/korsarger3500.de\/wp-content\/uploads\/2025\/12\/Innen_Refitt_21-150x150.jpg\" class=\"attachment-thumbnail size-thumbnail\" alt=\"\" \/><\/a>\n\t\t\t<\/div><\/figure><figure class='gallery-item'>\n\t\t\t<div class='gallery-icon portrait'>\n\t\t\t\t<a href='https:\/\/korsarger3500.de\/wp-content\/uploads\/2025\/12\/Innen_Refitt_22.jpg'><img loading=\"lazy\" decoding=\"async\" width=\"150\" height=\"150\" src=\"https:\/\/korsarger3500.de\/wp-content\/uploads\/2025\/12\/Innen_Refitt_22-150x150.jpg\" class=\"attachment-thumbnail size-thumbnail\" alt=\"\" \/><\/a>\n\t\t\t<\/div><\/figure>\n\t\t<\/div>\n\n<p style=\"text-align: justify;\">Skipper hat ausnahmslos alle Beschl\u00e4ge ausgebaut. Aus dem Harken-Schlitten der Genua-Verstellung sind 40 Kugeln in meinen Rumpf geh\u00fcpft. Zum Gl\u00fcck hat er alle wieder gefunden. Viele Schraubenl\u00f6cher mussten aufgebohrt und mit passenden Holzd\u00fcbeln verschlossen werden. Dadurch kann er sie sp\u00e4ter wieder passgerecht aufbohren und neue Schrauben einsetzen. Die \u00d6ffnungen im Mittelsteven hat er vergr\u00f6\u00dfert damit die Trinkflaschen besser rein passen.<\/p>\n<div id='gallery-3' class='gallery galleryid-9852 gallery-columns-4 gallery-size-thumbnail'><figure class='gallery-item'>\n\t\t\t<div class='gallery-icon portrait'>\n\t\t\t\t<a href='https:\/\/korsarger3500.de\/wp-content\/uploads\/2025\/12\/Innen_Refitt_33.jpg'><img loading=\"lazy\" decoding=\"async\" width=\"150\" height=\"150\" src=\"https:\/\/korsarger3500.de\/wp-content\/uploads\/2025\/12\/Innen_Refitt_33-150x150.jpg\" class=\"attachment-thumbnail size-thumbnail\" alt=\"\" \/><\/a>\n\t\t\t<\/div><\/figure><figure class='gallery-item'>\n\t\t\t<div class='gallery-icon portrait'>\n\t\t\t\t<a href='https:\/\/korsarger3500.de\/wp-content\/uploads\/2025\/12\/Innen_Refitt_02.jpg'><img loading=\"lazy\" decoding=\"async\" width=\"150\" height=\"150\" src=\"https:\/\/korsarger3500.de\/wp-content\/uploads\/2025\/12\/Innen_Refitt_02-150x150.jpg\" class=\"attachment-thumbnail size-thumbnail\" alt=\"\" \/><\/a>\n\t\t\t<\/div><\/figure><figure class='gallery-item'>\n\t\t\t<div class='gallery-icon portrait'>\n\t\t\t\t<a href='https:\/\/korsarger3500.de\/wp-content\/uploads\/2025\/12\/Innen_Refitt_01.jpg'><img loading=\"lazy\" decoding=\"async\" width=\"150\" height=\"150\" src=\"https:\/\/korsarger3500.de\/wp-content\/uploads\/2025\/12\/Innen_Refitt_01-150x150.jpg\" class=\"attachment-thumbnail size-thumbnail\" alt=\"\" \/><\/a>\n\t\t\t<\/div><\/figure><figure class='gallery-item'>\n\t\t\t<div class='gallery-icon landscape'>\n\t\t\t\t<a href='https:\/\/korsarger3500.de\/wp-content\/uploads\/2025\/12\/Innen_Refitt_05-e1771158811471.jpg'><img loading=\"lazy\" decoding=\"async\" width=\"150\" height=\"150\" src=\"https:\/\/korsarger3500.de\/wp-content\/uploads\/2025\/12\/Innen_Refitt_05-e1771158811471-150x150.jpg\" class=\"attachment-thumbnail size-thumbnail\" alt=\"\" \/><\/a>\n\t\t\t<\/div><\/figure>\n\t\t<\/div>\n\n<p style=\"text-align: justify;\">Anschlie\u00dfen hat er das leere Cockpit m\u00fchsam von Hand mit verschiedenen K\u00f6rnungen abgeschliffen. Endlich sind die Laufnasen die mich seit fast 40 Jahren nerven auch weg. Dann kamen vier Lagen Klarlack aufs Holz, nat\u00fcrlich mit entsprechendem Zwischenschliff. Als der Lack nach einigen Tagen durchgetrocknet war hat er alle Beschl\u00e4ge wieder eingebaut, selbstverst\u00e4ndlich vorher sauber gemacht und ge\u00f6lt. Die Schlitzschrauben wurden durch neue Kreuz oder TX Schrauben ersetzt. Nat\u00fcrlich alle in Edelstahl. Die Klavier -Dreiecke bekamen neuen Lack, die Ausreitgurte neue Neopren \u00dcberz\u00fcge, die Lenzdeckel neue Dichtungen und die F\u00fchrung der Wantenspannung ist auch noch verbessert worden.<\/p>\n<div id='gallery-4' class='gallery galleryid-9852 gallery-columns-4 gallery-size-thumbnail'><figure class='gallery-item'>\n\t\t\t<div class='gallery-icon portrait'>\n\t\t\t\t<a href='https:\/\/korsarger3500.de\/wp-content\/uploads\/2025\/12\/Innen_Refitt_002.jpg'><img loading=\"lazy\" decoding=\"async\" width=\"150\" height=\"150\" src=\"https:\/\/korsarger3500.de\/wp-content\/uploads\/2025\/12\/Innen_Refitt_002-150x150.jpg\" class=\"attachment-thumbnail size-thumbnail\" alt=\"\" \/><\/a>\n\t\t\t<\/div><\/figure><figure class='gallery-item'>\n\t\t\t<div class='gallery-icon portrait'>\n\t\t\t\t<a href='https:\/\/korsarger3500.de\/wp-content\/uploads\/2025\/12\/Innen_Refitt_004.jpg'><img loading=\"lazy\" decoding=\"async\" width=\"150\" height=\"150\" src=\"https:\/\/korsarger3500.de\/wp-content\/uploads\/2025\/12\/Innen_Refitt_004-150x150.jpg\" class=\"attachment-thumbnail size-thumbnail\" alt=\"\" \/><\/a>\n\t\t\t<\/div><\/figure><figure class='gallery-item'>\n\t\t\t<div class='gallery-icon portrait'>\n\t\t\t\t<a href='https:\/\/korsarger3500.de\/wp-content\/uploads\/2025\/12\/Innen_Refitt_001.jpg'><img loading=\"lazy\" decoding=\"async\" width=\"150\" height=\"150\" src=\"https:\/\/korsarger3500.de\/wp-content\/uploads\/2025\/12\/Innen_Refitt_001-150x150.jpg\" class=\"attachment-thumbnail size-thumbnail\" alt=\"\" \/><\/a>\n\t\t\t<\/div><\/figure><figure class='gallery-item'>\n\t\t\t<div class='gallery-icon portrait'>\n\t\t\t\t<a href='https:\/\/korsarger3500.de\/wp-content\/uploads\/2025\/12\/Innen_Refitt_fertig.jpg'><img loading=\"lazy\" decoding=\"async\" width=\"150\" height=\"150\" src=\"https:\/\/korsarger3500.de\/wp-content\/uploads\/2025\/12\/Innen_Refitt_fertig-150x150.jpg\" class=\"attachment-thumbnail size-thumbnail\" alt=\"\" \/><\/a>\n\t\t\t<\/div><\/figure>\n\t\t<\/div>\n\n<p style=\"text-align: justify;\">Als dann alles wieder am Platz war hat er noch mein Deck abgeschliffen und eine neue Klarlackschicht aufgetragen. Jetzt darf ich sicher noch ein paar Tage ausd\u00fcnsten bevor es dann in die Wintergarage geht.<\/p>\n<p><a href=\"https:\/\/korsarger3500.de\/index.php\/kleinere-anpassungen-und-reparaturen\/\">Weiter<\/a><\/p>\n","protected":false},"excerpt":{"rendered":"<p>Das war ja mal schon lange f\u00e4llig. Mein Cockpit hat mit den Jahren doch sehr gelitten. \u00dcberall gibt es Stellen an denen kein Lack mehr auf meinem Holz ist. Durch das mehrfache Nachziehen der Holzschrauben sind einige fast doll oder die K\u00f6pfe sind abgearbeitet. An anderen Stellen sind Schrauben aus dem Holz gerissen. Skipper hat &hellip; <a href=\"https:\/\/korsarger3500.de\/index.php\/innen-refit\/\" class=\"more-link\"><span class=\"screen-reader-text\">Refit Cockpit<\/span> weiterlesen<\/a><\/p>\n","protected":false},"author":1,"featured_media":0,"parent":0,"menu_order":0,"comment_status":"closed","ping_status":"closed","template":"","meta":{"footnotes":""},"class_list":["post-9852","page","type-page","status-publish","hentry"],"_links":{"self":[{"href":"https:\/\/korsarger3500.de\/index.php\/wp-json\/wp\/v2\/pages\/9852","targetHints":{"allow":["GET"]}}],"collection":[{"href":"https:\/\/korsarger3500.de\/index.php\/wp-json\/wp\/v2\/pages"}],"about":[{"href":"https:\/\/korsarger3500.de\/index.php\/wp-json\/wp\/v2\/types\/page"}],"author":[{"embeddable":true,"href":"https:\/\/korsarger3500.de\/index.php\/wp-json\/wp\/v2\/users\/1"}],"replies":[{"embeddable":true,"href":"https:\/\/korsarger3500.de\/index.php\/wp-json\/wp\/v2\/comments?post=9852"}],"version-history":[{"count":10,"href":"https:\/\/korsarger3500.de\/index.php\/wp-json\/wp\/v2\/pages\/9852\/revisions"}],"predecessor-version":[{"id":9900,"href":"https:\/\/korsarger3500.de\/index.php\/wp-json\/wp\/v2\/pages\/9852\/revisions\/9900"}],"wp:attachment":[{"href":"https:\/\/korsarger3500.de\/index.php\/wp-json\/wp\/v2\/media?parent=9852"}],"curies":[{"name":"wp","href":"https:\/\/api.w.org\/{rel}","templated":true}]}}