{"id":9130,"date":"2024-08-12T19:23:12","date_gmt":"2024-08-12T17:23:12","guid":{"rendered":"https:\/\/korsarger3500.de\/?page_id=9130"},"modified":"2025-04-13T13:05:40","modified_gmt":"2025-04-13T11:05:40","slug":"das-piratenschiff","status":"publish","type":"page","link":"https:\/\/korsarger3500.de\/index.php\/das-piratenschiff\/","title":{"rendered":"Das Piratenschiff"},"content":{"rendered":"<p style=\"text-align: justify;\" data-wp-editing=\"1\">Opa &#8222;Ich w\u00fcnsch mir ein Piratenschiff&#8220; sagte Skippers Enkel im Winter zu ihm als die beiden nach einem Sandkasten f\u00fcr den Garten googelten. Was dieser Satz f\u00fcr Auswirkungen haben sollte, zeigte sich im Laufe der n\u00e4chsten Monate. F\u00fcr mich fing die Geschichten so an&#8230;<\/p>\n<p style=\"text-align: justify;\" data-wp-editing=\"1\"><a href=\"https:\/\/korsarger3500.de\/wp-content\/uploads\/2024\/08\/Piratenschiff_08.jpg\" data-lbwps-width=\"1680\" data-lbwps-height=\"1260\" data-lbwps-srcsmall=\"https:\/\/korsarger3500.de\/wp-content\/uploads\/2024\/08\/Piratenschiff_08-300x225.jpg\"><img loading=\"lazy\" decoding=\"async\" class=\"alignleft wp-image-9135 size-thumbnail\" src=\"https:\/\/korsarger3500.de\/wp-content\/uploads\/2024\/08\/Piratenschiff_08-150x150.jpg\" alt=\"Was ist das da auf meinem Hof?\" width=\"150\" height=\"150\" \/><\/a>Was macht ein anderer Korsar denn pl\u00f6tzlich da in unserm Hof?\u00a0 Und noch dazu einer aus Vollholz, so wie ich. Was geht da vor? Der sieht zwar noch ganz h\u00fcbsch aus, aber beim genaueren hinsehen hab ich gesehen, dass er sich mit Sicherheit nicht mehr zum Regattasegeln einsetzen l\u00e4sst.\u00a0 Uff &#8211; irgendwie bin ich erleichtert. Skipper hat alle Beschl\u00e4ge abgebaut und fing an das Deck zur reparieren, das sich an einigen Stellen vom Rumpf l\u00f6ste. Als das Deck wieder fest verleimt war, hat er es mit Bootslack insgesamt sieben mal lackiert. Wozu er diese sorgf\u00e4ltige Arbeit gemacht hat,\u00a0 erschloss sich mir immer noch nicht. Dann hat er die Kiste umgedr<a href=\"https:\/\/korsarger3500.de\/wp-content\/uploads\/2024\/08\/Piratenschiff_25.jpg\" data-lbwps-width=\"1680\" data-lbwps-height=\"945\" data-lbwps-srcsmall=\"https:\/\/korsarger3500.de\/wp-content\/uploads\/2024\/08\/Piratenschiff_25-300x169.jpg\"><img loading=\"lazy\" decoding=\"async\" class=\"alignright wp-image-9140 size-thumbnail\" src=\"https:\/\/korsarger3500.de\/wp-content\/uploads\/2024\/08\/Piratenschiff_25-150x150.jpg\" alt=\"mit Bitumen gestrichen\" width=\"150\" height=\"150\" \/><\/a>eht und es zeigte sich der teilweise faule Rumpf im Bereich der Lenzer. Die L\u00f6cher und auch den Schwertkasten hat er mit M\u00e4usedraht verschlossen und den Rumpf bis zur die Wasserlinie mehrfach mit Bitumen verspachtelt. Ins Wasser kommt die Kiste so mit Sicherheit nicht mehr, also wozu die ganze Arbeit?. Das Boot kam zum trocknen in den Hof und Skipper fing dann an aus OSB Platten eine Kaj\u00fcte zu bauen. Die hatte Bullaugen, zwei T\u00fcren und ein Fenster zum \u00d6ffnen mit Fensterbank. Die Kaj\u00fcte wurde, nachdem sie auch mehrfach ge\u00f6lt worden war, auf den hinteren Teil des Rumpfes platziert und sie bekam innen auch noch einen ebenen Boden. Dann verschwand das Schiff aus meiner Garage und wurde bei Skippers Enkelkindern im Garten ins Erdreich <a href=\"https:\/\/korsarger3500.de\/wp-content\/uploads\/2024\/08\/Piratenschiff_36.jpg\" data-lbwps-width=\"1680\" data-lbwps-height=\"945\" data-lbwps-srcsmall=\"https:\/\/korsarger3500.de\/wp-content\/uploads\/2024\/08\/Piratenschiff_36-300x169.jpg\"><img loading=\"lazy\" decoding=\"async\" class=\"alignleft wp-image-9146 size-thumbnail\" src=\"https:\/\/korsarger3500.de\/wp-content\/uploads\/2024\/08\/Piratenschiff_36-150x150.jpg\" alt=\"der Sand wird eingebracht\" width=\"150\" height=\"150\" \/><\/a>eingebuddelt. In das Mittelschiff hat er dann fast eine Tonne Spielsand eingebracht. Auf das Dach der Kaj\u00fcte hat er Bitumenschindeln genagelt und jetzt war dann auch klar was das wird. Ein Sandkasten mit Spielh\u00e4uschen f\u00fcr die Enkelkinder. Das wurde auch von die beiden sofort in Besitz genommen. Ein paar Tage sp\u00e4ter kam er mit einem sechs Meter langen Baumstamm an. Von dem wurde die Rinde abgesch\u00e4lt und er wurde sorgf\u00e4ltig glatt geschliffen. Als n\u00e4chstes zimmerte er einen Korb den er auf dem Mast pflanzte und ordentlich befestigte. Den hat er dann in den Rumpf gestellt und mittels Dynemawanten und Vorstag abgespannt.<a href=\"https:\/\/korsarger3500.de\/wp-content\/uploads\/2024\/08\/Piratenschiff__1.jpg\" data-lbwps-width=\"862\" data-lbwps-height=\"773\" data-lbwps-srcsmall=\"https:\/\/korsarger3500.de\/wp-content\/uploads\/2024\/08\/Piratenschiff__1-300x269.jpg\"><img loading=\"lazy\" decoding=\"async\" class=\"alignright wp-image-9164 size-thumbnail\" src=\"https:\/\/korsarger3500.de\/wp-content\/uploads\/2024\/08\/Piratenschiff__1-150x150.jpg\" alt=\"Aufentern und Festigkeit pr\u00fcfen\" width=\"150\" height=\"150\" \/><\/a> Das sah schon etwas imposant aus, dieser dicke Stamm da in einem Korsarenrumpf.\u00a0 Als N\u00e4chstes mussten noch richtige Wanten zum Aufentern in den Korb hergestellt werden. Die hat er aus Juteseil gesplei\u00dft und so verspannt, dass sie dem Mast auch alleine halten w\u00fcrden. Ob das alles stabil genug ist f\u00fcr tobenden Kinder, hat der dann erst einmal selbst ausprobiert. Jetzt fehlten nur noch ein paar Kleinigkeiten zu einem Piratenschiff.\u00a0 Das wichtigste war zun\u00e4chst ein Segel welches passend gen\u00e4ht wurde, auch ein Steuerrad am Mast musste unbedingt angebracht werden &#8211; das Schiff muss schlie\u00dflich lenkbar sein. Fender d\u00fcrfen nicht fehlen und eine Backskiste im Bug zum Verstauen des Segels und der Sandelsachen und nat\u00fcrlich ein Geheimversteck in der Kaj\u00fcte f\u00fcr den Klabautermann. Mein alter\u00a0 Verklicker\u00a0 kam auf die Mastspitze. Ein\u00a0 gro\u00dfes Sonnensegel sch\u00fctzt vor der Sonne.<\/p>\n<div id='gallery-1' class='gallery galleryid-9130 gallery-columns-4 gallery-size-thumbnail'><figure class='gallery-item'>\n\t\t\t<div class='gallery-icon landscape'>\n\t\t\t\t<a href='https:\/\/korsarger3500.de\/wp-content\/uploads\/2024\/08\/Piratenschiff_07.jpg'><img loading=\"lazy\" decoding=\"async\" width=\"150\" height=\"150\" src=\"https:\/\/korsarger3500.de\/wp-content\/uploads\/2024\/08\/Piratenschiff_07-150x150.jpg\" class=\"attachment-thumbnail size-thumbnail\" alt=\"ein alter Vollholz Korsar\" \/><\/a>\n\t\t\t<\/div><\/figure><figure class='gallery-item'>\n\t\t\t<div class='gallery-icon portrait'>\n\t\t\t\t<a href='https:\/\/korsarger3500.de\/wp-content\/uploads\/2024\/08\/Piratenschiff_10.jpg'><img loading=\"lazy\" decoding=\"async\" width=\"150\" height=\"150\" src=\"https:\/\/korsarger3500.de\/wp-content\/uploads\/2024\/08\/Piratenschiff_10-150x150.jpg\" class=\"attachment-thumbnail size-thumbnail\" alt=\"Deck schleifen\" \/><\/a>\n\t\t\t<\/div><\/figure><figure class='gallery-item'>\n\t\t\t<div class='gallery-icon portrait'>\n\t\t\t\t<a href='https:\/\/korsarger3500.de\/wp-content\/uploads\/2024\/08\/Piratenschiff_05.jpg'><img loading=\"lazy\" decoding=\"async\" width=\"150\" height=\"150\" src=\"https:\/\/korsarger3500.de\/wp-content\/uploads\/2024\/08\/Piratenschiff_05-150x150.jpg\" class=\"attachment-thumbnail size-thumbnail\" alt=\"wieder verleimen\" \/><\/a>\n\t\t\t<\/div><\/figure><figure class='gallery-item'>\n\t\t\t<div class='gallery-icon portrait'>\n\t\t\t\t<a href='https:\/\/korsarger3500.de\/wp-content\/uploads\/2024\/08\/Piratenschiff_22.jpg'><img loading=\"lazy\" decoding=\"async\" width=\"150\" height=\"150\" src=\"https:\/\/korsarger3500.de\/wp-content\/uploads\/2024\/08\/Piratenschiff_22-150x150.jpg\" class=\"attachment-thumbnail size-thumbnail\" alt=\"gro\u00dfe L\u00f6cher im Boden\" \/><\/a>\n\t\t\t<\/div><\/figure><figure class='gallery-item'>\n\t\t\t<div class='gallery-icon portrait'>\n\t\t\t\t<a href='https:\/\/korsarger3500.de\/wp-content\/uploads\/2024\/08\/Piratenschiff_26.jpg'><img loading=\"lazy\" decoding=\"async\" width=\"150\" height=\"150\" src=\"https:\/\/korsarger3500.de\/wp-content\/uploads\/2024\/08\/Piratenschiff_26-150x150.jpg\" class=\"attachment-thumbnail size-thumbnail\" alt=\"passt der Mast?\" \/><\/a>\n\t\t\t<\/div><\/figure><figure class='gallery-item'>\n\t\t\t<div class='gallery-icon landscape'>\n\t\t\t\t<a href='https:\/\/korsarger3500.de\/wp-content\/uploads\/2024\/08\/Piratenschiff_17.jpg'><img loading=\"lazy\" decoding=\"async\" width=\"150\" height=\"150\" src=\"https:\/\/korsarger3500.de\/wp-content\/uploads\/2024\/08\/Piratenschiff_17-150x150.jpg\" class=\"attachment-thumbnail size-thumbnail\" alt=\"Anprobe der Spielh\u00fctte\" \/><\/a>\n\t\t\t<\/div><\/figure><figure class='gallery-item'>\n\t\t\t<div class='gallery-icon landscape'>\n\t\t\t\t<a href='https:\/\/korsarger3500.de\/wp-content\/uploads\/2024\/08\/Piratenschiff_28.jpg'><img loading=\"lazy\" decoding=\"async\" width=\"150\" height=\"150\" src=\"https:\/\/korsarger3500.de\/wp-content\/uploads\/2024\/08\/Piratenschiff_28-150x150.jpg\" class=\"attachment-thumbnail size-thumbnail\" alt=\"da irgendwo solls hin\" \/><\/a>\n\t\t\t<\/div><\/figure><figure class='gallery-item'>\n\t\t\t<div class='gallery-icon landscape'>\n\t\t\t\t<a href='https:\/\/korsarger3500.de\/wp-content\/uploads\/2024\/08\/Piratenschiff_67.jpg'><img loading=\"lazy\" decoding=\"async\" width=\"150\" height=\"150\" src=\"https:\/\/korsarger3500.de\/wp-content\/uploads\/2024\/08\/Piratenschiff_67-150x150.jpg\" class=\"attachment-thumbnail size-thumbnail\" alt=\"Die Piraten kommen zur Begutachtung\" \/><\/a>\n\t\t\t<\/div><\/figure><figure class='gallery-item'>\n\t\t\t<div class='gallery-icon portrait'>\n\t\t\t\t<a href='https:\/\/korsarger3500.de\/wp-content\/uploads\/2024\/08\/Piratenschiff_21.jpg'><img loading=\"lazy\" decoding=\"async\" width=\"150\" height=\"150\" src=\"https:\/\/korsarger3500.de\/wp-content\/uploads\/2024\/08\/Piratenschiff_21-150x150.jpg\" class=\"attachment-thumbnail size-thumbnail\" alt=\"ein gerader Baumstamm wird gesch\u00e4lt\" \/><\/a>\n\t\t\t<\/div><\/figure><figure class='gallery-item'>\n\t\t\t<div class='gallery-icon portrait'>\n\t\t\t\t<a href='https:\/\/korsarger3500.de\/wp-content\/uploads\/2024\/08\/Piratenschiff_42.jpg'><img loading=\"lazy\" decoding=\"async\" width=\"150\" height=\"150\" src=\"https:\/\/korsarger3500.de\/wp-content\/uploads\/2024\/08\/Piratenschiff_42-150x150.jpg\" class=\"attachment-thumbnail size-thumbnail\" alt=\"Die Wanten werden vorbereitet\" \/><\/a>\n\t\t\t<\/div><\/figure><figure class='gallery-item'>\n\t\t\t<div class='gallery-icon portrait'>\n\t\t\t\t<a href='https:\/\/korsarger3500.de\/wp-content\/uploads\/2024\/08\/Piratenschiff_75.jpg'><img loading=\"lazy\" decoding=\"async\" width=\"150\" height=\"150\" src=\"https:\/\/korsarger3500.de\/wp-content\/uploads\/2024\/08\/Piratenschiff_75-150x150.jpg\" class=\"attachment-thumbnail size-thumbnail\" alt=\"Wantenbau\" \/><\/a>\n\t\t\t<\/div><\/figure><figure class='gallery-item'>\n\t\t\t<div class='gallery-icon portrait'>\n\t\t\t\t<a href='https:\/\/korsarger3500.de\/wp-content\/uploads\/2024\/08\/Piratenschiff_45.jpg'><img loading=\"lazy\" decoding=\"async\" width=\"150\" height=\"150\" src=\"https:\/\/korsarger3500.de\/wp-content\/uploads\/2024\/08\/Piratenschiff_45-150x150.jpg\" class=\"attachment-thumbnail size-thumbnail\" alt=\"Wantenbau\" \/><\/a>\n\t\t\t<\/div><\/figure><figure class='gallery-item'>\n\t\t\t<div class='gallery-icon portrait'>\n\t\t\t\t<a href='https:\/\/korsarger3500.de\/wp-content\/uploads\/2024\/08\/Piratenschiff_50.jpg'><img loading=\"lazy\" decoding=\"async\" width=\"150\" height=\"150\" src=\"https:\/\/korsarger3500.de\/wp-content\/uploads\/2024\/08\/Piratenschiff_50-150x150.jpg\" class=\"attachment-thumbnail size-thumbnail\" alt=\"Vogelperspektive\" \/><\/a>\n\t\t\t<\/div><\/figure><figure class='gallery-item'>\n\t\t\t<div class='gallery-icon landscape'>\n\t\t\t\t<a href='https:\/\/korsarger3500.de\/wp-content\/uploads\/2024\/08\/Piratenschiff_39.jpg'><img loading=\"lazy\" decoding=\"async\" width=\"150\" height=\"150\" src=\"https:\/\/korsarger3500.de\/wp-content\/uploads\/2024\/08\/Piratenschiff_39-150x150.jpg\" class=\"attachment-thumbnail size-thumbnail\" alt=\"St\u00fcck f\u00fcr St\u00fcck gehts voran\" \/><\/a>\n\t\t\t<\/div><\/figure><figure class='gallery-item'>\n\t\t\t<div class='gallery-icon landscape'>\n\t\t\t\t<a href='https:\/\/korsarger3500.de\/wp-content\/uploads\/2024\/08\/Piratenschiff_1.jpg'><img loading=\"lazy\" decoding=\"async\" width=\"150\" height=\"150\" src=\"https:\/\/korsarger3500.de\/wp-content\/uploads\/2024\/08\/Piratenschiff_1-150x150.jpg\" class=\"attachment-thumbnail size-thumbnail\" alt=\"fast fertig\" \/><\/a>\n\t\t\t<\/div><\/figure><figure class='gallery-item'>\n\t\t\t<div class='gallery-icon portrait'>\n\t\t\t\t<a href='https:\/\/korsarger3500.de\/wp-content\/uploads\/2024\/08\/Piratenschiff_33.jpg'><img loading=\"lazy\" decoding=\"async\" width=\"150\" height=\"150\" src=\"https:\/\/korsarger3500.de\/wp-content\/uploads\/2024\/08\/Piratenschiff_33-150x150.jpg\" class=\"attachment-thumbnail size-thumbnail\" alt=\"Heckt\u00fcr\" \/><\/a>\n\t\t\t<\/div><\/figure><figure class='gallery-item'>\n\t\t\t<div class='gallery-icon portrait'>\n\t\t\t\t<a href='https:\/\/korsarger3500.de\/wp-content\/uploads\/2024\/08\/Piratenschiff_D_5.jpg'><img loading=\"lazy\" decoding=\"async\" width=\"150\" height=\"150\" src=\"https:\/\/korsarger3500.de\/wp-content\/uploads\/2024\/08\/Piratenschiff_D_5-150x150.jpg\" class=\"attachment-thumbnail size-thumbnail\" alt=\"T\u00fcrklinke\" \/><\/a>\n\t\t\t<\/div><\/figure><figure class='gallery-item'>\n\t\t\t<div class='gallery-icon landscape'>\n\t\t\t\t<a href='https:\/\/korsarger3500.de\/wp-content\/uploads\/2024\/08\/Piratenschiff_D_7.jpg'><img loading=\"lazy\" decoding=\"async\" width=\"150\" height=\"150\" src=\"https:\/\/korsarger3500.de\/wp-content\/uploads\/2024\/08\/Piratenschiff_D_7-150x150.jpg\" class=\"attachment-thumbnail size-thumbnail\" alt=\"vordere T\u00fcr\" \/><\/a>\n\t\t\t<\/div><\/figure><figure class='gallery-item'>\n\t\t\t<div class='gallery-icon portrait'>\n\t\t\t\t<a href='https:\/\/korsarger3500.de\/wp-content\/uploads\/2024\/08\/Piratenschiff_D_6.jpg'><img loading=\"lazy\" decoding=\"async\" width=\"150\" height=\"150\" src=\"https:\/\/korsarger3500.de\/wp-content\/uploads\/2024\/08\/Piratenschiff_D_6-150x150.jpg\" class=\"attachment-thumbnail size-thumbnail\" alt=\"Fensterschloss\" \/><\/a>\n\t\t\t<\/div><\/figure><figure class='gallery-item'>\n\t\t\t<div class='gallery-icon portrait'>\n\t\t\t\t<a href='https:\/\/korsarger3500.de\/wp-content\/uploads\/2024\/08\/Piratenschiff_D_1.jpg'><img loading=\"lazy\" decoding=\"async\" width=\"150\" height=\"150\" src=\"https:\/\/korsarger3500.de\/wp-content\/uploads\/2024\/08\/Piratenschiff_D_1-150x150.jpg\" class=\"attachment-thumbnail size-thumbnail\" alt=\"Klappl\u00e4denbefestigung\" \/><\/a>\n\t\t\t<\/div><\/figure><figure class='gallery-item'>\n\t\t\t<div class='gallery-icon portrait'>\n\t\t\t\t<a href='https:\/\/korsarger3500.de\/wp-content\/uploads\/2024\/08\/Piratenschiff_D_4.jpg'><img loading=\"lazy\" decoding=\"async\" width=\"150\" height=\"150\" src=\"https:\/\/korsarger3500.de\/wp-content\/uploads\/2024\/08\/Piratenschiff_D_4-150x150.jpg\" class=\"attachment-thumbnail size-thumbnail\" alt=\"Klampen aus Holz\" \/><\/a>\n\t\t\t<\/div><\/figure><figure class='gallery-item'>\n\t\t\t<div class='gallery-icon landscape'>\n\t\t\t\t<a href='https:\/\/korsarger3500.de\/wp-content\/uploads\/2024\/08\/Piratenschiff_D_2.jpg'><img loading=\"lazy\" decoding=\"async\" width=\"150\" height=\"150\" src=\"https:\/\/korsarger3500.de\/wp-content\/uploads\/2024\/08\/Piratenschiff_D_2-150x150.jpg\" class=\"attachment-thumbnail size-thumbnail\" alt=\"Klabautermann Versteck\" \/><\/a>\n\t\t\t<\/div><\/figure><figure class='gallery-item'>\n\t\t\t<div class='gallery-icon portrait'>\n\t\t\t\t<a href='https:\/\/korsarger3500.de\/wp-content\/uploads\/2024\/08\/Piratenschiff_D_3.jpg'><img loading=\"lazy\" decoding=\"async\" width=\"150\" height=\"150\" src=\"https:\/\/korsarger3500.de\/wp-content\/uploads\/2024\/08\/Piratenschiff_D_3-150x150.jpg\" class=\"attachment-thumbnail size-thumbnail\" alt=\"Ein Steuerrad musste sein\" \/><\/a>\n\t\t\t<\/div><\/figure><figure class='gallery-item'>\n\t\t\t<div class='gallery-icon portrait'>\n\t\t\t\t<a href='https:\/\/korsarger3500.de\/wp-content\/uploads\/2025\/04\/Die_Piraten_Crew_.jpg'><img loading=\"lazy\" decoding=\"async\" width=\"150\" height=\"150\" src=\"https:\/\/korsarger3500.de\/wp-content\/uploads\/2025\/04\/Die_Piraten_Crew_-150x150.jpg\" class=\"attachment-thumbnail size-thumbnail\" alt=\"\" \/><\/a>\n\t\t\t<\/div><\/figure>\n\t\t<\/div>\n\n<p style=\"text-align: justify;\">Und zu guter Letzt der Verschlussmechanismus der Kaj\u00fcten T\u00fcr, der zeigt, dass dies ein richtiges Piratenschiffes ist.<\/p>\n<p style=\"text-align: justify;\">Die Piratencrew hat das Schiff gekapert und Ihre Flagge gesetzt.<\/p>\n","protected":false},"excerpt":{"rendered":"<p>Opa &#8222;Ich w\u00fcnsch mir ein Piratenschiff&#8220; sagte Skippers Enkel im Winter zu ihm als die beiden nach einem Sandkasten f\u00fcr den Garten googelten. Was dieser Satz f\u00fcr Auswirkungen haben sollte, zeigte sich im Laufe der n\u00e4chsten Monate. F\u00fcr mich fing die Geschichten so an&#8230; Was macht ein anderer Korsar denn pl\u00f6tzlich da in unserm Hof?\u00a0 &hellip; <a href=\"https:\/\/korsarger3500.de\/index.php\/das-piratenschiff\/\" class=\"more-link\"><span class=\"screen-reader-text\">Das Piratenschiff<\/span> weiterlesen<\/a><\/p>\n","protected":false},"author":1,"featured_media":0,"parent":0,"menu_order":0,"comment_status":"closed","ping_status":"closed","template":"","meta":{"footnotes":""},"class_list":["post-9130","page","type-page","status-publish","hentry"],"_links":{"self":[{"href":"https:\/\/korsarger3500.de\/index.php\/wp-json\/wp\/v2\/pages\/9130","targetHints":{"allow":["GET"]}}],"collection":[{"href":"https:\/\/korsarger3500.de\/index.php\/wp-json\/wp\/v2\/pages"}],"about":[{"href":"https:\/\/korsarger3500.de\/index.php\/wp-json\/wp\/v2\/types\/page"}],"author":[{"embeddable":true,"href":"https:\/\/korsarger3500.de\/index.php\/wp-json\/wp\/v2\/users\/1"}],"replies":[{"embeddable":true,"href":"https:\/\/korsarger3500.de\/index.php\/wp-json\/wp\/v2\/comments?post=9130"}],"version-history":[{"count":22,"href":"https:\/\/korsarger3500.de\/index.php\/wp-json\/wp\/v2\/pages\/9130\/revisions"}],"predecessor-version":[{"id":9251,"href":"https:\/\/korsarger3500.de\/index.php\/wp-json\/wp\/v2\/pages\/9130\/revisions\/9251"}],"wp:attachment":[{"href":"https:\/\/korsarger3500.de\/index.php\/wp-json\/wp\/v2\/media?parent=9130"}],"curies":[{"name":"wp","href":"https:\/\/api.w.org\/{rel}","templated":true}]}}