{"id":9057,"date":"2025-11-17T13:18:34","date_gmt":"2025-11-17T12:18:34","guid":{"rendered":"https:\/\/korsarger3500.de\/?page_id=9057"},"modified":"2025-11-17T13:45:39","modified_gmt":"2025-11-17T12:45:39","slug":"training-beim-scgn-2024","status":"publish","type":"page","link":"https:\/\/korsarger3500.de\/index.php\/training-beim-scgn-2024\/","title":{"rendered":"Training beim SCGN 2024"},"content":{"rendered":"<p style=\"text-align: justify;\" data-wp-editing=\"1\"><a href=\"https:\/\/korsarger3500.de\/wp-content\/uploads\/2025\/11\/GN_Training_2024_1.jpg\" data-lbwps-width=\"709\" data-lbwps-height=\"1260\" data-lbwps-srcsmall=\"https:\/\/korsarger3500.de\/wp-content\/uploads\/2025\/11\/GN_Training_2024_1-169x300.jpg\"><img loading=\"lazy\" decoding=\"async\" class=\"alignleft wp-image-9531 size-thumbnail\" src=\"https:\/\/korsarger3500.de\/wp-content\/uploads\/2025\/11\/GN_Training_2024_1-150x150.jpg\" alt=\"\" width=\"150\" height=\"150\" \/><\/a>Beim Training in Graben Neudorf waren wir 13 Schiffe. Eins kam sogar aus Berlin angereist. Samstag Morgens um 10 Uhr ging es mit einem Theorieteil los. Peter brachte Alten und Jungen sowie Erfahrenen und Anf\u00e4ngern die Theorie des Korsaren Trimms n\u00e4her. Auch die K-Stellung des Steuermannes auf der Vorwindstrecke zeigte er eindrucksvoll.<\/p>\n<div id='gallery-1' class='gallery galleryid-9057 gallery-columns-4 gallery-size-thumbnail'><figure class='gallery-item'>\n\t\t\t<div class='gallery-icon landscape'>\n\t\t\t\t<a href='https:\/\/korsarger3500.de\/wp-content\/uploads\/2025\/11\/GN_Training_2024_35.jpg'><img loading=\"lazy\" decoding=\"async\" width=\"150\" height=\"150\" src=\"https:\/\/korsarger3500.de\/wp-content\/uploads\/2025\/11\/GN_Training_2024_35-150x150.jpg\" class=\"attachment-thumbnail size-thumbnail\" alt=\"\" \/><\/a>\n\t\t\t<\/div><\/figure><figure class='gallery-item'>\n\t\t\t<div class='gallery-icon landscape'>\n\t\t\t\t<a href='https:\/\/korsarger3500.de\/wp-content\/uploads\/2025\/11\/GN_Training_2024_37.jpg'><img loading=\"lazy\" decoding=\"async\" width=\"150\" height=\"150\" src=\"https:\/\/korsarger3500.de\/wp-content\/uploads\/2025\/11\/GN_Training_2024_37-150x150.jpg\" class=\"attachment-thumbnail size-thumbnail\" alt=\"\" \/><\/a>\n\t\t\t<\/div><\/figure><figure class='gallery-item'>\n\t\t\t<div class='gallery-icon portrait'>\n\t\t\t\t<a href='https:\/\/korsarger3500.de\/wp-content\/uploads\/2025\/11\/GN_Training_2024_30.jpg'><img loading=\"lazy\" decoding=\"async\" width=\"150\" height=\"150\" src=\"https:\/\/korsarger3500.de\/wp-content\/uploads\/2025\/11\/GN_Training_2024_30-150x150.jpg\" class=\"attachment-thumbnail size-thumbnail\" alt=\"\" \/><\/a>\n\t\t\t<\/div><\/figure><figure class='gallery-item'>\n\t\t\t<div class='gallery-icon portrait'>\n\t\t\t\t<a href='https:\/\/korsarger3500.de\/wp-content\/uploads\/2025\/11\/GN_Training_2024_28.jpg'><img loading=\"lazy\" decoding=\"async\" width=\"150\" height=\"150\" src=\"https:\/\/korsarger3500.de\/wp-content\/uploads\/2025\/11\/GN_Training_2024_28-150x150.jpg\" class=\"attachment-thumbnail size-thumbnail\" alt=\"\" \/><\/a>\n\t\t\t<\/div><\/figure><figure class='gallery-item'>\n\t\t\t<div class='gallery-icon landscape'>\n\t\t\t\t<a href='https:\/\/korsarger3500.de\/wp-content\/uploads\/2025\/11\/GN_Training_2024_32.jpg'><img loading=\"lazy\" decoding=\"async\" width=\"150\" height=\"150\" src=\"https:\/\/korsarger3500.de\/wp-content\/uploads\/2025\/11\/GN_Training_2024_32-150x150.jpg\" class=\"attachment-thumbnail size-thumbnail\" alt=\"\" \/><\/a>\n\t\t\t<\/div><\/figure><figure class='gallery-item'>\n\t\t\t<div class='gallery-icon landscape'>\n\t\t\t\t<a href='https:\/\/korsarger3500.de\/wp-content\/uploads\/2025\/11\/GN_Training_2024_33.jpg'><img loading=\"lazy\" decoding=\"async\" width=\"150\" height=\"150\" src=\"https:\/\/korsarger3500.de\/wp-content\/uploads\/2025\/11\/GN_Training_2024_33-150x150.jpg\" class=\"attachment-thumbnail size-thumbnail\" alt=\"\" \/><\/a>\n\t\t\t<\/div><\/figure><figure class='gallery-item'>\n\t\t\t<div class='gallery-icon landscape'>\n\t\t\t\t<a href='https:\/\/korsarger3500.de\/wp-content\/uploads\/2025\/11\/GN_Training_2024_39.jpg'><img loading=\"lazy\" decoding=\"async\" width=\"150\" height=\"150\" src=\"https:\/\/korsarger3500.de\/wp-content\/uploads\/2025\/11\/GN_Training_2024_39-150x150.jpg\" class=\"attachment-thumbnail size-thumbnail\" alt=\"\" \/><\/a>\n\t\t\t<\/div><\/figure><figure class='gallery-item'>\n\t\t\t<div class='gallery-icon landscape'>\n\t\t\t\t<a href='https:\/\/korsarger3500.de\/wp-content\/uploads\/2025\/11\/GN_Training_2024_38.jpg'><img loading=\"lazy\" decoding=\"async\" width=\"150\" height=\"150\" src=\"https:\/\/korsarger3500.de\/wp-content\/uploads\/2025\/11\/GN_Training_2024_38-150x150.jpg\" class=\"attachment-thumbnail size-thumbnail\" alt=\"\" \/><\/a>\n\t\t\t<\/div><\/figure>\n\t\t<\/div>\n\n<p style=\"text-align: justify;\" data-wp-editing=\"1\">Anschlie\u00dfend sind wir alle auf das Wasser und drehten dort flei\u00dfig Runde um Runde um zwei gelegte Bojen. Peter sauste mit dem Mobo hinter jedem her und korrigierte Trimm und Haltung der Mannschaften. Nur bei mir lies er sich nicht blicken. Dann gings weiter mit kleinen Up\/Down Runden. Irgendwann kam er dann doch mal bei uns vorbei und meinte nur &#8222;Ihr fahrts so shee i hop gor nix zu mecker&#8220;.<a href=\"https:\/\/korsarger3500.de\/wp-content\/uploads\/2025\/11\/GN_Training_2024_3.jpg\" data-lbwps-width=\"945\" data-lbwps-height=\"1260\" data-lbwps-srcsmall=\"https:\/\/korsarger3500.de\/wp-content\/uploads\/2025\/11\/GN_Training_2024_3-225x300.jpg\"><img loading=\"lazy\" decoding=\"async\" class=\"alignleft wp-image-9533 size-thumbnail\" src=\"https:\/\/korsarger3500.de\/wp-content\/uploads\/2025\/11\/GN_Training_2024_3-150x150.jpg\" alt=\"\" width=\"150\" height=\"150\" \/><\/a> Hat sich also gelohnt, dass ich mich angestrengt hatte.\u00a0 Abends, nachdem wir Schiffe eingepackt waren, gab es dann noch 2 Stunden Theorie und Tipps zum Trimm. Sonntags sind wir dann nochmals bis zum Mittag auf dem Wasser gewesen und haben flei\u00dfig ge\u00fcbt. Danach wurde abgeriggt und die Heimfahrt angetreten.<\/p>\n<div id='gallery-2' class='gallery galleryid-9057 gallery-columns-4 gallery-size-thumbnail'><figure class='gallery-item'>\n\t\t\t<div class='gallery-icon portrait'>\n\t\t\t\t<a href='https:\/\/korsarger3500.de\/wp-content\/uploads\/2025\/11\/GN_Training_2024_15.jpg'><img loading=\"lazy\" decoding=\"async\" width=\"150\" height=\"150\" src=\"https:\/\/korsarger3500.de\/wp-content\/uploads\/2025\/11\/GN_Training_2024_15-150x150.jpg\" class=\"attachment-thumbnail size-thumbnail\" alt=\"\" \/><\/a>\n\t\t\t<\/div><\/figure><figure class='gallery-item'>\n\t\t\t<div class='gallery-icon portrait'>\n\t\t\t\t<a href='https:\/\/korsarger3500.de\/wp-content\/uploads\/2025\/11\/GN_Training_2024_13.jpg'><img loading=\"lazy\" decoding=\"async\" width=\"150\" height=\"150\" src=\"https:\/\/korsarger3500.de\/wp-content\/uploads\/2025\/11\/GN_Training_2024_13-150x150.jpg\" class=\"attachment-thumbnail size-thumbnail\" alt=\"\" \/><\/a>\n\t\t\t<\/div><\/figure><figure class='gallery-item'>\n\t\t\t<div class='gallery-icon portrait'>\n\t\t\t\t<a href='https:\/\/korsarger3500.de\/wp-content\/uploads\/2025\/11\/GN_Training_2024_12.jpg'><img loading=\"lazy\" decoding=\"async\" width=\"150\" height=\"150\" src=\"https:\/\/korsarger3500.de\/wp-content\/uploads\/2025\/11\/GN_Training_2024_12-150x150.jpg\" class=\"attachment-thumbnail size-thumbnail\" alt=\"\" \/><\/a>\n\t\t\t<\/div><\/figure><figure class='gallery-item'>\n\t\t\t<div class='gallery-icon landscape'>\n\t\t\t\t<a href='https:\/\/korsarger3500.de\/wp-content\/uploads\/2025\/11\/GN_Training_2024_9.jpg'><img loading=\"lazy\" decoding=\"async\" width=\"150\" height=\"150\" src=\"https:\/\/korsarger3500.de\/wp-content\/uploads\/2025\/11\/GN_Training_2024_9-150x150.jpg\" class=\"attachment-thumbnail size-thumbnail\" alt=\"\" \/><\/a>\n\t\t\t<\/div><\/figure><figure class='gallery-item'>\n\t\t\t<div class='gallery-icon portrait'>\n\t\t\t\t<a href='https:\/\/korsarger3500.de\/wp-content\/uploads\/2025\/11\/GN_Training_2024_8.jpg'><img loading=\"lazy\" decoding=\"async\" width=\"150\" height=\"150\" src=\"https:\/\/korsarger3500.de\/wp-content\/uploads\/2025\/11\/GN_Training_2024_8-150x150.jpg\" class=\"attachment-thumbnail size-thumbnail\" alt=\"\" \/><\/a>\n\t\t\t<\/div><\/figure><figure class='gallery-item'>\n\t\t\t<div class='gallery-icon portrait'>\n\t\t\t\t<a href='https:\/\/korsarger3500.de\/wp-content\/uploads\/2025\/11\/GN_Training_2024_7.jpg'><img loading=\"lazy\" decoding=\"async\" width=\"150\" height=\"150\" src=\"https:\/\/korsarger3500.de\/wp-content\/uploads\/2025\/11\/GN_Training_2024_7-150x150.jpg\" class=\"attachment-thumbnail size-thumbnail\" alt=\"\" \/><\/a>\n\t\t\t<\/div><\/figure><figure class='gallery-item'>\n\t\t\t<div class='gallery-icon portrait'>\n\t\t\t\t<a href='https:\/\/korsarger3500.de\/wp-content\/uploads\/2025\/11\/GN_Training_2024_6.jpg'><img loading=\"lazy\" decoding=\"async\" width=\"150\" height=\"150\" src=\"https:\/\/korsarger3500.de\/wp-content\/uploads\/2025\/11\/GN_Training_2024_6-150x150.jpg\" class=\"attachment-thumbnail size-thumbnail\" alt=\"\" \/><\/a>\n\t\t\t<\/div><\/figure><figure class='gallery-item'>\n\t\t\t<div class='gallery-icon portrait'>\n\t\t\t\t<a href='https:\/\/korsarger3500.de\/wp-content\/uploads\/2025\/11\/GN_Training_2024_5.jpg'><img loading=\"lazy\" decoding=\"async\" width=\"150\" height=\"150\" src=\"https:\/\/korsarger3500.de\/wp-content\/uploads\/2025\/11\/GN_Training_2024_5-150x150.jpg\" class=\"attachment-thumbnail size-thumbnail\" alt=\"\" \/><\/a>\n\t\t\t<\/div><\/figure>\n\t\t<\/div>\n\n<p>F\u00fcr alle gabs dann noch die Peter Korsaren-Trimmtabelle<\/p>\n<p><a href=\"https:\/\/korsarger3500.de\/wp-content\/uploads\/2025\/11\/GN_Training_2024_2.jpg\" data-lbwps-width=\"1680\" data-lbwps-height=\"1260\" data-lbwps-srcsmall=\"https:\/\/korsarger3500.de\/wp-content\/uploads\/2025\/11\/GN_Training_2024_2-300x225.jpg\"><img loading=\"lazy\" decoding=\"async\" class=\"wp-image-9532 size-medium alignnone\" src=\"https:\/\/korsarger3500.de\/wp-content\/uploads\/2025\/11\/GN_Training_2024_2-300x225.jpg\" alt=\"\" width=\"300\" height=\"225\" srcset=\"https:\/\/korsarger3500.de\/wp-content\/uploads\/2025\/11\/GN_Training_2024_2-300x225.jpg 300w, https:\/\/korsarger3500.de\/wp-content\/uploads\/2025\/11\/GN_Training_2024_2-1024x768.jpg 1024w, https:\/\/korsarger3500.de\/wp-content\/uploads\/2025\/11\/GN_Training_2024_2-768x576.jpg 768w, https:\/\/korsarger3500.de\/wp-content\/uploads\/2025\/11\/GN_Training_2024_2-1536x1152.jpg 1536w, https:\/\/korsarger3500.de\/wp-content\/uploads\/2025\/11\/GN_Training_2024_2.jpg 1680w\" sizes=\"auto, (max-width: 300px) 100vw, 300px\" \/><\/a><\/p>\n<p>ah- so gewonnen haben alle an Erfahrung, wenn sie aufgepasst haben.<\/p>\n<p><a href=\"https:\/\/korsarger3500.de\/index.php\/fruehjahrestreffen-in-inheiden-2024\/\">weiter<\/a> \u2026oder zur\u00a0<a href=\"http:\/\/korsarger3500.de\/\">Startseite<\/a><\/p>\n<p>&nbsp;<\/p>\n<p>&nbsp;<\/p>\n<p>&nbsp;<\/p>\n<p>&nbsp;<\/p>\n","protected":false},"excerpt":{"rendered":"<p>Beim Training in Graben Neudorf waren wir 13 Schiffe. Eins kam sogar aus Berlin angereist. Samstag Morgens um 10 Uhr ging es mit einem Theorieteil los. Peter brachte Alten und Jungen sowie Erfahrenen und Anf\u00e4ngern die Theorie des Korsaren Trimms n\u00e4her. Auch die K-Stellung des Steuermannes auf der Vorwindstrecke zeigte er eindrucksvoll. Anschlie\u00dfend sind wir &hellip; <a href=\"https:\/\/korsarger3500.de\/index.php\/training-beim-scgn-2024\/\" class=\"more-link\"><span class=\"screen-reader-text\">Training beim SCGN 2024<\/span> weiterlesen<\/a><\/p>\n","protected":false},"author":1,"featured_media":0,"parent":0,"menu_order":0,"comment_status":"closed","ping_status":"closed","template":"","meta":{"footnotes":""},"class_list":["post-9057","page","type-page","status-publish","hentry"],"_links":{"self":[{"href":"https:\/\/korsarger3500.de\/index.php\/wp-json\/wp\/v2\/pages\/9057","targetHints":{"allow":["GET"]}}],"collection":[{"href":"https:\/\/korsarger3500.de\/index.php\/wp-json\/wp\/v2\/pages"}],"about":[{"href":"https:\/\/korsarger3500.de\/index.php\/wp-json\/wp\/v2\/types\/page"}],"author":[{"embeddable":true,"href":"https:\/\/korsarger3500.de\/index.php\/wp-json\/wp\/v2\/users\/1"}],"replies":[{"embeddable":true,"href":"https:\/\/korsarger3500.de\/index.php\/wp-json\/wp\/v2\/comments?post=9057"}],"version-history":[{"count":13,"href":"https:\/\/korsarger3500.de\/index.php\/wp-json\/wp\/v2\/pages\/9057\/revisions"}],"predecessor-version":[{"id":9805,"href":"https:\/\/korsarger3500.de\/index.php\/wp-json\/wp\/v2\/pages\/9057\/revisions\/9805"}],"wp:attachment":[{"href":"https:\/\/korsarger3500.de\/index.php\/wp-json\/wp\/v2\/media?parent=9057"}],"curies":[{"name":"wp","href":"https:\/\/api.w.org\/{rel}","templated":true}]}}