{"id":8238,"date":"2023-05-18T02:07:25","date_gmt":"2023-05-18T00:07:25","guid":{"rendered":"https:\/\/korsarger3500.de\/?page_id=8238"},"modified":"2023-05-18T19:21:14","modified_gmt":"2023-05-18T17:21:14","slug":"training-am-goldkanal-beim-rcr-2023","status":"publish","type":"page","link":"https:\/\/korsarger3500.de\/index.php\/training-am-goldkanal-beim-rcr-2023\/","title":{"rendered":"Training beim RCR 2023"},"content":{"rendered":"<p style=\"text-align: justify;\">Mein Gespann hat frischen T\u00dcV und ich bin bestens in Schuss. Der Weg zum Goldkanal ist der Crew bekannt, so sind wir ohne jede Hektik Samstags\u00a0 Morgens gem\u00fctlich zum RCR ged\u00fcst und dort auch zeitig angekommen. Die Organisation hatte der Skipper von <em>BeGeHenni \u00fcbernommen,<\/em> der auch der neue\u00a0 Flotti der S\u00fcdwest Korsare ist. Da die Crews sich \u00fcber Winter nicht getroffen hatten, dauerte die Begr\u00fc\u00dfungsrunde etwas l\u00e4nger. Schlie\u00dflich wurde ich aufgebaut und die Crew stellte fest, dass der eine oder andere Handgriff wohl doch etwas verlernt war und neu einge\u00fcbt werden musste. Trotzdem war ich p\u00fcnktlich zur Steuermannsbesprechung aufgeriggt. Die Trainer Crew bestand dieses Mal aus <em>JoeCool&#8217;s <\/em>Skipperin. Das Training wurde also von Theresa geleitet und zwar am Samstag komplett alleine. Um es vorweg zu nehmen, sie hat das Training moderiert, die Tonnen gesetzt, die Startprozeduren durchgef\u00fchrt und zwischenzeitig auch noch Anweisungen und Tipps gegeben. Ich war begeistert! Es gab Start\u00fcbungen und verschiedene kurze Kurse, die abgesegelt werden mussten. Dadurch konnten die Crew jede Menge Man\u00f6ver \u00fcben. Es zeigte sich, dass bei mir alles tadellos in Ordnung ist, die Crew jedoch muskelm\u00e4\u00dfig einige Defizite hat. Der Muskelkater am n\u00e4chsten Tag zeigte dies. Der Wind war m\u00e4\u00dfig, legte aber doch das eine oder andere Boot mal auf die Seite. Nach ca. 4 Stunden kamen dann alle runter vom Wasser und bald darauf wurde der Grill angez\u00fcndet. Die Crews tauschten Ihre Erfahrungen des Tages beim Grillen und Beisammensein aus und lie\u00dfen dann den Abend gem\u00fctlich ausklingen. Am n\u00e4chsten Morgen war wenig Wind, zeitweise auch sehr wenig. Trotzdem sind noch 7 Schiffe aufs Wasser und haben 3 Stunden bei Leichtwind mit und gegeneinander ge\u00fcbt. Dann wurden alle geslippt, abgeriggt und verpackt. Nachdem s\u00e4mtlicher Kuchen gegessen und auch der Kaffee getrunken war, brachen wir auf und d\u00fcsten wieder nach Hause. Ich bin ziemlich sicher, dass dies\u00a0 nicht das letzte Training bei RCR gewesen sein wird. Die n\u00e4chste Regatta l\u00e4sst auch nicht lange auf sich warten, am kommenden Wochenende ist Fr\u00fchjahrstreffen in Inheiden und da wollen wir schlie\u00dflich hin.<\/p>\n<p>Hier noch ein paar Bilder vom Wochenende.<\/p>\n<div id='gallery-1' class='gallery galleryid-8238 gallery-columns-4 gallery-size-thumbnail'><figure class='gallery-item'>\n\t\t\t<div class='gallery-icon landscape'>\n\t\t\t\t<a href='https:\/\/korsarger3500.de\/wp-content\/uploads\/2023\/05\/Training_RCR_2023_12.jpg'><img loading=\"lazy\" decoding=\"async\" width=\"150\" height=\"150\" src=\"https:\/\/korsarger3500.de\/wp-content\/uploads\/2023\/05\/Training_RCR_2023_12-150x150.jpg\" class=\"attachment-thumbnail size-thumbnail\" alt=\"\" \/><\/a>\n\t\t\t<\/div><\/figure><figure class='gallery-item'>\n\t\t\t<div class='gallery-icon landscape'>\n\t\t\t\t<a href='https:\/\/korsarger3500.de\/wp-content\/uploads\/2023\/05\/Training_RCR_2023_09.jpg'><img loading=\"lazy\" decoding=\"async\" width=\"150\" height=\"150\" src=\"https:\/\/korsarger3500.de\/wp-content\/uploads\/2023\/05\/Training_RCR_2023_09-150x150.jpg\" class=\"attachment-thumbnail size-thumbnail\" alt=\"\" \/><\/a>\n\t\t\t<\/div><\/figure><figure class='gallery-item'>\n\t\t\t<div class='gallery-icon landscape'>\n\t\t\t\t<a href='https:\/\/korsarger3500.de\/wp-content\/uploads\/2023\/05\/Training_RCR_2023_11.jpg'><img loading=\"lazy\" decoding=\"async\" width=\"150\" height=\"150\" src=\"https:\/\/korsarger3500.de\/wp-content\/uploads\/2023\/05\/Training_RCR_2023_11-150x150.jpg\" class=\"attachment-thumbnail size-thumbnail\" alt=\"\" \/><\/a>\n\t\t\t<\/div><\/figure><figure class='gallery-item'>\n\t\t\t<div class='gallery-icon landscape'>\n\t\t\t\t<a href='https:\/\/korsarger3500.de\/wp-content\/uploads\/2023\/05\/Training_RCR_2023_10.jpg'><img loading=\"lazy\" decoding=\"async\" width=\"150\" height=\"150\" src=\"https:\/\/korsarger3500.de\/wp-content\/uploads\/2023\/05\/Training_RCR_2023_10-150x150.jpg\" class=\"attachment-thumbnail size-thumbnail\" alt=\"\" \/><\/a>\n\t\t\t<\/div><\/figure><figure class='gallery-item'>\n\t\t\t<div class='gallery-icon landscape'>\n\t\t\t\t<a href='https:\/\/korsarger3500.de\/wp-content\/uploads\/2023\/05\/Training_RCR_2023_29.jpg'><img loading=\"lazy\" decoding=\"async\" width=\"150\" height=\"150\" src=\"https:\/\/korsarger3500.de\/wp-content\/uploads\/2023\/05\/Training_RCR_2023_29-150x150.jpg\" class=\"attachment-thumbnail size-thumbnail\" alt=\"\" \/><\/a>\n\t\t\t<\/div><\/figure><figure class='gallery-item'>\n\t\t\t<div class='gallery-icon landscape'>\n\t\t\t\t<a href='https:\/\/korsarger3500.de\/wp-content\/uploads\/2023\/05\/Training_RCR_2023_01.jpg'><img loading=\"lazy\" decoding=\"async\" width=\"150\" height=\"150\" src=\"https:\/\/korsarger3500.de\/wp-content\/uploads\/2023\/05\/Training_RCR_2023_01-150x150.jpg\" class=\"attachment-thumbnail size-thumbnail\" alt=\"\" \/><\/a>\n\t\t\t<\/div><\/figure><figure class='gallery-item'>\n\t\t\t<div class='gallery-icon landscape'>\n\t\t\t\t<a href='https:\/\/korsarger3500.de\/wp-content\/uploads\/2023\/05\/Training_RCR_2023_36.jpg'><img loading=\"lazy\" decoding=\"async\" width=\"150\" height=\"150\" src=\"https:\/\/korsarger3500.de\/wp-content\/uploads\/2023\/05\/Training_RCR_2023_36-150x150.jpg\" class=\"attachment-thumbnail size-thumbnail\" alt=\"\" \/><\/a>\n\t\t\t<\/div><\/figure><figure class='gallery-item'>\n\t\t\t<div class='gallery-icon portrait'>\n\t\t\t\t<a href='https:\/\/korsarger3500.de\/wp-content\/uploads\/2023\/05\/Training_RCR_2023_25.jpg'><img loading=\"lazy\" decoding=\"async\" width=\"150\" height=\"150\" src=\"https:\/\/korsarger3500.de\/wp-content\/uploads\/2023\/05\/Training_RCR_2023_25-150x150.jpg\" class=\"attachment-thumbnail size-thumbnail\" alt=\"\" \/><\/a>\n\t\t\t<\/div><\/figure><figure class='gallery-item'>\n\t\t\t<div class='gallery-icon landscape'>\n\t\t\t\t<a href='https:\/\/korsarger3500.de\/wp-content\/uploads\/2023\/05\/Training_RCR_2023_07.jpg'><img loading=\"lazy\" decoding=\"async\" width=\"150\" height=\"150\" src=\"https:\/\/korsarger3500.de\/wp-content\/uploads\/2023\/05\/Training_RCR_2023_07-150x150.jpg\" class=\"attachment-thumbnail size-thumbnail\" alt=\"\" \/><\/a>\n\t\t\t<\/div><\/figure><figure class='gallery-item'>\n\t\t\t<div class='gallery-icon portrait'>\n\t\t\t\t<a href='https:\/\/korsarger3500.de\/wp-content\/uploads\/2023\/05\/Training_RCR_2023_40.jpg'><img loading=\"lazy\" decoding=\"async\" width=\"150\" height=\"150\" src=\"https:\/\/korsarger3500.de\/wp-content\/uploads\/2023\/05\/Training_RCR_2023_40-150x150.jpg\" class=\"attachment-thumbnail size-thumbnail\" alt=\"\" \/><\/a>\n\t\t\t<\/div><\/figure><figure class='gallery-item'>\n\t\t\t<div class='gallery-icon landscape'>\n\t\t\t\t<a href='https:\/\/korsarger3500.de\/wp-content\/uploads\/2023\/05\/Training_RCR_2023_04.jpg'><img loading=\"lazy\" decoding=\"async\" width=\"150\" height=\"150\" src=\"https:\/\/korsarger3500.de\/wp-content\/uploads\/2023\/05\/Training_RCR_2023_04-150x150.jpg\" class=\"attachment-thumbnail size-thumbnail\" alt=\"\" \/><\/a>\n\t\t\t<\/div><\/figure><figure class='gallery-item'>\n\t\t\t<div class='gallery-icon landscape'>\n\t\t\t\t<a href='https:\/\/korsarger3500.de\/wp-content\/uploads\/2023\/05\/Training_RCR_2023_33.jpg'><img loading=\"lazy\" decoding=\"async\" width=\"150\" height=\"150\" src=\"https:\/\/korsarger3500.de\/wp-content\/uploads\/2023\/05\/Training_RCR_2023_33-150x150.jpg\" class=\"attachment-thumbnail size-thumbnail\" alt=\"\" \/><\/a>\n\t\t\t<\/div><\/figure><figure class='gallery-item'>\n\t\t\t<div class='gallery-icon landscape'>\n\t\t\t\t<a href='https:\/\/korsarger3500.de\/wp-content\/uploads\/2023\/05\/Training_RCR_2023_17.jpg'><img loading=\"lazy\" decoding=\"async\" width=\"150\" height=\"150\" src=\"https:\/\/korsarger3500.de\/wp-content\/uploads\/2023\/05\/Training_RCR_2023_17-150x150.jpg\" class=\"attachment-thumbnail size-thumbnail\" alt=\"\" \/><\/a>\n\t\t\t<\/div><\/figure><figure class='gallery-item'>\n\t\t\t<div class='gallery-icon landscape'>\n\t\t\t\t<a href='https:\/\/korsarger3500.de\/wp-content\/uploads\/2023\/05\/Training_RCR_2023_05.jpg'><img loading=\"lazy\" decoding=\"async\" width=\"150\" height=\"150\" src=\"https:\/\/korsarger3500.de\/wp-content\/uploads\/2023\/05\/Training_RCR_2023_05-150x150.jpg\" class=\"attachment-thumbnail size-thumbnail\" alt=\"\" \/><\/a>\n\t\t\t<\/div><\/figure><figure class='gallery-item'>\n\t\t\t<div class='gallery-icon landscape'>\n\t\t\t\t<a href='https:\/\/korsarger3500.de\/wp-content\/uploads\/2023\/05\/Training_RCR_2023_13.jpg'><img loading=\"lazy\" decoding=\"async\" width=\"150\" height=\"150\" src=\"https:\/\/korsarger3500.de\/wp-content\/uploads\/2023\/05\/Training_RCR_2023_13-150x150.jpg\" class=\"attachment-thumbnail size-thumbnail\" alt=\"\" \/><\/a>\n\t\t\t<\/div><\/figure><figure class='gallery-item'>\n\t\t\t<div class='gallery-icon landscape'>\n\t\t\t\t<a href='https:\/\/korsarger3500.de\/wp-content\/uploads\/2023\/05\/Training_RCR_2023_15.jpg'><img loading=\"lazy\" decoding=\"async\" width=\"150\" height=\"150\" src=\"https:\/\/korsarger3500.de\/wp-content\/uploads\/2023\/05\/Training_RCR_2023_15-150x150.jpg\" class=\"attachment-thumbnail size-thumbnail\" alt=\"\" \/><\/a>\n\t\t\t<\/div><\/figure>\n\t\t<\/div>\n\n<p><a href=\"https:\/\/korsarger3500.de\/index.php\/fruehjahrstreff-inheiden-2023\/\">Weiter<\/a>\u2026 oder zur\u00a0<a href=\"https:\/\/korsarger3500.de\/\">Startseite<\/a><\/p>\n","protected":false},"excerpt":{"rendered":"<p>Mein Gespann hat frischen T\u00dcV und ich bin bestens in Schuss. Der Weg zum Goldkanal ist der Crew bekannt, so sind wir ohne jede Hektik Samstags\u00a0 Morgens gem\u00fctlich zum RCR ged\u00fcst und dort auch zeitig angekommen. Die Organisation hatte der Skipper von BeGeHenni \u00fcbernommen, der auch der neue\u00a0 Flotti der S\u00fcdwest Korsare ist. Da die &hellip; <a href=\"https:\/\/korsarger3500.de\/index.php\/training-am-goldkanal-beim-rcr-2023\/\" class=\"more-link\"><span class=\"screen-reader-text\">Training beim RCR 2023<\/span> weiterlesen<\/a><\/p>\n","protected":false},"author":1,"featured_media":0,"parent":0,"menu_order":0,"comment_status":"closed","ping_status":"closed","template":"","meta":{"footnotes":""},"class_list":["post-8238","page","type-page","status-publish","hentry"],"_links":{"self":[{"href":"https:\/\/korsarger3500.de\/index.php\/wp-json\/wp\/v2\/pages\/8238","targetHints":{"allow":["GET"]}}],"collection":[{"href":"https:\/\/korsarger3500.de\/index.php\/wp-json\/wp\/v2\/pages"}],"about":[{"href":"https:\/\/korsarger3500.de\/index.php\/wp-json\/wp\/v2\/types\/page"}],"author":[{"embeddable":true,"href":"https:\/\/korsarger3500.de\/index.php\/wp-json\/wp\/v2\/users\/1"}],"replies":[{"embeddable":true,"href":"https:\/\/korsarger3500.de\/index.php\/wp-json\/wp\/v2\/comments?post=8238"}],"version-history":[{"count":25,"href":"https:\/\/korsarger3500.de\/index.php\/wp-json\/wp\/v2\/pages\/8238\/revisions"}],"predecessor-version":[{"id":8345,"href":"https:\/\/korsarger3500.de\/index.php\/wp-json\/wp\/v2\/pages\/8238\/revisions\/8345"}],"wp:attachment":[{"href":"https:\/\/korsarger3500.de\/index.php\/wp-json\/wp\/v2\/media?parent=8238"}],"curies":[{"name":"wp","href":"https:\/\/api.w.org\/{rel}","templated":true}]}}