{"id":7999,"date":"2022-07-24T14:52:38","date_gmt":"2022-07-24T12:52:38","guid":{"rendered":"https:\/\/korsarger3500.de\/?page_id=7999"},"modified":"2024-08-21T06:19:57","modified_gmt":"2024-08-21T04:19:57","slug":"zeltpersenning-naehen","status":"publish","type":"page","link":"https:\/\/korsarger3500.de\/index.php\/zeltpersenning-naehen\/","title":{"rendered":"Zeltpersenning n\u00e4hen"},"content":{"rendered":"<p style=\"text-align: justify;\">Meine Baumwoll-Persenning ist so alt wie ich und das hei\u00dft 36 Jahre. Skipper hat sie schon an vielen Stellen ausgebessert und immer mal wieder nachgen\u00e4ht. Wenn es regnet sabbert das Wasser durch und ich hab dann st\u00e4ndig einen nassen Mastfu\u00df. Meinem Kielschwein gef\u00e4llt dieser Zustand auch \u00fcberhaut nicht.<a href=\"https:\/\/korsarger3500.de\/wp-content\/uploads\/2022\/07\/Zeltpersening_01.jpg\" data-lbwps-width=\"4032\" data-lbwps-height=\"2268\" data-lbwps-srcsmall=\"https:\/\/korsarger3500.de\/wp-content\/uploads\/2022\/07\/Zeltpersening_01-300x169.jpg\"><img loading=\"lazy\" decoding=\"async\" class=\"alignright wp-image-7996 size-thumbnail\" src=\"https:\/\/korsarger3500.de\/wp-content\/uploads\/2022\/07\/Zeltpersening_01-150x150.jpg\" alt=\"die Rolle Stoff\" width=\"150\" height=\"150\" \/><\/a> Also wird es dann doch mal Zeit das ich eine neue bekomme. Das Material der Transportpersenning (Airtex Top Silber), die Skipper vor ein paar Jahren gen\u00e4ht hat, hat sich bestens bew\u00e4hrt. Da lag es nahe das Gleiche wieder zu nehmen. Das Gewebe und auch das passende Garn waren schnell bestellt und so konnte es dann losgehen. Es sollte keine Mittelnaht in das Zelt am Dach entstehen. Da das Gewebe 2,4 Meter breit ist ergab sich die H\u00f6he des Zeltes automatisch. Sie liegt ca 10cm unter dem L\u00fcmmelbeschlag und ist damit hoch genug zum L\u00fcften und <a href=\"https:\/\/korsarger3500.de\/wp-content\/uploads\/2022\/07\/Zeltpersening_02.jpg\" data-lbwps-width=\"4032\" data-lbwps-height=\"2268\" data-lbwps-srcsmall=\"https:\/\/korsarger3500.de\/wp-content\/uploads\/2022\/07\/Zeltpersening_02-300x169.jpg\"><img loading=\"lazy\" decoding=\"async\" class=\"alignleft wp-image-7997 size-thumbnail\" src=\"https:\/\/korsarger3500.de\/wp-content\/uploads\/2022\/07\/Zeltpersening_02-150x150.jpg\" alt=\"Das &quot;Zeltgest\u00e4nge&quot;\" width=\"150\" height=\"150\" \/><\/a>auch nicht zu hoch wenn die Crew die Plane \u00fcber den Baum ziehen muss. Er hat einen provisorischen Maststumpf gebastelt und mit dem Baum auf meinem B\u00fcgel war das Zeltgest\u00e4nge schon fertig. Die Plane wurde dar\u00fcbergelegt und an der Scheuleiste mit Tape markiert. Der Umriss plus ca 20 cm ergab dann die Schnittkante. Der n\u00e4chste Schritt war das Umn\u00e4hen des Saumes. Die Erfahrung hatte gezeigt das diese Arbeiten am besten auf einer gro\u00dfen glatten Fl\u00e4che, z.B. dem Garagenboden, gemacht werden. Das gute Erbst\u00fcck von Skippers Mama, die adlerrette, tat auch hier wieder ihren Dienst und tackerte sich m\u00fchelos durch den festen Stoff. Der alte Strecker des Baumniederholers den er\u00a0 letztens ausgebaut hat wurde jetzt als Kordel in den Saum eingezogen. Zwei Gurte zum Spannen unter meinem Bauch kamen an die selben Stellen wie bei der Alten. Jetzt waren die Einschnitte f\u00fcr die Wanten und Trapeze an der Reihe und anschlie\u00dfend wurde der Hals angepasst..<\/p>\n<div id='gallery-1' class='gallery galleryid-7999 gallery-columns-4 gallery-size-thumbnail'><figure class='gallery-item'>\n\t\t\t<div class='gallery-icon portrait'>\n\t\t\t\t<a href='https:\/\/korsarger3500.de\/wp-content\/uploads\/2022\/07\/Zeltpersening_04-scaled.jpg'><img loading=\"lazy\" decoding=\"async\" width=\"150\" height=\"150\" src=\"https:\/\/korsarger3500.de\/wp-content\/uploads\/2022\/07\/Zeltpersening_04-150x150.jpg\" class=\"attachment-thumbnail size-thumbnail\" alt=\"Da ist wohl noch etwas \u00fcbrig\" \/><\/a>\n\t\t\t<\/div><\/figure><figure class='gallery-item'>\n\t\t\t<div class='gallery-icon portrait'>\n\t\t\t\t<a href='https:\/\/korsarger3500.de\/wp-content\/uploads\/2022\/07\/Zeltpersening_05-scaled.jpg'><img loading=\"lazy\" decoding=\"async\" width=\"150\" height=\"150\" src=\"https:\/\/korsarger3500.de\/wp-content\/uploads\/2022\/07\/Zeltpersening_05-150x150.jpg\" class=\"attachment-thumbnail size-thumbnail\" alt=\"Einschnitt am Heck\" \/><\/a>\n\t\t\t<\/div><\/figure><figure class='gallery-item'>\n\t\t\t<div class='gallery-icon portrait'>\n\t\t\t\t<a href='https:\/\/korsarger3500.de\/wp-content\/uploads\/2022\/07\/Zeltpersening_07-scaled.jpg'><img loading=\"lazy\" decoding=\"async\" width=\"150\" height=\"150\" src=\"https:\/\/korsarger3500.de\/wp-content\/uploads\/2022\/07\/Zeltpersening_07-150x150.jpg\" class=\"attachment-thumbnail size-thumbnail\" alt=\"Scheuerleiste ist abgetaped\" \/><\/a>\n\t\t\t<\/div><\/figure><figure class='gallery-item'>\n\t\t\t<div class='gallery-icon portrait'>\n\t\t\t\t<a href='https:\/\/korsarger3500.de\/wp-content\/uploads\/2022\/07\/Zeltpersening_09-scaled.jpg'><img loading=\"lazy\" decoding=\"async\" width=\"150\" height=\"150\" src=\"https:\/\/korsarger3500.de\/wp-content\/uploads\/2022\/07\/Zeltpersening_09-150x150.jpg\" class=\"attachment-thumbnail size-thumbnail\" alt=\"s\u00e4umen f\u00fcr den Kordelzug\" \/><\/a>\n\t\t\t<\/div><\/figure><figure class='gallery-item'>\n\t\t\t<div class='gallery-icon landscape'>\n\t\t\t\t<a href='https:\/\/korsarger3500.de\/wp-content\/uploads\/2022\/07\/Zeltpersening_13-scaled.jpg'><img loading=\"lazy\" decoding=\"async\" width=\"150\" height=\"150\" src=\"https:\/\/korsarger3500.de\/wp-content\/uploads\/2022\/07\/Zeltpersening_13-150x150.jpg\" class=\"attachment-thumbnail size-thumbnail\" alt=\"Das wird die Mast Halskrause\" \/><\/a>\n\t\t\t<\/div><\/figure><figure class='gallery-item'>\n\t\t\t<div class='gallery-icon landscape'>\n\t\t\t\t<a href='https:\/\/korsarger3500.de\/wp-content\/uploads\/2022\/07\/Zeltpersening_12-scaled.jpg'><img loading=\"lazy\" decoding=\"async\" width=\"150\" height=\"150\" src=\"https:\/\/korsarger3500.de\/wp-content\/uploads\/2022\/07\/Zeltpersening_12-150x150.jpg\" class=\"attachment-thumbnail size-thumbnail\" alt=\"Mamas alte Adlerrette schafft das alle noch\" \/><\/a>\n\t\t\t<\/div><\/figure><figure class='gallery-item'>\n\t\t\t<div class='gallery-icon landscape'>\n\t\t\t\t<a href='https:\/\/korsarger3500.de\/wp-content\/uploads\/2022\/07\/Zeltpersening_06-scaled.jpg'><img loading=\"lazy\" decoding=\"async\" width=\"150\" height=\"150\" src=\"https:\/\/korsarger3500.de\/wp-content\/uploads\/2022\/07\/Zeltpersening_06-150x150.jpg\" class=\"attachment-thumbnail size-thumbnail\" alt=\"Ausl\u00e4sse\" \/><\/a>\n\t\t\t<\/div><\/figure><figure class='gallery-item'>\n\t\t\t<div class='gallery-icon landscape'>\n\t\t\t\t<a href='https:\/\/korsarger3500.de\/wp-content\/uploads\/2022\/07\/Zeltpersening_07-1-scaled.jpg'><img loading=\"lazy\" decoding=\"async\" width=\"150\" height=\"150\" src=\"https:\/\/korsarger3500.de\/wp-content\/uploads\/2022\/07\/Zeltpersening_07-1-150x150.jpg\" class=\"attachment-thumbnail size-thumbnail\" alt=\"Hals\" \/><\/a>\n\t\t\t<\/div><\/figure><figure class='gallery-item'>\n\t\t\t<div class='gallery-icon landscape'>\n\t\t\t\t<a href='https:\/\/korsarger3500.de\/wp-content\/uploads\/2022\/07\/Zeltpersening_08-scaled.jpg'><img loading=\"lazy\" decoding=\"async\" width=\"150\" height=\"150\" src=\"https:\/\/korsarger3500.de\/wp-content\/uploads\/2022\/07\/Zeltpersening_08-150x150.jpg\" class=\"attachment-thumbnail size-thumbnail\" alt=\"passt\" \/><\/a>\n\t\t\t<\/div><\/figure><figure class='gallery-item'>\n\t\t\t<div class='gallery-icon landscape'>\n\t\t\t\t<a href='https:\/\/korsarger3500.de\/wp-content\/uploads\/2022\/07\/Zeltpersening_05-1-scaled.jpg'><img loading=\"lazy\" decoding=\"async\" width=\"150\" height=\"150\" src=\"https:\/\/korsarger3500.de\/wp-content\/uploads\/2022\/07\/Zeltpersening_05-1-150x150.jpg\" class=\"attachment-thumbnail size-thumbnail\" alt=\"Fertig\" \/><\/a>\n\t\t\t<\/div><\/figure>\n\t\t<\/div>\n\n<p><a href=\"https:\/\/korsarger3500.de\/index.php\/rumpf-laminieren\/\">weiter<\/a><\/p>\n<p>&nbsp;<\/p>\n","protected":false},"excerpt":{"rendered":"<p>Meine Baumwoll-Persenning ist so alt wie ich und das hei\u00dft 36 Jahre. Skipper hat sie schon an vielen Stellen ausgebessert und immer mal wieder nachgen\u00e4ht. Wenn es regnet sabbert das Wasser durch und ich hab dann st\u00e4ndig einen nassen Mastfu\u00df. Meinem Kielschwein gef\u00e4llt dieser Zustand auch \u00fcberhaut nicht. Also wird es dann doch mal Zeit &hellip; <a href=\"https:\/\/korsarger3500.de\/index.php\/zeltpersenning-naehen\/\" class=\"more-link\"><span class=\"screen-reader-text\">Zeltpersenning n\u00e4hen<\/span> weiterlesen<\/a><\/p>\n","protected":false},"author":1,"featured_media":0,"parent":0,"menu_order":0,"comment_status":"closed","ping_status":"closed","template":"","meta":{"footnotes":""},"class_list":["post-7999","page","type-page","status-publish","hentry"],"_links":{"self":[{"href":"https:\/\/korsarger3500.de\/index.php\/wp-json\/wp\/v2\/pages\/7999","targetHints":{"allow":["GET"]}}],"collection":[{"href":"https:\/\/korsarger3500.de\/index.php\/wp-json\/wp\/v2\/pages"}],"about":[{"href":"https:\/\/korsarger3500.de\/index.php\/wp-json\/wp\/v2\/types\/page"}],"author":[{"embeddable":true,"href":"https:\/\/korsarger3500.de\/index.php\/wp-json\/wp\/v2\/users\/1"}],"replies":[{"embeddable":true,"href":"https:\/\/korsarger3500.de\/index.php\/wp-json\/wp\/v2\/comments?post=7999"}],"version-history":[{"count":13,"href":"https:\/\/korsarger3500.de\/index.php\/wp-json\/wp\/v2\/pages\/7999\/revisions"}],"predecessor-version":[{"id":9218,"href":"https:\/\/korsarger3500.de\/index.php\/wp-json\/wp\/v2\/pages\/7999\/revisions\/9218"}],"wp:attachment":[{"href":"https:\/\/korsarger3500.de\/index.php\/wp-json\/wp\/v2\/media?parent=7999"}],"curies":[{"name":"wp","href":"https:\/\/api.w.org\/{rel}","templated":true}]}}