{"id":7982,"date":"2022-07-24T14:53:00","date_gmt":"2022-07-24T12:53:00","guid":{"rendered":"https:\/\/korsarger3500.de\/?page_id=7982"},"modified":"2022-07-24T14:53:00","modified_gmt":"2022-07-24T12:53:00","slug":"10-jahre-bei-der-crew-in-losheim","status":"publish","type":"page","link":"https:\/\/korsarger3500.de\/index.php\/10-jahre-bei-der-crew-in-losheim\/","title":{"rendered":"10 Jahre bei der Crew in Losheim"},"content":{"rendered":"<p style=\"text-align: justify;\">Genau auf den Tag 10 Jahre ist es jetzt her das die Crew mich nach Losheim\u00a0 geschleppt hat. Viele sch\u00f6ne Stunden hab ich mit den beiden schon auf dem Wasser verbracht auch so manches Abenteuer erlebt. Auch in Skippers Garage kenn ich mittlerweile alle Schubladen und Werkzeuge. Zum 10 j\u00e4hrigen hat er mir dann gerade mal schnell einen neuen Deckanstrich verpassen wollen. Wir immer hat er zun\u00e4chst das Deck mit 320 Papier angeschliffen und versucht die gr\u00f6\u00dften Macken zu beseitigen. Dann wird in der Garage eine Nacht gewartet bis der Staub sich gelegt hat. Eine Runde mit dem Staubbindetuch und dann ne Runde mit Aceton dr\u00fcber und schon kann das Lackieren losgehen. Das der angemischte und etwas verd\u00fcnnte 2K-Lack irgendwie schlechter zu verstreichen war als sonst hat Skipper auf das Alter des Lacks geschoben. Auch als er den Lack mehr und mehr verd\u00fcnnt hatte ging es nicht besser oder leichter. Nachdem die 150 ml aufgetragen waren schaute er sich das Ergebnis im Gegenlicht an und war gar nicht zufrieden. Lauter scheckige Stellen und Striemen waren auf dem Deck. Er schaut \u00fcber die Werkbank und da wurde Ihm pl\u00f6tzlich ganz hei\u00df. Er hatte die Verd\u00fcnnung verwechselt. Nicht die gute Verd\u00fcnnung hatte er da dauernd in den Lack gekippt. Nein es war das Aceton!!! Das erkl\u00e4rte jetzt auch warum das Gemisch so schwer aufzutragen war. Und was nun? 2 Tage austrocknen neu schleifen und nochmal streichen? Na ja der Lack war ja drauf und auch noch etwas nass. Also mischte er ein wenig Lack mit sehr viel guter Verd\u00fcnnung und l\u00f6ste damit den aufgetragen Lack wieder an damit er ihn anschlie\u00dfend verschlichten konnte. Das hat sich dann aber gelohnt, da das so entstandene Lack\/Verd\u00fcnner Gemisch wieder d\u00fcnnfl\u00fcssig wurde und sich wie gewohnt gut verstreichen lie\u00df. Nach ein paar Stunden Trocknung in der Garage sah das Ergebnis dann auch gar nicht so \u00fcbel aus und am kommenden Tag konnte ich sch\u00f6n in der Sonne den trocknen Lack aush\u00e4rten lassen. So Skipper da hast du aber mal sch\u00f6n &#8222;Lehrgeld&#8220; bezahlt.<\/p>\n<div id='gallery-1' class='gallery galleryid-7982 gallery-columns-4 gallery-size-thumbnail'><figure class='gallery-item'>\n\t\t\t<div class='gallery-icon portrait'>\n\t\t\t\t<a href='https:\/\/korsarger3500.de\/wp-content\/uploads\/2022\/07\/Deck_-streichen_04-scaled.jpg'><img loading=\"lazy\" decoding=\"async\" width=\"150\" height=\"150\" src=\"https:\/\/korsarger3500.de\/wp-content\/uploads\/2022\/07\/Deck_-streichen_04-150x150.jpg\" class=\"attachment-thumbnail size-thumbnail\" alt=\"\" \/><\/a>\n\t\t\t<\/div><\/figure><figure class='gallery-item'>\n\t\t\t<div class='gallery-icon portrait'>\n\t\t\t\t<a href='https:\/\/korsarger3500.de\/wp-content\/uploads\/2022\/07\/Deck_-streichen_01-scaled.jpg'><img loading=\"lazy\" decoding=\"async\" width=\"150\" height=\"150\" src=\"https:\/\/korsarger3500.de\/wp-content\/uploads\/2022\/07\/Deck_-streichen_01-150x150.jpg\" class=\"attachment-thumbnail size-thumbnail\" alt=\"\" \/><\/a>\n\t\t\t<\/div><\/figure><figure class='gallery-item'>\n\t\t\t<div class='gallery-icon portrait'>\n\t\t\t\t<a href='https:\/\/korsarger3500.de\/wp-content\/uploads\/2022\/07\/Deck_-streichen_02-scaled.jpg'><img loading=\"lazy\" decoding=\"async\" width=\"150\" height=\"150\" src=\"https:\/\/korsarger3500.de\/wp-content\/uploads\/2022\/07\/Deck_-streichen_02-150x150.jpg\" class=\"attachment-thumbnail size-thumbnail\" alt=\"\" \/><\/a>\n\t\t\t<\/div><\/figure><figure class='gallery-item'>\n\t\t\t<div class='gallery-icon portrait'>\n\t\t\t\t<a href='https:\/\/korsarger3500.de\/wp-content\/uploads\/2022\/07\/Deck_-streichen_03-scaled.jpg'><img loading=\"lazy\" decoding=\"async\" width=\"150\" height=\"150\" src=\"https:\/\/korsarger3500.de\/wp-content\/uploads\/2022\/07\/Deck_-streichen_03-150x150.jpg\" class=\"attachment-thumbnail size-thumbnail\" alt=\"\" \/><\/a>\n\t\t\t<\/div><\/figure>\n\t\t<\/div>\n\n","protected":false},"excerpt":{"rendered":"<p>Genau auf den Tag 10 Jahre ist es jetzt her das die Crew mich nach Losheim\u00a0 geschleppt hat. Viele sch\u00f6ne Stunden hab ich mit den beiden schon auf dem Wasser verbracht auch so manches Abenteuer erlebt. Auch in Skippers Garage kenn ich mittlerweile alle Schubladen und Werkzeuge. Zum 10 j\u00e4hrigen hat er mir dann gerade &hellip; <a href=\"https:\/\/korsarger3500.de\/index.php\/10-jahre-bei-der-crew-in-losheim\/\" class=\"more-link\"><span class=\"screen-reader-text\">10 Jahre bei der Crew in Losheim<\/span> weiterlesen<\/a><\/p>\n","protected":false},"author":1,"featured_media":0,"parent":0,"menu_order":0,"comment_status":"closed","ping_status":"closed","template":"","meta":{"footnotes":""},"class_list":["post-7982","page","type-page","status-publish","hentry"],"_links":{"self":[{"href":"https:\/\/korsarger3500.de\/index.php\/wp-json\/wp\/v2\/pages\/7982","targetHints":{"allow":["GET"]}}],"collection":[{"href":"https:\/\/korsarger3500.de\/index.php\/wp-json\/wp\/v2\/pages"}],"about":[{"href":"https:\/\/korsarger3500.de\/index.php\/wp-json\/wp\/v2\/types\/page"}],"author":[{"embeddable":true,"href":"https:\/\/korsarger3500.de\/index.php\/wp-json\/wp\/v2\/users\/1"}],"replies":[{"embeddable":true,"href":"https:\/\/korsarger3500.de\/index.php\/wp-json\/wp\/v2\/comments?post=7982"}],"version-history":[{"count":3,"href":"https:\/\/korsarger3500.de\/index.php\/wp-json\/wp\/v2\/pages\/7982\/revisions"}],"predecessor-version":[{"id":7998,"href":"https:\/\/korsarger3500.de\/index.php\/wp-json\/wp\/v2\/pages\/7982\/revisions\/7998"}],"wp:attachment":[{"href":"https:\/\/korsarger3500.de\/index.php\/wp-json\/wp\/v2\/media?parent=7982"}],"curies":[{"name":"wp","href":"https:\/\/api.w.org\/{rel}","templated":true}]}}