{"id":623,"date":"2016-02-20T13:30:52","date_gmt":"2016-02-20T12:30:52","guid":{"rendered":"http:\/\/korsarger3500.de\/?page_id=623"},"modified":"2023-12-17T16:41:53","modified_gmt":"2023-12-17T15:41:53","slug":"rumpf-und-schwert-ausbessern","status":"publish","type":"page","link":"https:\/\/korsarger3500.de\/index.php\/rumpf-und-schwert-ausbessern\/","title":{"rendered":"Schwert geschrabst &#8211; Rumpf ausbessern"},"content":{"rendered":"<p style=\"text-align: justify;\">Und ich dachte noch &#8222;<em>Skipper das passt im Leben nicht<\/em>&#8220; als ich das Drahtseil unter Wasser auf mich zu rasen sah.<\/p>\n<p style=\"text-align: justify;\">Es war beim Spargel Cup auf dem\u00a0Hardtsee in Graben Neudorf. Der Wettfahrtleiter sagte noch bei der Steuermannsbesprechun das da im See gebaggert wird, der Bagger mit langen Trossen vert\u00e4ut ist und das von der gro\u00dfen, gelben Tonne mitten im See die Drahtseile relativ flach unter Wasser verspannt sind. &#8222;Also bleibt mal mindestens 10 Meter von dem Fass weg&#8220;, war die Anweisung. Was ist an 10 Meter wegbleiben da nicht zu verstehen, frag ich mich. Im zweiten Lauf auf\u00a0 Vorwindkurs lagen wir gar nicht schlecht im vorderen Feld, so um Platz f\u00fcnf rum. Die Crew war voll konzentriert, verfolgte aufmerksam den Wind, die anderen Schiffe und den Kurs. Dabei \u00fcbersah der Skipper die gro\u00dfe gelbe Tonne und steuerte voll drauf zu. Ich wehrte mich so gut ich konnte, aber ich hatte nicht genug Kr\u00e4ngung um selbst den Kurs zu \u00e4ndern. Als die Schottin rief &#8222;Pass auf, das Fass!&#8220; war es schon zu sp\u00e4t. Er steuerte mich gerade noch an der Tonne vorbei und das Drahtseil schnitt sich tief in meine Schwertvorderkante &#8211; Aua!!!. Da wir ordentlich Fahrt drauf hatten, war der Aufprall so heftig, dass das Schwert komplett aus der Schwertkasten-Halterung gerissen wurde, wir auf einmal standen und uns fast um die eigene Achse drehten. Ich k\u00f6nnte der Crew ja auch noch den Vorwurf machen, dass sie das Schwert f\u00fcr den Vorwindkurs nicht hoch genug gefahren haben, aber wenn wir uns nicht am Schwert gefangen h\u00e4tten, w\u00e4ren wir h\u00f6chstwahrscheinlich mit dem feststehenden Ruderblatt h\u00e4ngengeblieben. Wie das ausgegangen w\u00e4re, will ich mir gar nicht erst vorstellen. Ich hab zwar einen offenen Spiegel aber ganz ohne geht&#8217;s bestimmt gar nicht. Wir haben uns dann doch noch ins Ziel gerettet, der Platz war uns dabei Wurscht. Zum Gl\u00fcck hatte der <a href=\"http:\/\/korsarger3500.de\/wp-content\/uploads\/2016\/02\/Br\u00fcllk\u00e4fer.jpg\" rel=\"attachment wp-att-634\" data-lbwps-width=\"794\" data-lbwps-height=\"546\" data-lbwps-srcsmall=\"https:\/\/korsarger3500.de\/wp-content\/uploads\/2016\/02\/Br\u00fcllk\u00e4fer-300x206.jpg\"><img loading=\"lazy\" decoding=\"async\" class=\"alignright wp-image-634 size-thumbnail\" src=\"http:\/\/korsarger3500.de\/wp-content\/uploads\/2016\/02\/Br\u00fcllk\u00e4fer-150x150.jpg\" alt=\"Br\u00fcllk\u00e4fer\" width=\"150\" height=\"150\" \/><\/a>Br\u00fcllk\u00e4fer\u00a0 einen Schraubenzieher an Bord, so dass wir das Schwert bis zum n\u00e4chsten Lauf wieder notd\u00fcrftig befestigen konnten. Nach der Regatta haben wir dann erfahren, dass nicht nur wir uns so dumm drangestellt hatten, sondern andere auch schon an diesem Seil h\u00e4ngengeblieben sind. Ist aber kein Trost &#8211; ich hab jetzt die Blessuren weg. Zu Hause wurde dann das Schwert ausgebaut und weil ich eh grad in der Garage war, wurden auch noch die alten Macken im Rumpf beseitigt. Ich hoff ja, dass der Skipper und die Schottin sich das merken und in Zukunft die Tonne meiden.<\/p>\n<div id='gallery-1' class='gallery galleryid-623 gallery-columns-4 gallery-size-thumbnail'><figure class='gallery-item'>\n\t\t\t<div class='gallery-icon landscape'>\n\t\t\t\t<a href='https:\/\/korsarger3500.de\/wp-content\/uploads\/2016\/01\/Rumpf_08.jpg'><img loading=\"lazy\" decoding=\"async\" width=\"150\" height=\"150\" src=\"https:\/\/korsarger3500.de\/wp-content\/uploads\/2016\/01\/Rumpf_08-150x150.jpg\" class=\"attachment-thumbnail size-thumbnail\" alt=\"Scharte im Schwert\" \/><\/a>\n\t\t\t<\/div><\/figure><figure class='gallery-item'>\n\t\t\t<div class='gallery-icon landscape'>\n\t\t\t\t<a href='https:\/\/korsarger3500.de\/wp-content\/uploads\/2016\/01\/Rumpf_07.jpg'><img loading=\"lazy\" decoding=\"async\" width=\"150\" height=\"150\" src=\"https:\/\/korsarger3500.de\/wp-content\/uploads\/2016\/01\/Rumpf_07-150x150.jpg\" class=\"attachment-thumbnail size-thumbnail\" alt=\"Scharte im Schwert zoom\" \/><\/a>\n\t\t\t<\/div><\/figure><figure class='gallery-item'>\n\t\t\t<div class='gallery-icon landscape'>\n\t\t\t\t<a href='https:\/\/korsarger3500.de\/wp-content\/uploads\/2016\/01\/Rumpf_05.jpg'><img loading=\"lazy\" decoding=\"async\" width=\"150\" height=\"150\" src=\"https:\/\/korsarger3500.de\/wp-content\/uploads\/2016\/01\/Rumpf_05-150x150.jpg\" class=\"attachment-thumbnail size-thumbnail\" alt=\"Offen bis zum Gewebe\" \/><\/a>\n\t\t\t<\/div><\/figure><figure class='gallery-item'>\n\t\t\t<div class='gallery-icon landscape'>\n\t\t\t\t<a href='https:\/\/korsarger3500.de\/wp-content\/uploads\/2016\/01\/Rumpf_06.jpg'><img loading=\"lazy\" decoding=\"async\" width=\"150\" height=\"150\" src=\"https:\/\/korsarger3500.de\/wp-content\/uploads\/2016\/01\/Rumpf_06-150x150.jpg\" class=\"attachment-thumbnail size-thumbnail\" alt=\"Offen bis zum Gewebe\" \/><\/a>\n\t\t\t<\/div><\/figure><figure class='gallery-item'>\n\t\t\t<div class='gallery-icon landscape'>\n\t\t\t\t<a href='https:\/\/korsarger3500.de\/wp-content\/uploads\/2016\/01\/Rumpf_01.jpg'><img loading=\"lazy\" decoding=\"async\" width=\"150\" height=\"150\" src=\"https:\/\/korsarger3500.de\/wp-content\/uploads\/2016\/01\/Rumpf_01-150x150.jpg\" class=\"attachment-thumbnail size-thumbnail\" alt=\"en Pl\u00e4tz im Rumpf\" \/><\/a>\n\t\t\t<\/div><\/figure><figure class='gallery-item'>\n\t\t\t<div class='gallery-icon landscape'>\n\t\t\t\t<a href='https:\/\/korsarger3500.de\/wp-content\/uploads\/2016\/01\/Rumpf_02.jpg'><img loading=\"lazy\" decoding=\"async\" width=\"150\" height=\"150\" src=\"https:\/\/korsarger3500.de\/wp-content\/uploads\/2016\/01\/Rumpf_02-150x150.jpg\" class=\"attachment-thumbnail size-thumbnail\" alt=\"Risse im Rumpf\" \/><\/a>\n\t\t\t<\/div><\/figure><figure class='gallery-item'>\n\t\t\t<div class='gallery-icon landscape'>\n\t\t\t\t<a href='https:\/\/korsarger3500.de\/wp-content\/uploads\/2016\/01\/Rumpf_13.jpg'><img loading=\"lazy\" decoding=\"async\" width=\"150\" height=\"150\" src=\"https:\/\/korsarger3500.de\/wp-content\/uploads\/2016\/01\/Rumpf_13-150x150.jpg\" class=\"attachment-thumbnail size-thumbnail\" alt=\"Rumpf abgespachtelt\" \/><\/a>\n\t\t\t<\/div><\/figure><figure class='gallery-item'>\n\t\t\t<div class='gallery-icon portrait'>\n\t\t\t\t<a href='https:\/\/korsarger3500.de\/wp-content\/uploads\/2016\/01\/Rumpf_12.jpg'><img loading=\"lazy\" decoding=\"async\" width=\"150\" height=\"150\" src=\"https:\/\/korsarger3500.de\/wp-content\/uploads\/2016\/01\/Rumpf_12-150x150.jpg\" class=\"attachment-thumbnail size-thumbnail\" alt=\"Ich lieg hochkant\" \/><\/a>\n\t\t\t<\/div><\/figure><figure class='gallery-item'>\n\t\t\t<div class='gallery-icon landscape'>\n\t\t\t\t<a href='https:\/\/korsarger3500.de\/wp-content\/uploads\/2016\/01\/Rumpf_11.jpg'><img loading=\"lazy\" decoding=\"async\" width=\"150\" height=\"150\" src=\"https:\/\/korsarger3500.de\/wp-content\/uploads\/2016\/01\/Rumpf_11-150x150.jpg\" class=\"attachment-thumbnail size-thumbnail\" alt=\"Hoffentlich h\u00e4llt die Luftmatraze\" \/><\/a>\n\t\t\t<\/div><\/figure><figure class='gallery-item'>\n\t\t\t<div class='gallery-icon landscape'>\n\t\t\t\t<a href='https:\/\/korsarger3500.de\/wp-content\/uploads\/2016\/01\/Rumpf_10.jpg'><img loading=\"lazy\" decoding=\"async\" width=\"150\" height=\"150\" src=\"https:\/\/korsarger3500.de\/wp-content\/uploads\/2016\/01\/Rumpf_10-150x150.jpg\" class=\"attachment-thumbnail size-thumbnail\" alt=\"wieder in der waagerechten\" \/><\/a>\n\t\t\t<\/div><\/figure><figure class='gallery-item'>\n\t\t\t<div class='gallery-icon landscape'>\n\t\t\t\t<a href='https:\/\/korsarger3500.de\/wp-content\/uploads\/2016\/01\/Rumpf_09.jpg'><img loading=\"lazy\" decoding=\"async\" width=\"150\" height=\"150\" src=\"https:\/\/korsarger3500.de\/wp-content\/uploads\/2016\/01\/Rumpf_09-150x150.jpg\" class=\"attachment-thumbnail size-thumbnail\" alt=\"Schweben\" \/><\/a>\n\t\t\t<\/div><\/figure><figure class='gallery-item'>\n\t\t\t<div class='gallery-icon landscape'>\n\t\t\t\t<a href='https:\/\/korsarger3500.de\/wp-content\/uploads\/2016\/01\/Rumpf_04.jpg'><img loading=\"lazy\" decoding=\"async\" width=\"150\" height=\"150\" src=\"https:\/\/korsarger3500.de\/wp-content\/uploads\/2016\/01\/Rumpf_04-150x150.jpg\" class=\"attachment-thumbnail size-thumbnail\" alt=\"Schwert trocknen\" \/><\/a>\n\t\t\t<\/div><\/figure>\n\t\t<\/div>\n\n<p style=\"text-align: justify;\">Bei der Reparatur haben die beiden dann festgestellt, dass ich gar nicht unbedingt auf dem R\u00fccken liegen muss wenn&#8217;s ans Unterschiff gehen soll. Das Umdrehen hat den beiden doch immer Schwierrigkeiten bereitet. Es reicht vollkommen wenn man mich auf ne Luftmatratze legt und mit einer Tallie auf einer Seite nochzieht. Das geht locker zu zweit. F\u00fcr das Umderhen mussten sie immer zu dritt oder viert sein. L\u00e4cherlich &#8211; ich wiege doch nur 103 KG.<\/p>\n<p style=\"text-align: justify;\"><a href=\"http:\/\/korsarger3500.de\/index.php\/ein-altes-klappruder\/\">weiter &#8230;<\/a><\/p>\n","protected":false},"excerpt":{"rendered":"<p>Und ich dachte noch &#8222;Skipper das passt im Leben nicht&#8220; als ich das Drahtseil unter Wasser auf mich zu rasen sah. Es war beim Spargel Cup auf dem\u00a0Hardtsee in Graben Neudorf. Der Wettfahrtleiter sagte noch bei der Steuermannsbesprechun das da im See gebaggert wird, der Bagger mit langen Trossen vert\u00e4ut ist und das von der &hellip; <a href=\"https:\/\/korsarger3500.de\/index.php\/rumpf-und-schwert-ausbessern\/\" class=\"more-link\"><span class=\"screen-reader-text\">Schwert geschrabst &#8211; Rumpf ausbessern<\/span> weiterlesen<\/a><\/p>\n","protected":false},"author":1,"featured_media":0,"parent":0,"menu_order":0,"comment_status":"closed","ping_status":"closed","template":"","meta":{"footnotes":""},"class_list":["post-623","page","type-page","status-publish","hentry"],"_links":{"self":[{"href":"https:\/\/korsarger3500.de\/index.php\/wp-json\/wp\/v2\/pages\/623","targetHints":{"allow":["GET"]}}],"collection":[{"href":"https:\/\/korsarger3500.de\/index.php\/wp-json\/wp\/v2\/pages"}],"about":[{"href":"https:\/\/korsarger3500.de\/index.php\/wp-json\/wp\/v2\/types\/page"}],"author":[{"embeddable":true,"href":"https:\/\/korsarger3500.de\/index.php\/wp-json\/wp\/v2\/users\/1"}],"replies":[{"embeddable":true,"href":"https:\/\/korsarger3500.de\/index.php\/wp-json\/wp\/v2\/comments?post=623"}],"version-history":[{"count":23,"href":"https:\/\/korsarger3500.de\/index.php\/wp-json\/wp\/v2\/pages\/623\/revisions"}],"predecessor-version":[{"id":8981,"href":"https:\/\/korsarger3500.de\/index.php\/wp-json\/wp\/v2\/pages\/623\/revisions\/8981"}],"wp:attachment":[{"href":"https:\/\/korsarger3500.de\/index.php\/wp-json\/wp\/v2\/media?parent=623"}],"curies":[{"name":"wp","href":"https:\/\/api.w.org\/{rel}","templated":true}]}}