{"id":6192,"date":"2019-09-20T09:03:27","date_gmt":"2019-09-20T07:03:27","guid":{"rendered":"https:\/\/korsarger3500.de\/?page_id=6192"},"modified":"2022-06-12T11:51:09","modified_gmt":"2022-06-12T09:51:09","slug":"7-schwaben-regatta-am-alpsee-2019","status":"publish","type":"page","link":"https:\/\/korsarger3500.de\/index.php\/7-schwaben-regatta-am-alpsee-2019\/","title":{"rendered":"7 Schwaben Regatta am Alpsee 2019"},"content":{"rendered":"<p style=\"text-align: justify;\">M\u00fcssen da immer 7 Schwaben mit segeln? Ich habe ganz vergessen mich zu erkundigen warum diese Regatta am Alpsee so hei\u00dft. Das muss ich unbedingt nachholen. Ich war auf jeden Fall mit meiner Crew dabei. Nachdem ich dieses Jahr schon mal am Alpsee zur Kuhschelle war sind wir nochmal nach Immenstatt ged\u00fcst und kamen Freitags Abend passend zum Seglerhock am Lagerfeuer an. Ich wurde gleich vor dem Clubhaus abgestellt und die Crew gesellte sich zu den anderen ans Feuer. Der Samstag startete wie gewohnt. Ich wurde aufgebaut und das Warten auf Wind begann. Der Schotte von <em>Prinz von Baden<\/em> nutzte die Zeit und polierte seinen Rumpf. Das k\u00f6nnte bei mir auch nicht schaden; Gell Skipper. Irgendwann wurden dann 4 Wettfahrten gestartet. Die Starts meiner Crew waren immer gut und auch die Eine oder Andere Kreuz brachte mich richtig vorw\u00e4rts. Aber irgendwie segelten die Beiden mich dann immer wieder ein St\u00fcck r\u00fcckw\u00e4rts so dass wir immer am Ende des Feldes landeten. Am meinem neuen roten Spi hat&#8217;s nicht gelegen, der gehst auf den spitzen Kursen super gut. Auf den Vorwindkursen zieht der schwarze Spi besser. Auch am Sonntag konnten Sie nicht den richtigen Weg auf dem See finden und so waren Sie dann bei der Siegerehrung auch ziemlich am Anfang dran. Trotzdem war es wieder super sch\u00f6n hier am Alpsee und ich muss da n\u00e4chstes Jahr wieder hin. Ich muss ja schlie\u00dflich fragen wie das mit den 7 Schwaben gemeint ist.<\/p>\n<div id='gallery-1' class='gallery galleryid-6192 gallery-columns-4 gallery-size-thumbnail'><figure class='gallery-item'>\n\t\t\t<div class='gallery-icon landscape'>\n\t\t\t\t<a href='https:\/\/korsarger3500.de\/wp-content\/uploads\/2019\/09\/7_Schwaben_2019__12.jpg'><img loading=\"lazy\" decoding=\"async\" width=\"150\" height=\"150\" src=\"https:\/\/korsarger3500.de\/wp-content\/uploads\/2019\/09\/7_Schwaben_2019__12-150x150.jpg\" class=\"attachment-thumbnail size-thumbnail\" alt=\"\" \/><\/a>\n\t\t\t<\/div><\/figure><figure class='gallery-item'>\n\t\t\t<div class='gallery-icon landscape'>\n\t\t\t\t<a href='https:\/\/korsarger3500.de\/wp-content\/uploads\/2019\/09\/7_Schwaben_2019__11.jpg'><img loading=\"lazy\" decoding=\"async\" width=\"150\" height=\"150\" src=\"https:\/\/korsarger3500.de\/wp-content\/uploads\/2019\/09\/7_Schwaben_2019__11-150x150.jpg\" class=\"attachment-thumbnail size-thumbnail\" alt=\"\" \/><\/a>\n\t\t\t<\/div><\/figure><figure class='gallery-item'>\n\t\t\t<div class='gallery-icon landscape'>\n\t\t\t\t<a href='https:\/\/korsarger3500.de\/wp-content\/uploads\/2019\/09\/7_Schwaben_2019__9.jpg'><img loading=\"lazy\" decoding=\"async\" width=\"150\" height=\"150\" src=\"https:\/\/korsarger3500.de\/wp-content\/uploads\/2019\/09\/7_Schwaben_2019__9-150x150.jpg\" class=\"attachment-thumbnail size-thumbnail\" alt=\"\" \/><\/a>\n\t\t\t<\/div><\/figure><figure class='gallery-item'>\n\t\t\t<div class='gallery-icon landscape'>\n\t\t\t\t<a href='https:\/\/korsarger3500.de\/wp-content\/uploads\/2019\/09\/7_Schwaben_2019__5.jpg'><img loading=\"lazy\" decoding=\"async\" width=\"150\" height=\"150\" src=\"https:\/\/korsarger3500.de\/wp-content\/uploads\/2019\/09\/7_Schwaben_2019__5-150x150.jpg\" class=\"attachment-thumbnail size-thumbnail\" alt=\"\" \/><\/a>\n\t\t\t<\/div><\/figure><figure class='gallery-item'>\n\t\t\t<div class='gallery-icon landscape'>\n\t\t\t\t<a href='https:\/\/korsarger3500.de\/wp-content\/uploads\/2019\/09\/7_Schwaben_2019__3.jpg'><img loading=\"lazy\" decoding=\"async\" width=\"150\" height=\"150\" src=\"https:\/\/korsarger3500.de\/wp-content\/uploads\/2019\/09\/7_Schwaben_2019__3-150x150.jpg\" class=\"attachment-thumbnail size-thumbnail\" alt=\"\" \/><\/a>\n\t\t\t<\/div><\/figure><figure class='gallery-item'>\n\t\t\t<div class='gallery-icon landscape'>\n\t\t\t\t<a href='https:\/\/korsarger3500.de\/wp-content\/uploads\/2019\/09\/7_Schwaben_2019__2.jpg'><img loading=\"lazy\" decoding=\"async\" width=\"150\" height=\"150\" src=\"https:\/\/korsarger3500.de\/wp-content\/uploads\/2019\/09\/7_Schwaben_2019__2-150x150.jpg\" class=\"attachment-thumbnail size-thumbnail\" alt=\"\" \/><\/a>\n\t\t\t<\/div><\/figure><figure class='gallery-item'>\n\t\t\t<div class='gallery-icon landscape'>\n\t\t\t\t<a href='https:\/\/korsarger3500.de\/wp-content\/uploads\/2019\/09\/7_Schwaben_2019__1.jpg'><img loading=\"lazy\" decoding=\"async\" width=\"150\" height=\"150\" src=\"https:\/\/korsarger3500.de\/wp-content\/uploads\/2019\/09\/7_Schwaben_2019__1-150x150.jpg\" class=\"attachment-thumbnail size-thumbnail\" alt=\"\" \/><\/a>\n\t\t\t<\/div><\/figure><figure class='gallery-item'>\n\t\t\t<div class='gallery-icon landscape'>\n\t\t\t\t<a href='https:\/\/korsarger3500.de\/wp-content\/uploads\/2019\/09\/7_Schwaben_2019__4.jpg'><img loading=\"lazy\" decoding=\"async\" width=\"150\" height=\"150\" src=\"https:\/\/korsarger3500.de\/wp-content\/uploads\/2019\/09\/7_Schwaben_2019__4-150x150.jpg\" class=\"attachment-thumbnail size-thumbnail\" alt=\"\" \/><\/a>\n\t\t\t<\/div><\/figure>\n\t\t<\/div>\n\n<p>ah-so gewonnen hat <em>s\u00e4ck\u00b4nd Strietzer<\/em> mit Guido und Lucas<\/p>\n<p><a href=\"https:\/\/korsarger3500.de\/wp-content\/uploads\/2022\/06\/2019_Schwaben.jpg\" data-lbwps-width=\"914\" data-lbwps-height=\"577\" data-lbwps-srcsmall=\"https:\/\/korsarger3500.de\/wp-content\/uploads\/2022\/06\/2019_Schwaben-300x189.jpg\">Ergebnis<\/a><\/p>\n<p><a href=\"https:\/\/korsarger3500.de\/index.php\/korsarentrichter-2019\/\">weiter<\/a> \u2026oder zur <a href=\"http:\/\/korsarger3500.de\/\">Startseite<\/a><\/p>\n<p>&nbsp;<\/p>\n","protected":false},"excerpt":{"rendered":"<p>M\u00fcssen da immer 7 Schwaben mit segeln? Ich habe ganz vergessen mich zu erkundigen warum diese Regatta am Alpsee so hei\u00dft. Das muss ich unbedingt nachholen. Ich war auf jeden Fall mit meiner Crew dabei. Nachdem ich dieses Jahr schon mal am Alpsee zur Kuhschelle war sind wir nochmal nach Immenstatt ged\u00fcst und kamen Freitags &hellip; <a href=\"https:\/\/korsarger3500.de\/index.php\/7-schwaben-regatta-am-alpsee-2019\/\" class=\"more-link\"><span class=\"screen-reader-text\">7 Schwaben Regatta am Alpsee 2019<\/span> weiterlesen<\/a><\/p>\n","protected":false},"author":1,"featured_media":0,"parent":0,"menu_order":0,"comment_status":"closed","ping_status":"closed","template":"","meta":{"footnotes":""},"class_list":["post-6192","page","type-page","status-publish","hentry"],"_links":{"self":[{"href":"https:\/\/korsarger3500.de\/index.php\/wp-json\/wp\/v2\/pages\/6192","targetHints":{"allow":["GET"]}}],"collection":[{"href":"https:\/\/korsarger3500.de\/index.php\/wp-json\/wp\/v2\/pages"}],"about":[{"href":"https:\/\/korsarger3500.de\/index.php\/wp-json\/wp\/v2\/types\/page"}],"author":[{"embeddable":true,"href":"https:\/\/korsarger3500.de\/index.php\/wp-json\/wp\/v2\/users\/1"}],"replies":[{"embeddable":true,"href":"https:\/\/korsarger3500.de\/index.php\/wp-json\/wp\/v2\/comments?post=6192"}],"version-history":[{"count":15,"href":"https:\/\/korsarger3500.de\/index.php\/wp-json\/wp\/v2\/pages\/6192\/revisions"}],"predecessor-version":[{"id":7829,"href":"https:\/\/korsarger3500.de\/index.php\/wp-json\/wp\/v2\/pages\/6192\/revisions\/7829"}],"wp:attachment":[{"href":"https:\/\/korsarger3500.de\/index.php\/wp-json\/wp\/v2\/media?parent=6192"}],"curies":[{"name":"wp","href":"https:\/\/api.w.org\/{rel}","templated":true}]}}