{"id":6148,"date":"2019-08-30T08:20:09","date_gmt":"2019-08-30T06:20:09","guid":{"rendered":"https:\/\/korsarger3500.de\/?page_id=6148"},"modified":"2022-06-12T11:49:45","modified_gmt":"2022-06-12T09:49:45","slug":"oem-2019-am-achensee","status":"publish","type":"page","link":"https:\/\/korsarger3500.de\/index.php\/oem-2019-am-achensee\/","title":{"rendered":"\u00d6M 2019 am Achensee"},"content":{"rendered":"<p style=\"text-align: justify;\">Zur \u00f6sterreichischen Meisterschaft der Korsare an den Achensee sollte es gehen. 39 Korsaren Crews hatten sich angemeldet und zusammen mit den 41 gemeldeten FDs gibt das bestimmt ein sehr sch\u00f6nes Bild. Wir sind am Mittwoch Richtung Bayern aufgebrochen und mit einigen Umfahrungen wegen Stau nach 8 1\/2 Stunden endlich am See angekommen. Skipper hatte den Torcode zum <a href=\"http:\/\/www.sctwv.at\/index.php?id=4\">SCTWV<\/a> zuvor angefragt und so konnte ich schon abends auf dem Clubgel\u00e4nde stehen und die erste Nacht am Wasser liegen. Die Crew verbrachte noch einen sch\u00f6nen Abend im Womo mit den Schlindweins. Am Donnerstag wurde ich aufgebaut und es ging dann gleich mal auf das Wasser zum Einsegeln. Das Wetter war herrlich, Sonnenschein und gute 4 Bft aus Nord. Bei der letzten Halse unter Spi erwischte uns leider noch eine B\u00f6 und schwups lag ich auf der Seite. Skipper hatte den Spi zu offen gefahren und der hatte sich dann 2 mal um das Vorstag gewickelt. Mehrere Versuche mich aufzurichten scheiterten. Der mit Wasser gef\u00fcllte Spi zog mich immer wieder nach unten. Irgend wann sahen die beiden ein, das dass so nicht ging. Der Spi musste geborgen werden. Dazu hat die Schottin sich die Mastspitze auf die Schulter gelegt und Skipper hat den Spi losgeknotet und verstaut. Mittlerweile war die <a href=\"https:\/\/korsarger3500.de\/wp-content\/uploads\/2019\/08\/\u00d6M_2019__5.jpg\" data-lbwps-width=\"945\" data-lbwps-height=\"1260\" data-lbwps-srcsmall=\"https:\/\/korsarger3500.de\/wp-content\/uploads\/2019\/08\/\u00d6M_2019__5-225x300.jpg\"><img loading=\"lazy\" decoding=\"async\" class=\"size-thumbnail wp-image-6155 alignright\" src=\"https:\/\/korsarger3500.de\/wp-content\/uploads\/2019\/08\/\u00d6M_2019__5-150x150.jpg\" alt=\"\" width=\"150\" height=\"150\" \/><\/a>Wassserwacht mit Ihrem Boot anger\u00fcckt um Hilfe zu leisten. Da wir schon fast am Ufer waren, nahmen die beiden die Hilfe gerne an und ich wurde einige Meter vom Ufer weggeschleppt. Das Leersegeln war dann, bei immer noch strammem Wind, kein Problem und wir kamen p\u00fcnktlich zur Vermessung wieder beim Club an. Vermessen wurde die L\u00e4nge des Spibaumes und die Messmarke am Gro\u00dfbaum. Dann kritzelte der Vermesser noch auf alle meine Segel mit einem roten Edding seinen Namen und das war&#8217;s schon. Apropos rot, ich habe einen neuen Spi bekommen und zwar in rot. Der ist leichter als mein schwarzer und ich bin gespannt wie der zieht. Im Laufe des Nachmittags kamen immer mehr Crews mit Ihren Schiffen an und so wurde es immer voller auf dem Platz. Mein Trailer verschwand irgendwann in einem gro\u00dfen Haufen aus Stahl und Blech. Einen dreist\u00f6ckigen Trailer hatte ich bis dahin auch noch nicht gesehen. Am n\u00e4chsten Morgen wurden vormittags noch die restlichen Schiffe und Segel vermessen und <a href=\"https:\/\/korsarger3500.de\/wp-content\/uploads\/2019\/08\/\u00d6M_2019__4.jpg\" data-lbwps-width=\"945\" data-lbwps-height=\"1260\" data-lbwps-srcsmall=\"https:\/\/korsarger3500.de\/wp-content\/uploads\/2019\/08\/\u00d6M_2019__4-225x300.jpg\"><img loading=\"lazy\" decoding=\"async\" class=\"size-thumbnail wp-image-6154 alignleft\" src=\"https:\/\/korsarger3500.de\/wp-content\/uploads\/2019\/08\/\u00d6M_2019__4-150x150.jpg\" alt=\"\" width=\"150\" height=\"150\" \/><\/a>dann bei einschlafendem S\u00fcdwind der erste Lauf gestartet. Nach ca 30 Minuten hatten wir die Luftonne erreicht, dann hatte der Wettfahrtleiter endlich ein Einsehen und schoss den Lauf ab. Nach und nach d\u00fcmpelten wir zur\u00fcck zum Clubgel\u00e4nde. Unterwegs nahm uns ein Schlauchboot ins Schlepp und zog uns Richtung Norden. Bald darauf setze Nordwind ein und wir konnten noch vier L\u00e4ufe segeln. Beim letzten Lauf schlief der Wind dann wieder ein und man schleppt uns\u00a0 zur\u00fcck zum Ufer. Wir waren an diesem Tag neun Stunden auf dem Wasser, die Crew war platt und freute sich auf das Abendessen. Es gab Bratkartoffeln und ein Spiegelei. Den Samstag vertr\u00f6delte die Crew mit mir zusammen bei v\u00f6lliger Windstille am Steg. Es kamen immer mal <a href=\"https:\/\/korsarger3500.de\/wp-content\/uploads\/2019\/08\/\u00d6M_2019__9.jpg\" data-lbwps-width=\"1680\" data-lbwps-height=\"1260\" data-lbwps-srcsmall=\"https:\/\/korsarger3500.de\/wp-content\/uploads\/2019\/08\/\u00d6M_2019__9-300x225.jpg\"><img loading=\"lazy\" decoding=\"async\" class=\"size-thumbnail wp-image-6159 alignright\" src=\"https:\/\/korsarger3500.de\/wp-content\/uploads\/2019\/08\/\u00d6M_2019__9-150x150.jpg\" alt=\"\" width=\"150\" height=\"150\" \/><\/a>wieder andere Crews zum fachsimpeln und sonnenbaden zu uns und so wurde dies ein geselliger Tag bei herrlichem Panorama am See. Die Korsarenjugend nutzte dreweil meinen Slippwagen als Spielwiese, Sitzgelegenheit und als Kartentisch. Der Sonntag weckte mich wieder mit strahlendem Sonnenschein und es konnten bei S\u00fcdwind 3 Wettfahrten gesegelt werden. Die Crew segelte bei leichtem Wind besser als am Freitag, konnte aber das Gesamtergebnis irgendwie nicht mehr verbessern. Teilweise fuhren wir unter den ersten 10 Schiffen mit und segelten uns dann aber immer wieder zur\u00fcck. In dritten Lauf hatten wir dann auch noch eine unsch\u00f6ne Begegnung an der Luftonne, trotz lautem &#8222;Raum rufen&#8220; der Schottin fuhr man mir vor den Bug. Skipper musste extrem abfallen um eine Kollision zu vermeiden. Das sportlich faire Verhalten einer Entlastung und Entschuldigung, welches wir von vielen anderen Crews gewohnt sind, schenkte sich diese Crew jedoch und segelte einfach weiter. Mit diesem unerfreulichen Aufeinandertreffen endete dann der Segeltag und ich kann dazu nur bemerken: Gut gemacht Skipper, Hauptsache es ist nix kaputt gemacht worden. Dann haben die beiden mich auf den<a href=\"https:\/\/korsarger3500.de\/wp-content\/uploads\/2019\/08\/\u00d6M_2019__14.jpg\" data-lbwps-width=\"1680\" data-lbwps-height=\"1260\" data-lbwps-srcsmall=\"https:\/\/korsarger3500.de\/wp-content\/uploads\/2019\/08\/\u00d6M_2019__14-300x225.jpg\"><img loading=\"lazy\" decoding=\"async\" class=\"size-thumbnail wp-image-6164 alignleft\" src=\"https:\/\/korsarger3500.de\/wp-content\/uploads\/2019\/08\/\u00d6M_2019__14-150x150.jpg\" alt=\"\" width=\"150\" height=\"150\" \/><\/a> Slippfahrstuhl gesegelt und ich kam wieder in den Genuss des unfallfreien Slipppens. Da die Crew am fr\u00fchen morgen meinen Trailer schon aus dem Get\u00fcmmel befreit hatte konnte ich schnell abgebaut und verladen werden. Die Sonne brannte erbarmungslos auf meine PVC Persening und ich fing m\u00e4chtig zu schwitzen an. Das sah die Crew dann auch gleich und so machten wir uns z\u00fcgig auf den Weg Richtung Heimat. Der Fahrtwind k\u00fchlte mich sofort wieder und au\u00dfer einem kurzen Stau vor M\u00fcnchen hatten wir freie Fahrt.<\/p>\n<div id='gallery-1' class='gallery galleryid-6148 gallery-columns-4 gallery-size-thumbnail'><figure class='gallery-item'>\n\t\t\t<div class='gallery-icon landscape'>\n\t\t\t\t<a href='https:\/\/korsarger3500.de\/wp-content\/uploads\/2019\/08\/\u00d6M_2019__1.jpg'><img loading=\"lazy\" decoding=\"async\" width=\"150\" height=\"150\" src=\"https:\/\/korsarger3500.de\/wp-content\/uploads\/2019\/08\/\u00d6M_2019__1-150x150.jpg\" class=\"attachment-thumbnail size-thumbnail\" alt=\"\" \/><\/a>\n\t\t\t<\/div><\/figure><figure class='gallery-item'>\n\t\t\t<div class='gallery-icon landscape'>\n\t\t\t\t<a href='https:\/\/korsarger3500.de\/wp-content\/uploads\/2019\/08\/\u00d6M_2019__12.jpg'><img loading=\"lazy\" decoding=\"async\" width=\"150\" height=\"150\" src=\"https:\/\/korsarger3500.de\/wp-content\/uploads\/2019\/08\/\u00d6M_2019__12-150x150.jpg\" class=\"attachment-thumbnail size-thumbnail\" alt=\"\" \/><\/a>\n\t\t\t<\/div><\/figure><figure class='gallery-item'>\n\t\t\t<div class='gallery-icon landscape'>\n\t\t\t\t<a href='https:\/\/korsarger3500.de\/wp-content\/uploads\/2019\/08\/\u00d6M_2919_13.jpg'><img loading=\"lazy\" decoding=\"async\" width=\"150\" height=\"150\" src=\"https:\/\/korsarger3500.de\/wp-content\/uploads\/2019\/08\/\u00d6M_2919_13-150x150.jpg\" class=\"attachment-thumbnail size-thumbnail\" alt=\"\" \/><\/a>\n\t\t\t<\/div><\/figure><figure class='gallery-item'>\n\t\t\t<div class='gallery-icon landscape'>\n\t\t\t\t<a href='https:\/\/korsarger3500.de\/wp-content\/uploads\/2019\/08\/\u00d6M_2919_11.jpg'><img loading=\"lazy\" decoding=\"async\" width=\"150\" height=\"150\" src=\"https:\/\/korsarger3500.de\/wp-content\/uploads\/2019\/08\/\u00d6M_2919_11-150x150.jpg\" class=\"attachment-thumbnail size-thumbnail\" alt=\"\" \/><\/a>\n\t\t\t<\/div><\/figure><figure class='gallery-item'>\n\t\t\t<div class='gallery-icon landscape'>\n\t\t\t\t<a href='https:\/\/korsarger3500.de\/wp-content\/uploads\/2019\/08\/\u00d6M_2919_10.jpg'><img loading=\"lazy\" decoding=\"async\" width=\"150\" height=\"150\" src=\"https:\/\/korsarger3500.de\/wp-content\/uploads\/2019\/08\/\u00d6M_2919_10-150x150.jpg\" class=\"attachment-thumbnail size-thumbnail\" alt=\"\" \/><\/a>\n\t\t\t<\/div><\/figure><figure class='gallery-item'>\n\t\t\t<div class='gallery-icon landscape'>\n\t\t\t\t<a href='https:\/\/korsarger3500.de\/wp-content\/uploads\/2019\/08\/\u00d6M_2919_8.jpg'><img loading=\"lazy\" decoding=\"async\" width=\"150\" height=\"150\" src=\"https:\/\/korsarger3500.de\/wp-content\/uploads\/2019\/08\/\u00d6M_2919_8-150x150.jpg\" class=\"attachment-thumbnail size-thumbnail\" alt=\"\" \/><\/a>\n\t\t\t<\/div><\/figure><figure class='gallery-item'>\n\t\t\t<div class='gallery-icon landscape'>\n\t\t\t\t<a href='https:\/\/korsarger3500.de\/wp-content\/uploads\/2019\/08\/\u00d6M_2919_7.jpg'><img loading=\"lazy\" decoding=\"async\" width=\"150\" height=\"150\" src=\"https:\/\/korsarger3500.de\/wp-content\/uploads\/2019\/08\/\u00d6M_2919_7-150x150.jpg\" class=\"attachment-thumbnail size-thumbnail\" alt=\"\" \/><\/a>\n\t\t\t<\/div><\/figure><figure class='gallery-item'>\n\t\t\t<div class='gallery-icon portrait'>\n\t\t\t\t<a href='https:\/\/korsarger3500.de\/wp-content\/uploads\/2019\/08\/\u00d6M_2919_3.jpg'><img loading=\"lazy\" decoding=\"async\" width=\"150\" height=\"150\" src=\"https:\/\/korsarger3500.de\/wp-content\/uploads\/2019\/08\/\u00d6M_2919_3-150x150.jpg\" class=\"attachment-thumbnail size-thumbnail\" alt=\"\" \/><\/a>\n\t\t\t<\/div><\/figure><figure class='gallery-item'>\n\t\t\t<div class='gallery-icon landscape'>\n\t\t\t\t<a href='https:\/\/korsarger3500.de\/wp-content\/uploads\/2019\/08\/\u00d6M_2919_1.jpg'><img loading=\"lazy\" decoding=\"async\" width=\"150\" height=\"150\" src=\"https:\/\/korsarger3500.de\/wp-content\/uploads\/2019\/08\/\u00d6M_2919_1-150x150.jpg\" class=\"attachment-thumbnail size-thumbnail\" alt=\"\" \/><\/a>\n\t\t\t<\/div><\/figure><figure class='gallery-item'>\n\t\t\t<div class='gallery-icon landscape'>\n\t\t\t\t<a href='https:\/\/korsarger3500.de\/wp-content\/uploads\/2019\/08\/\u00d6M_2019__13.jpg'><img loading=\"lazy\" decoding=\"async\" width=\"150\" height=\"150\" src=\"https:\/\/korsarger3500.de\/wp-content\/uploads\/2019\/08\/\u00d6M_2019__13-150x150.jpg\" class=\"attachment-thumbnail size-thumbnail\" alt=\"\" \/><\/a>\n\t\t\t<\/div><\/figure><figure class='gallery-item'>\n\t\t\t<div class='gallery-icon landscape'>\n\t\t\t\t<a href='https:\/\/korsarger3500.de\/wp-content\/uploads\/2019\/08\/\u00d6M_2019__11.jpg'><img loading=\"lazy\" decoding=\"async\" width=\"150\" height=\"150\" src=\"https:\/\/korsarger3500.de\/wp-content\/uploads\/2019\/08\/\u00d6M_2019__11-150x150.jpg\" class=\"attachment-thumbnail size-thumbnail\" alt=\"\" \/><\/a>\n\t\t\t<\/div><\/figure><figure class='gallery-item'>\n\t\t\t<div class='gallery-icon landscape'>\n\t\t\t\t<a href='https:\/\/korsarger3500.de\/wp-content\/uploads\/2019\/08\/\u00d6M_2019__10.jpg'><img loading=\"lazy\" decoding=\"async\" width=\"150\" height=\"150\" src=\"https:\/\/korsarger3500.de\/wp-content\/uploads\/2019\/08\/\u00d6M_2019__10-150x150.jpg\" class=\"attachment-thumbnail size-thumbnail\" alt=\"\" \/><\/a>\n\t\t\t<\/div><\/figure><figure class='gallery-item'>\n\t\t\t<div class='gallery-icon landscape'>\n\t\t\t\t<a href='https:\/\/korsarger3500.de\/wp-content\/uploads\/2019\/08\/\u00d6M_2019__8.jpg'><img loading=\"lazy\" decoding=\"async\" width=\"150\" height=\"150\" src=\"https:\/\/korsarger3500.de\/wp-content\/uploads\/2019\/08\/\u00d6M_2019__8-150x150.jpg\" class=\"attachment-thumbnail size-thumbnail\" alt=\"\" \/><\/a>\n\t\t\t<\/div><\/figure><figure class='gallery-item'>\n\t\t\t<div class='gallery-icon landscape'>\n\t\t\t\t<a href='https:\/\/korsarger3500.de\/wp-content\/uploads\/2019\/08\/\u00d6M_2019__6.jpg'><img loading=\"lazy\" decoding=\"async\" width=\"150\" height=\"150\" src=\"https:\/\/korsarger3500.de\/wp-content\/uploads\/2019\/08\/\u00d6M_2019__6-150x150.jpg\" class=\"attachment-thumbnail size-thumbnail\" alt=\"\" \/><\/a>\n\t\t\t<\/div><\/figure><figure class='gallery-item'>\n\t\t\t<div class='gallery-icon landscape'>\n\t\t\t\t<a href='https:\/\/korsarger3500.de\/wp-content\/uploads\/2019\/08\/\u00d6M_2019__3.jpg'><img loading=\"lazy\" decoding=\"async\" width=\"150\" height=\"150\" src=\"https:\/\/korsarger3500.de\/wp-content\/uploads\/2019\/08\/\u00d6M_2019__3-150x150.jpg\" class=\"attachment-thumbnail size-thumbnail\" alt=\"\" \/><\/a>\n\t\t\t<\/div><\/figure><figure class='gallery-item'>\n\t\t\t<div class='gallery-icon landscape'>\n\t\t\t\t<a href='https:\/\/korsarger3500.de\/wp-content\/uploads\/2019\/08\/\u00d6M_2019__2.jpg'><img loading=\"lazy\" decoding=\"async\" width=\"150\" height=\"150\" src=\"https:\/\/korsarger3500.de\/wp-content\/uploads\/2019\/08\/\u00d6M_2019__2-150x150.jpg\" class=\"attachment-thumbnail size-thumbnail\" alt=\"\" \/><\/a>\n\t\t\t<\/div><\/figure>\n\t\t<\/div>\n\n<p>ah-so gewonnen hat <em>a must have <\/em>mit Markus und Stefanie<\/p>\n<p><a href=\"https:\/\/korsarger3500.de\/wp-content\/uploads\/2022\/06\/2019_Achensee_1.jpg\" data-lbwps-width=\"915\" data-lbwps-height=\"823\" data-lbwps-srcsmall=\"https:\/\/korsarger3500.de\/wp-content\/uploads\/2022\/06\/2019_Achensee_1-300x270.jpg\">Ergebnis1<\/a>\u00a0 \u00a0<a href=\"https:\/\/korsarger3500.de\/wp-content\/uploads\/2022\/06\/2019_Achensee_2.jpg\" data-lbwps-width=\"923\" data-lbwps-height=\"353\" data-lbwps-srcsmall=\"https:\/\/korsarger3500.de\/wp-content\/uploads\/2022\/06\/2019_Achensee_2-300x115.jpg\">Ergebnis2<\/a><\/p>\n<p><a href=\"https:\/\/korsarger3500.de\/index.php\/7-schwaben-regatta-am-alpsee-2019\/\">weiter <\/a>\u2026oder zur <a href=\"http:\/\/korsarger3500.de\/\">Startseite<\/a><\/p>\n","protected":false},"excerpt":{"rendered":"<p>Zur \u00f6sterreichischen Meisterschaft der Korsare an den Achensee sollte es gehen. 39 Korsaren Crews hatten sich angemeldet und zusammen mit den 41 gemeldeten FDs gibt das bestimmt ein sehr sch\u00f6nes Bild. Wir sind am Mittwoch Richtung Bayern aufgebrochen und mit einigen Umfahrungen wegen Stau nach 8 1\/2 Stunden endlich am See angekommen. Skipper hatte den &hellip; <a href=\"https:\/\/korsarger3500.de\/index.php\/oem-2019-am-achensee\/\" class=\"more-link\"><span class=\"screen-reader-text\">\u00d6M 2019 am Achensee<\/span> weiterlesen<\/a><\/p>\n","protected":false},"author":1,"featured_media":0,"parent":0,"menu_order":0,"comment_status":"closed","ping_status":"closed","template":"","meta":{"footnotes":""},"class_list":["post-6148","page","type-page","status-publish","hentry"],"_links":{"self":[{"href":"https:\/\/korsarger3500.de\/index.php\/wp-json\/wp\/v2\/pages\/6148","targetHints":{"allow":["GET"]}}],"collection":[{"href":"https:\/\/korsarger3500.de\/index.php\/wp-json\/wp\/v2\/pages"}],"about":[{"href":"https:\/\/korsarger3500.de\/index.php\/wp-json\/wp\/v2\/types\/page"}],"author":[{"embeddable":true,"href":"https:\/\/korsarger3500.de\/index.php\/wp-json\/wp\/v2\/users\/1"}],"replies":[{"embeddable":true,"href":"https:\/\/korsarger3500.de\/index.php\/wp-json\/wp\/v2\/comments?post=6148"}],"version-history":[{"count":14,"href":"https:\/\/korsarger3500.de\/index.php\/wp-json\/wp\/v2\/pages\/6148\/revisions"}],"predecessor-version":[{"id":7828,"href":"https:\/\/korsarger3500.de\/index.php\/wp-json\/wp\/v2\/pages\/6148\/revisions\/7828"}],"wp:attachment":[{"href":"https:\/\/korsarger3500.de\/index.php\/wp-json\/wp\/v2\/media?parent=6148"}],"curies":[{"name":"wp","href":"https:\/\/api.w.org\/{rel}","templated":true}]}}