{"id":5641,"date":"2018-12-18T19:43:52","date_gmt":"2018-12-18T18:43:52","guid":{"rendered":"https:\/\/korsarger3500.de\/?page_id=5641"},"modified":"2024-08-21T05:38:05","modified_gmt":"2024-08-21T03:38:05","slug":"grossschotfuehrung","status":"publish","type":"page","link":"https:\/\/korsarger3500.de\/index.php\/grossschotfuehrung\/","title":{"rendered":"Gro\u00dfschotf\u00fchrung"},"content":{"rendered":"<p style=\"text-align: justify;\"><a href=\"https:\/\/korsarger3500.de\/wp-content\/uploads\/2018\/12\/Baumrutscher.jpg\" data-lbwps-width=\"981\" data-lbwps-height=\"775\" data-lbwps-srcsmall=\"https:\/\/korsarger3500.de\/wp-content\/uploads\/2018\/12\/Baumrutscher-300x237.jpg\"><img loading=\"lazy\" decoding=\"async\" class=\"alignleft wp-image-5677 size-thumbnail\" src=\"https:\/\/korsarger3500.de\/wp-content\/uploads\/2018\/12\/Baumrutscher-150x150.jpg\" alt=\"die alte F\u00fchrung der Schot\" width=\"150\" height=\"150\" \/><\/a>An meinem B\u00fcgel hat Skipper ja schon mehrfach gebastelt und einige Verbesserungen gebaut, aber so ganz zufrieden ist er damit noch nicht. Seit letzter Saison kann die Crew auch mein Mastfall w\u00e4hrend des segelns verstellen und dadurch ver\u00e4ndert sich der Holepunkt der Gro\u00dfschotf\u00fchrung am Baum. Die Schot\u00a0 l\u00e4uft dann aber nicht mehr senkrecht und mein Mini-Traveler auf dem B\u00fcgel funktioniert nicht mehr. Die beiden Edelstahl-Baumrutscher m\u00fcssen immer wieder auf den neuen Holepunkt eingestellt werden. Das ist Fummelkram und st\u00f6rt das konzentrierte Segeln erheblich. Die Baumrutscher m\u00fcssten von alleine in die neue Position gleiten, das w\u00e4re prima. Und das war dann auch die Aufgabe. Bei einem Glas Wein am Kaminofen gr\u00fcbelte die Crew \u00fcber eine L\u00f6sung nach. Die erste Idee, einen kleinen Traveler unter den Baum zu schrauben und die Gro\u00dfschotrollen dann auf zwei Travelerschlitten zu montieren war schon mal nicht schlecht, aber das tr\u00e4gt zu dick unter dem Baum auf und ist au\u00dferdem sehr teuer. Man m\u00fcsste den Traveler in den Baum einbauen k\u00f6nnen, oder noch besser, der Baum selbst k\u00f6nnte als Travelerschiene fungieren. Die Schottin meinte &#8222;bau doch einfach ein W\u00e4gelchen in den Baum ein&#8220;. Das war&#8217;s. Ein kleiner Wagen, der auf kugelgelagerten R\u00e4dern im Baum frei rollen kann und an dem die Schotrollen h\u00e4ngend befestigt sind. Die Idee war geboren<a href=\"https:\/\/korsarger3500.de\/wp-content\/uploads\/2018\/12\/Baumrutscher_2.jpg\" data-lbwps-width=\"1680\" data-lbwps-height=\"1260\" data-lbwps-srcsmall=\"https:\/\/korsarger3500.de\/wp-content\/uploads\/2018\/12\/Baumrutscher_2-300x225.jpg\"><img loading=\"lazy\" decoding=\"async\" class=\"alignright wp-image-5636 size-thumbnail\" src=\"https:\/\/korsarger3500.de\/wp-content\/uploads\/2018\/12\/Baumrutscher_2-150x150.jpg\" alt=\"das Material f\u00fcr den Wagen\" width=\"150\" height=\"150\" \/><\/a> und jetzt ging es an die Umsetzung. Der Wagen besteht aus einem Alu Rechteckrohr. Ein paar Kugellager hat Skipper im WWW bestellt. Als Achsen des Wagens dienen alte 5er Bohrer und zwei Schotaugen zur Befestigung der Rollen fanden sich auch noch. Aus diesen Teilen fertigte er dann das W\u00e4gelchen. In den Baum musste nun ein 30cm langer Schlitz. Den fr\u00e4ste er mit der Flex und feilte anschlie\u00dfend die Kanten sch\u00f6n glatt. Beim ersten einbauen des Wagens in den Baum lief der noch gar nicht sch\u00f6n. Die Spur des Wagens passte hinten und vorne nicht auf das Profil des Alubaumes und der Wagen verkantete sich immer. Aber nach einigen Anpassungen und Feinjustierungen lief der Wagen dann ganz leicht im Baum hin und her. Die Vorteile dieses Systems zeigte sich schon in der Garage beim provisorischem Test. Das manuelle Verstellen der Rutscher ist nicht mehr n\u00f6tig, sie laufen von selbst in die senkrechte Position. Und es wirken, selbst bei sehr starkem Zug der Gro\u00dfschot, keinerlei Kr\u00e4fte mehr in Mitschiffsrichtung auf den Baum.<\/p>\n<div id='gallery-1' class='gallery galleryid-5641 gallery-columns-4 gallery-size-thumbnail'><figure class='gallery-item'>\n\t\t\t<div class='gallery-icon portrait'>\n\t\t\t\t<a href='https:\/\/korsarger3500.de\/wp-content\/uploads\/2018\/12\/Baumrutscher_1.jpg'><img loading=\"lazy\" decoding=\"async\" width=\"150\" height=\"150\" src=\"https:\/\/korsarger3500.de\/wp-content\/uploads\/2018\/12\/Baumrutscher_1-150x150.jpg\" class=\"attachment-thumbnail size-thumbnail\" alt=\"Prototyp\" \/><\/a>\n\t\t\t<\/div><\/figure><figure class='gallery-item'>\n\t\t\t<div class='gallery-icon landscape'>\n\t\t\t\t<a href='https:\/\/korsarger3500.de\/wp-content\/uploads\/2019\/05\/Baumrutscher_2.jpg'><img loading=\"lazy\" decoding=\"async\" width=\"150\" height=\"150\" src=\"https:\/\/korsarger3500.de\/wp-content\/uploads\/2019\/05\/Baumrutscher_2-150x150.jpg\" class=\"attachment-thumbnail size-thumbnail\" alt=\"der Wagen\" \/><\/a>\n\t\t\t<\/div><\/figure><figure class='gallery-item'>\n\t\t\t<div class='gallery-icon portrait'>\n\t\t\t\t<a href='https:\/\/korsarger3500.de\/wp-content\/uploads\/2018\/12\/Baumrutscher_4.jpg'><img loading=\"lazy\" decoding=\"async\" width=\"150\" height=\"150\" src=\"https:\/\/korsarger3500.de\/wp-content\/uploads\/2018\/12\/Baumrutscher_4-150x150.jpg\" class=\"attachment-thumbnail size-thumbnail\" alt=\"der Schlitz ist fertig\" \/><\/a>\n\t\t\t<\/div><\/figure><figure class='gallery-item'>\n\t\t\t<div class='gallery-icon landscape'>\n\t\t\t\t<a href='https:\/\/korsarger3500.de\/wp-content\/uploads\/2018\/12\/Baumrutscher_5.jpg'><img loading=\"lazy\" decoding=\"async\" width=\"150\" height=\"150\" src=\"https:\/\/korsarger3500.de\/wp-content\/uploads\/2018\/12\/Baumrutscher_5-150x150.jpg\" class=\"attachment-thumbnail size-thumbnail\" alt=\"der Wagen im Baum\" \/><\/a>\n\t\t\t<\/div><\/figure>\n\t\t<\/div>\n\n<p style=\"text-align: justify;\">Das war schon mal sehr sch\u00f6n. Was aber nun nicht mehr passt, ist die vierte Rolle am Baum, mit der die Gro\u00dfschot immer senkrecht \u00fcber dem (Kenter) Block gef\u00fchrt wird. Die Rolle muss weg da sie den Schlitten nun immer nach achtern zieht. Das hei\u00dft aber, dass die Schot nicht mehr gerade in den Block hinein l\u00e4uft. Der Block musste um ca 20 Grad geneigt werden. Die vorhandene Halterung war dazu nicht zu gebrauchen und es musste eine neue Aufnahme her, damit der Block exakt auf die Zugrichtung der Gro\u00dfschot ausgerichtet werden kann. Zum Gl\u00fcck fand sich in der Holzkiste noch ein St\u00fcck Teak welches den Weg vom Schluchsee zu uns nach Hause gefunden hatte. Aus diesen fertigte Skipper eine neue Aufnahme die mit dem Schwertkasten verschraubt wurde und auf der dann den Block schr\u00e4g angeflanscht werden konnte. Jetzt l\u00e4uft die Gro\u00dfschot exakt gerade in den Block. Damit man die Schot wahlweise mit zweifach oder dreifach \u00dcbersetzung fahren kann hat er noch eine neue Schnellbefestigung gebaut. Ein St\u00fcck PE Gasleitungsrohr mit einem passenden Loch und Schlitz welches in den B\u00fcgel eingef\u00e4delt ist tut nun diesen Dienst.<\/p>\n<div id='gallery-2' class='gallery galleryid-5641 gallery-columns-4 gallery-size-thumbnail'><figure class='gallery-item'>\n\t\t\t<div class='gallery-icon landscape'>\n\t\t\t\t<a href='https:\/\/korsarger3500.de\/wp-content\/uploads\/2018\/12\/Baumrutscher_10.jpg'><img loading=\"lazy\" decoding=\"async\" width=\"150\" height=\"150\" src=\"https:\/\/korsarger3500.de\/wp-content\/uploads\/2018\/12\/Baumrutscher_10-150x150.jpg\" class=\"attachment-thumbnail size-thumbnail\" alt=\"Baumrutscher\" \/><\/a>\n\t\t\t<\/div><\/figure><figure class='gallery-item'>\n\t\t\t<div class='gallery-icon landscape'>\n\t\t\t\t<a href='https:\/\/korsarger3500.de\/wp-content\/uploads\/2018\/12\/Baumrutscher_7.jpg'><img loading=\"lazy\" decoding=\"async\" width=\"150\" height=\"150\" src=\"https:\/\/korsarger3500.de\/wp-content\/uploads\/2018\/12\/Baumrutscher_7-150x150.jpg\" class=\"attachment-thumbnail size-thumbnail\" alt=\"neue Blockaufnahme\" \/><\/a>\n\t\t\t<\/div><\/figure><figure class='gallery-item'>\n\t\t\t<div class='gallery-icon landscape'>\n\t\t\t\t<a href='https:\/\/korsarger3500.de\/wp-content\/uploads\/2018\/12\/Baumrutscher_8.jpg'><img loading=\"lazy\" decoding=\"async\" width=\"150\" height=\"150\" src=\"https:\/\/korsarger3500.de\/wp-content\/uploads\/2018\/12\/Baumrutscher_8-150x150.jpg\" class=\"attachment-thumbnail size-thumbnail\" alt=\"der richtige Schotwinkel\" \/><\/a>\n\t\t\t<\/div><\/figure><figure class='gallery-item'>\n\t\t\t<div class='gallery-icon landscape'>\n\t\t\t\t<a href='https:\/\/korsarger3500.de\/wp-content\/uploads\/2019\/05\/Baumrutscher_4.jpg'><img loading=\"lazy\" decoding=\"async\" width=\"150\" height=\"150\" src=\"https:\/\/korsarger3500.de\/wp-content\/uploads\/2019\/05\/Baumrutscher_4-150x150.jpg\" class=\"attachment-thumbnail size-thumbnail\" alt=\"besser ist das\" \/><\/a>\n\t\t\t<\/div><\/figure>\n\t\t<\/div>\n\n<p style=\"text-align: justify;\">Die Blockaufnahme war aber doch noch nicht perfekt. Der Block liegt zu tief in meinem Rumpf. Der Zufall bescherte Skipper einen Edelstahlwinkel aus einen alten Jeton der sogar mit einem Mubir Block versehen war. Vom Block war zwar nur die \u00e4u\u00dfere F\u00fchrung zu gebrauchen aber der Edelstahlwinkel konnte mit ein paar Bohrl\u00f6chern perfekt an meinen Schwertkasten angepasst werden. Bin gespannt ob dies nun\u00a0 die finale L\u00f6sung ist und es so bleiben kann. Eine geraume Zeit war dies so Okay, dann fing aber der Schlitten im Baum an sich st\u00e4ndig zu <a href=\"https:\/\/korsarger3500.de\/wp-content\/uploads\/2022\/06\/Baumrutscher2.jpg\" data-lbwps-width=\"873\" data-lbwps-height=\"703\" data-lbwps-srcsmall=\"https:\/\/korsarger3500.de\/wp-content\/uploads\/2022\/06\/Baumrutscher2-300x242.jpg\"><img loading=\"lazy\" decoding=\"async\" class=\"alignleft wp-image-7732 size-thumbnail\" src=\"https:\/\/korsarger3500.de\/wp-content\/uploads\/2022\/06\/Baumrutscher2-150x150.jpg\" alt=\"funktioniert\" width=\"150\" height=\"150\" \/><\/a>verkanten. Das machte den Effekt zunichte. Skipper endschied sich dann f\u00fcr die teurere L\u00f6sung und schraubte eine Travelerschiene mit zwei Rutschern an den Baum. Die Rutscher laufen super leicht und sind ja f\u00fcr schr\u00e4gen Zug extra ausgelegt. Dies scheint mir aber nun die finale L\u00f6sung geworden zu sein.<\/p>\n<p><a href=\"https:\/\/korsarger3500.de\/index.php\/ich-bekomme-verstaerkung\/\">Weiter<\/a><\/p>\n","protected":false},"excerpt":{"rendered":"<p>An meinem B\u00fcgel hat Skipper ja schon mehrfach gebastelt und einige Verbesserungen gebaut, aber so ganz zufrieden ist er damit noch nicht. Seit letzter Saison kann die Crew auch mein Mastfall w\u00e4hrend des segelns verstellen und dadurch ver\u00e4ndert sich der Holepunkt der Gro\u00dfschotf\u00fchrung am Baum. Die Schot\u00a0 l\u00e4uft dann aber nicht mehr senkrecht und mein &hellip; <a href=\"https:\/\/korsarger3500.de\/index.php\/grossschotfuehrung\/\" class=\"more-link\"><span class=\"screen-reader-text\">Gro\u00dfschotf\u00fchrung<\/span> weiterlesen<\/a><\/p>\n","protected":false},"author":1,"featured_media":0,"parent":0,"menu_order":0,"comment_status":"closed","ping_status":"closed","template":"","meta":{"footnotes":""},"class_list":["post-5641","page","type-page","status-publish","hentry"],"_links":{"self":[{"href":"https:\/\/korsarger3500.de\/index.php\/wp-json\/wp\/v2\/pages\/5641","targetHints":{"allow":["GET"]}}],"collection":[{"href":"https:\/\/korsarger3500.de\/index.php\/wp-json\/wp\/v2\/pages"}],"about":[{"href":"https:\/\/korsarger3500.de\/index.php\/wp-json\/wp\/v2\/types\/page"}],"author":[{"embeddable":true,"href":"https:\/\/korsarger3500.de\/index.php\/wp-json\/wp\/v2\/users\/1"}],"replies":[{"embeddable":true,"href":"https:\/\/korsarger3500.de\/index.php\/wp-json\/wp\/v2\/comments?post=5641"}],"version-history":[{"count":31,"href":"https:\/\/korsarger3500.de\/index.php\/wp-json\/wp\/v2\/pages\/5641\/revisions"}],"predecessor-version":[{"id":9212,"href":"https:\/\/korsarger3500.de\/index.php\/wp-json\/wp\/v2\/pages\/5641\/revisions\/9212"}],"wp:attachment":[{"href":"https:\/\/korsarger3500.de\/index.php\/wp-json\/wp\/v2\/media?parent=5641"}],"curies":[{"name":"wp","href":"https:\/\/api.w.org\/{rel}","templated":true}]}}