{"id":471,"date":"2016-02-17T19:53:23","date_gmt":"2016-02-17T18:53:23","guid":{"rendered":"http:\/\/korsarger3500.de\/?page_id=471"},"modified":"2024-08-19T06:47:40","modified_gmt":"2024-08-19T04:47:40","slug":"neue-segel","status":"publish","type":"page","link":"https:\/\/korsarger3500.de\/index.php\/neue-segel\/","title":{"rendered":"Neue Segel"},"content":{"rendered":"<p class=\"wpview-selection-before\" style=\"text-align: justify;\">Ich bin ja nicht schlecht betucht &#8211; was meine Segel angeht &#8211; dachte ich zu mindestens.<a href=\"https:\/\/korsarger3500.de\/wp-content\/uploads\/2016\/02\/Alte-VM-Sails.jpg\" rel=\"attachment wp-att-487\" data-lbwps-width=\"613\" data-lbwps-height=\"522\" data-lbwps-srcsmall=\"https:\/\/korsarger3500.de\/wp-content\/uploads\/2016\/02\/Alte-VM-Sails-300x255.jpg\"><img loading=\"lazy\" decoding=\"async\" class=\"aligncenter wp-image-487 size-medium\" src=\"https:\/\/korsarger3500.de\/wp-content\/uploads\/2016\/02\/Alte-VM-Sails-300x255.jpg\" alt=\"Alte VM Sails\" width=\"300\" height=\"255\" srcset=\"https:\/\/korsarger3500.de\/wp-content\/uploads\/2016\/02\/Alte-VM-Sails-300x255.jpg 300w, https:\/\/korsarger3500.de\/wp-content\/uploads\/2016\/02\/Alte-VM-Sails.jpg 613w\" sizes=\"auto, (max-width: 300px) 100vw, 300px\" \/><\/a>Da sind immerhin drei Genuas und zwei Gro\u00df der Marke\u00a0VM Sails. Und ein Satz\u00a0Elvstr\u00f8m Sails &#8211; alles fast nie gesegelt. Nicht zu vergessen sind da noch die drei Spinnaker, zwei in wei\u00df und einer in einem sch\u00f6nen rosa. Was machen schon die paar Regatten und fast 30 Jahre &#8211; das ist alles noch so gut wie neu.<\/p>\n<p class=\"wpview-selection-before\" style=\"text-align: justify;\">Aber als ich wieder zu den ersten Regatten kam und mich da so umschaute sah ich, dass ich im Vergleich zu den anderen Korsaren richtig alte Lappen mit mir herumschleppte. Ein bisschen neidisch auf die anderen war ich da schon. Skipper und Schottin \u00fcberlegten nicht lange und kauften mir einen funkelnagelneuen Satz <a href=\"http:\/\/www.fritz-segel.de\">Fritz Segel<\/a>. Jetzt sieht die Crew auch endlich mehr. Das Grossegel hat ein langes Fenster und die Genua hat sogar drei. Au\u00dferdem ist jetzt auch das GER 3500 an Stelle der G 3500 drauf aufgen\u00e4ht, so dass ich auch dem aktuellen Standard entspreche. Die alten Segel werden von der Crew aber noch flei\u00dfig zum \u00dcben genutzt. Hier ein paar Bilder von den Neuen \u00fcber den Alten.<\/p>\n<div id='gallery-1' class='gallery galleryid-471 gallery-columns-4 gallery-size-thumbnail'><figure class='gallery-item'>\n\t\t\t<div class='gallery-icon landscape'>\n\t\t\t\t<a href='https:\/\/korsarger3500.de\/wp-content\/uploads\/2016\/02\/Segel_02.jpg'><img loading=\"lazy\" decoding=\"async\" width=\"150\" height=\"150\" src=\"https:\/\/korsarger3500.de\/wp-content\/uploads\/2016\/02\/Segel_02-150x150.jpg\" class=\"attachment-thumbnail size-thumbnail\" alt=\"Elvstrom Gros\" \/><\/a>\n\t\t\t<\/div><\/figure><figure class='gallery-item'>\n\t\t\t<div class='gallery-icon landscape'>\n\t\t\t\t<a href='https:\/\/korsarger3500.de\/wp-content\/uploads\/2016\/02\/Segel_08.jpg'><img loading=\"lazy\" decoding=\"async\" width=\"150\" height=\"150\" src=\"https:\/\/korsarger3500.de\/wp-content\/uploads\/2016\/02\/Segel_08-150x150.jpg\" class=\"attachment-thumbnail size-thumbnail\" alt=\"Fritz \u00fcber Elvstr\u00f6m\" \/><\/a>\n\t\t\t<\/div><\/figure><figure class='gallery-item'>\n\t\t\t<div class='gallery-icon landscape'>\n\t\t\t\t<a href='https:\/\/korsarger3500.de\/wp-content\/uploads\/2016\/02\/Segel_14.jpg'><img loading=\"lazy\" decoding=\"async\" width=\"150\" height=\"150\" src=\"https:\/\/korsarger3500.de\/wp-content\/uploads\/2016\/02\/Segel_14-150x150.jpg\" class=\"attachment-thumbnail size-thumbnail\" alt=\"Genua Unterschied (Fritz oben)\" \/><\/a>\n\t\t\t<\/div><\/figure><figure class='gallery-item'>\n\t\t\t<div class='gallery-icon landscape'>\n\t\t\t\t<a href='https:\/\/korsarger3500.de\/wp-content\/uploads\/2016\/02\/Segel_12.jpg'><img loading=\"lazy\" decoding=\"async\" width=\"150\" height=\"150\" src=\"https:\/\/korsarger3500.de\/wp-content\/uploads\/2016\/02\/Segel_12-150x150.jpg\" class=\"attachment-thumbnail size-thumbnail\" alt=\"Genua Unterschied\" \/><\/a>\n\t\t\t<\/div><\/figure><figure class='gallery-item'>\n\t\t\t<div class='gallery-icon landscape'>\n\t\t\t\t<a href='https:\/\/korsarger3500.de\/wp-content\/uploads\/2016\/02\/Segel_11.jpg'><img loading=\"lazy\" decoding=\"async\" width=\"150\" height=\"150\" src=\"https:\/\/korsarger3500.de\/wp-content\/uploads\/2016\/02\/Segel_11-150x150.jpg\" class=\"attachment-thumbnail size-thumbnail\" alt=\"Genua Unterschied\" \/><\/a>\n\t\t\t<\/div><\/figure><figure class='gallery-item'>\n\t\t\t<div class='gallery-icon landscape'>\n\t\t\t\t<a href='https:\/\/korsarger3500.de\/wp-content\/uploads\/2016\/02\/Segel_13.jpg'><img loading=\"lazy\" decoding=\"async\" width=\"150\" height=\"150\" src=\"https:\/\/korsarger3500.de\/wp-content\/uploads\/2016\/02\/Segel_13-150x150.jpg\" class=\"attachment-thumbnail size-thumbnail\" alt=\"Genua Unterschied\" \/><\/a>\n\t\t\t<\/div><\/figure><figure class='gallery-item'>\n\t\t\t<div class='gallery-icon landscape'>\n\t\t\t\t<a href='https:\/\/korsarger3500.de\/wp-content\/uploads\/2016\/02\/Segel_16.jpg'><img loading=\"lazy\" decoding=\"async\" width=\"150\" height=\"150\" src=\"https:\/\/korsarger3500.de\/wp-content\/uploads\/2016\/02\/Segel_16-150x150.jpg\" class=\"attachment-thumbnail size-thumbnail\" alt=\"Vorstag 2cm l\u00e4nger bei Fritz\" \/><\/a>\n\t\t\t<\/div><\/figure><figure class='gallery-item'>\n\t\t\t<div class='gallery-icon landscape'>\n\t\t\t\t<a href='https:\/\/korsarger3500.de\/wp-content\/uploads\/2016\/02\/Segel_15.jpg'><img loading=\"lazy\" decoding=\"async\" width=\"150\" height=\"150\" src=\"https:\/\/korsarger3500.de\/wp-content\/uploads\/2016\/02\/Segel_15-150x150.jpg\" class=\"attachment-thumbnail size-thumbnail\" alt=\"Tieferes Unterliek mehr M\u00f6glichkeiten\" \/><\/a>\n\t\t\t<\/div><\/figure>\n\t\t<\/div>\n\n<p style=\"text-align: justify;\">Man sieht auch sofort, dass die neuen Segel viel gr\u00f6\u00dfer sind als die alten. Kein Wunder also das ich mit den alten Segeln nicht so schnell bin wie die anderen. Jetzt, mit neuem Tuch, sieht die Sache bestimmt anders aus.<\/p>\n<p style=\"text-align: justify;\"><a href=\"https:\/\/korsarger3500.de\/wp-content\/uploads\/2016\/02\/Segel_01.jpg\" rel=\"attachment wp-att-502\" data-lbwps-width=\"385\" data-lbwps-height=\"563\" data-lbwps-srcsmall=\"https:\/\/korsarger3500.de\/wp-content\/uploads\/2016\/02\/Segel_01-205x300.jpg\"><img loading=\"lazy\" decoding=\"async\" class=\"aligncenter wp-image-502 size-medium\" src=\"https:\/\/korsarger3500.de\/wp-content\/uploads\/2016\/02\/Segel_01-205x300.jpg\" alt=\"Die Neuen in Graben-Neudorf\" width=\"205\" height=\"300\" srcset=\"https:\/\/korsarger3500.de\/wp-content\/uploads\/2016\/02\/Segel_01-205x300.jpg 205w, https:\/\/korsarger3500.de\/wp-content\/uploads\/2016\/02\/Segel_01.jpg 385w\" sizes=\"auto, (max-width: 205px) 100vw, 205px\" \/><\/a><\/p>\n<p style=\"text-align: justify;\">Meine Spinnacker sind leider auch schon etwas mors. Einer der wei\u00dfen Spi`s ist beim Testen vom Skipper gleich zerrissen worden und dann im M\u00fcll gelandet, der andere ist fleckig und mit dem rosa Spi werde ich immer geh\u00e4nselt. <a href=\"https:\/\/korsarger3500.de\/wp-content\/uploads\/2016\/02\/Alter-VM-Spi.jpg\" rel=\"attachment wp-att-488\" data-lbwps-width=\"532\" data-lbwps-height=\"489\" data-lbwps-srcsmall=\"https:\/\/korsarger3500.de\/wp-content\/uploads\/2016\/02\/Alter-VM-Spi-300x276.jpg\"><img loading=\"lazy\" decoding=\"async\" class=\"aligncenter wp-image-488 size-medium\" src=\"https:\/\/korsarger3500.de\/wp-content\/uploads\/2016\/02\/Alter-VM-Spi-300x276.jpg\" alt=\"Alter VM Spi\" width=\"300\" height=\"276\" srcset=\"https:\/\/korsarger3500.de\/wp-content\/uploads\/2016\/02\/Alter-VM-Spi-300x276.jpg 300w, https:\/\/korsarger3500.de\/wp-content\/uploads\/2016\/02\/Alter-VM-Spi.jpg 532w\" sizes=\"auto, (max-width: 300px) 100vw, 300px\" \/><\/a>Da wollte doch auch schon wer ne Brustwarze draufmalen und ein anderer ein Wutz-Gesicht. Also schaute die Crew mal bei der Korsarenvereinigung in die Kleinanzeigen und\u00a0 siehe da, eine Crew aus \u00d6sterreich verkaufte einen noch guten Spi. Er war sogar ganz in schwarz und das gef\u00e4llt der Schottin besonders gut. Der Spi wurde also gekauft und die wei\u00dfe \u00d6schi Nummer mit schwarzer Farbe \u00fcbermalt. Jetzt ist er ganz in schwarz. Leider ist das Tuch aber so starr und fest, dass ich ihn fast nicht in meine Spitrompette geschluckt bekomme.<\/p>\n<p style=\"text-align: justify;\"><a href=\"https:\/\/korsarger3500.de\/wp-content\/uploads\/2016\/02\/spi_bm.jpg\" rel=\"attachment wp-att-500\" data-lbwps-width=\"504\" data-lbwps-height=\"540\" data-lbwps-srcsmall=\"https:\/\/korsarger3500.de\/wp-content\/uploads\/2016\/02\/spi_bm-280x300.jpg\"><img loading=\"lazy\" decoding=\"async\" class=\"aligncenter wp-image-500 size-medium\" src=\"https:\/\/korsarger3500.de\/wp-content\/uploads\/2016\/02\/spi_bm-280x300.jpg\" alt=\"alter BM Spi - der taugt aber nix\" width=\"280\" height=\"300\" srcset=\"https:\/\/korsarger3500.de\/wp-content\/uploads\/2016\/02\/spi_bm-280x300.jpg 280w, https:\/\/korsarger3500.de\/wp-content\/uploads\/2016\/02\/spi_bm.jpg 504w\" sizes=\"auto, (max-width: 280px) 100vw, 280px\" \/><\/a>Der Skipper hat dann Sail&amp;Glide besorgt um den Spi gleitf\u00e4higer zu machen damit es besser flutscht. Ne neue Spifall hat er auch noch eingezogen. Das war zwar dann etwas besser aber alles nicht so der burner, weil\u00a0 der Spi\u00a0 immer noch nur sehr schwer in die T\u00fcte geht. Was mir auch noch zu schaffen macht ist sein Schnitt. Der hat so einen dicken Bauch, dass er super auf dem Vorwind zieht. Will ich aber so hoch an den Wind mit Ihm wie die anderen Schiffe, f\u00e4llt er ein und l\u00e4sst sich und mich h\u00e4ngen. Da wollte es der Zufall, dass bei einer Kollision mit einem 470er ein Segel besch\u00e4digt wurde und nun ein neues Segel her musste. Jetzt habe ich einen neuen schwarzen Spi von Fritz mit meiner Segelnummer drauf in Korsaren Rot. Den find ich richtig schick.<\/p>\n<p style=\"text-align: justify;\" data-wp-editing=\"1\"><a href=\"https:\/\/korsarger3500.de\/wp-content\/uploads\/2016\/02\/spi_Fritz2-1.jpg\" rel=\"attachment wp-att-510\" data-lbwps-width=\"276\" data-lbwps-height=\"254\" data-lbwps-srcsmall=\"https:\/\/korsarger3500.de\/wp-content\/uploads\/2016\/02\/spi_Fritz2-1.jpg\"><img loading=\"lazy\" decoding=\"async\" class=\"aligncenter wp-image-510 size-full\" src=\"https:\/\/korsarger3500.de\/wp-content\/uploads\/2016\/02\/spi_Fritz2-1.jpg\" alt=\"der neue Fritz Spi f\u00e4hrt sich Prima \" width=\"276\" height=\"254\" \/><\/a> <a href=\"http:\/\/korsarger3500.de\/index.php\/schwertlippen\/\">weiter &#8230;<\/a><\/p>\n","protected":false},"excerpt":{"rendered":"<p>Ich bin ja nicht schlecht betucht &#8211; was meine Segel angeht &#8211; dachte ich zu mindestens.Da sind immerhin drei Genuas und zwei Gro\u00df der Marke\u00a0VM Sails. Und ein Satz\u00a0Elvstr\u00f8m Sails &#8211; alles fast nie gesegelt. Nicht zu vergessen sind da noch die drei Spinnaker, zwei in wei\u00df und einer in einem sch\u00f6nen rosa. Was machen &hellip; <a href=\"https:\/\/korsarger3500.de\/index.php\/neue-segel\/\" class=\"more-link\"><span class=\"screen-reader-text\">Neue Segel<\/span> weiterlesen<\/a><\/p>\n","protected":false},"author":1,"featured_media":0,"parent":0,"menu_order":0,"comment_status":"closed","ping_status":"closed","template":"","meta":{"footnotes":""},"class_list":["post-471","page","type-page","status-publish","hentry"],"_links":{"self":[{"href":"https:\/\/korsarger3500.de\/index.php\/wp-json\/wp\/v2\/pages\/471","targetHints":{"allow":["GET"]}}],"collection":[{"href":"https:\/\/korsarger3500.de\/index.php\/wp-json\/wp\/v2\/pages"}],"about":[{"href":"https:\/\/korsarger3500.de\/index.php\/wp-json\/wp\/v2\/types\/page"}],"author":[{"embeddable":true,"href":"https:\/\/korsarger3500.de\/index.php\/wp-json\/wp\/v2\/users\/1"}],"replies":[{"embeddable":true,"href":"https:\/\/korsarger3500.de\/index.php\/wp-json\/wp\/v2\/comments?post=471"}],"version-history":[{"count":37,"href":"https:\/\/korsarger3500.de\/index.php\/wp-json\/wp\/v2\/pages\/471\/revisions"}],"predecessor-version":[{"id":9196,"href":"https:\/\/korsarger3500.de\/index.php\/wp-json\/wp\/v2\/pages\/471\/revisions\/9196"}],"wp:attachment":[{"href":"https:\/\/korsarger3500.de\/index.php\/wp-json\/wp\/v2\/media?parent=471"}],"curies":[{"name":"wp","href":"https:\/\/api.w.org\/{rel}","templated":true}]}}