{"id":4498,"date":"2017-09-25T15:40:37","date_gmt":"2017-09-25T13:40:37","guid":{"rendered":"https:\/\/korsarger3500.de\/?page_id=4498"},"modified":"2017-10-07T19:42:37","modified_gmt":"2017-10-07T17:42:37","slug":"korsaren-trichter-2017","status":"publish","type":"page","link":"https:\/\/korsarger3500.de\/index.php\/korsaren-trichter-2017\/","title":{"rendered":"Korsaren Trichter 2017"},"content":{"rendered":"<p style=\"text-align: justify;\"><a href=\"https:\/\/korsarger3500.de\/wp-content\/uploads\/2017\/09\/Trichter_2017_07.jpg\" data-lbwps-width=\"4000\" data-lbwps-height=\"3000\" data-lbwps-srcsmall=\"https:\/\/korsarger3500.de\/wp-content\/uploads\/2017\/09\/Trichter_2017_07-300x225.jpg\"><img loading=\"lazy\" decoding=\"async\" class=\"size-thumbnail wp-image-4466 alignleft\" src=\"https:\/\/korsarger3500.de\/wp-content\/uploads\/2017\/09\/Trichter_2017_07-150x150.jpg\" alt=\"\" width=\"150\" height=\"150\" \/><\/a>Nachdem wir die letzten zwei Jahre nicht zur Trichter Regatta an den gro\u00dfen Brombachsee kommem konnten, sind wir dieses Jahr dann am Freitag Nachmittag Richtung N\u00fcrnberg aufgebrochen. Bei sch\u00f6nem Cabriowetter ging die Fahrt \u00fcber KL und dann durch den Pf\u00e4lzer Wald. Die stautr\u00e4chtige Route bei Heilbronn haben wir gro\u00dfr\u00e4umig umfahren. Das war dann aber auch ein langwieriges Gegurke durch die D\u00f6rfer. So sind wir erst mit Einbruch der Dunkelheit am See angekommen. Ich wurde neben der Pension abgestellt und die Crew\u00a0 fuhr zum <a href=\"http:\/\/www.ycn.de\/\">YCN<\/a>. Dort waren auch schon einige der anderen Crews am kl\u00f6nen und so sind die beiden erst sp\u00e4t in der Nacht zur\u00fcckgekehrt. Am n\u00e4chsten Morgen sind wir dann auf das weitl\u00e4ufige Gel\u00e4nde des <a href=\"http:\/\/www.ycn.de\/\">YCN <\/a>gefahren und ich wurde gem\u00fctlich aufgebaut. Nach und nach trudelten die Korsare ein und der Platz wurde voller. Es gab hier wieder einige Schiffe die ich noch nicht kannte, so z.B. <em>Levante<\/em>, <em>Kerli II<\/em> oder <em>Rennschnegge.<\/em> Gegen<a href=\"https:\/\/korsarger3500.de\/wp-content\/uploads\/2017\/09\/Trichter_2017_15.jpg\" data-lbwps-width=\"4000\" data-lbwps-height=\"3000\" data-lbwps-srcsmall=\"https:\/\/korsarger3500.de\/wp-content\/uploads\/2017\/09\/Trichter_2017_15-300x225.jpg\"><img loading=\"lazy\" decoding=\"async\" class=\"size-thumbnail wp-image-4470 alignright\" src=\"https:\/\/korsarger3500.de\/wp-content\/uploads\/2017\/09\/Trichter_2017_15-150x150.jpg\" alt=\"\" width=\"150\" height=\"150\" \/><\/a> Mittag standen 29 Schiffe fertig getakelt und warteten auf Wind. Der wollte aber partout nicht einsetzen und so fingen einige Crews an\u00a0 so manche Bastelarbeit an ihren Schiffen durchzuf\u00fchren. Auch ich bekam auch ein Update. <em>Wendefix<\/em> Skipper Gebhard hatte wie immer gutes Seil-Material dabei und so bekam ich eine neue Spifall. Am sp\u00e4ten Nachmittag erkl\u00e4rte die Wettfahrtleitung den Regattatag f\u00fcr beendet und prompt fing das Wasser auf dem See an sich zu kr\u00e4useln. Einige Crews nutzten den aufkommenden Wind um wenigstens ein paar Schl\u00e4ge zu segeln wenn&#8217;s schon keine Wettfahrt mehr gab. Skipper und Schottin fanden aber, dass der Ankerschluck, den der YCN spendierte, ganz gut schmeckt und es sich nicht mehr rentiert mich die steile Rampe runter und wieder <a href=\"https:\/\/korsarger3500.de\/wp-content\/uploads\/2017\/09\/Trichter_2017_22.jpg\" data-lbwps-width=\"4000\" data-lbwps-height=\"3000\" data-lbwps-srcsmall=\"https:\/\/korsarger3500.de\/wp-content\/uploads\/2017\/09\/Trichter_2017_22-300x225.jpg\"><img loading=\"lazy\" decoding=\"async\" class=\"size-thumbnail wp-image-4475 alignleft\" src=\"https:\/\/korsarger3500.de\/wp-content\/uploads\/2017\/09\/Trichter_2017_22-150x150.jpg\" alt=\"\" width=\"150\" height=\"150\" \/><\/a>rauf zu ziehen. Wir blieben also oben, ich wurde zugedeckt und die Crew verschwand Richtung Clubhaus. Die Schiffe, die auf dem Wasser waren, kamen dann auch bald zur\u00fcck denn der Wind schlief wieder ein und die H\u00e4hnchenbraterei war auch schon im Anmarsch. Kurz nach dem Abendessen drang vom Clubhaus her alle paar Minuten ein schrammendes lautes Ger\u00e4usch zu uns herunter. Es kam vom Bobbycar-Rennen, das die Crews sich dort lieferten. Naja, eigentlich nur die j\u00fcngeren Crews, bis auf Skipper, der konnte es nat\u00fcrlich nicht lassen den einen oder anderen Lauf mitzufahren. Gut das alle Knochen heil geblieben sind. In der Nacht schallte noch laute Musik vom Wasser zu uns r\u00fcber. Eine \u00dc30 Party hatte den Ausflugsdampfer gechartert um dort zu feiern. Am n\u00e4chsten Morgen weckte die Sonne mich und der Morgentau verdampfte langsam von meiner Persening. Die Crew kam auch bald und baute mich auf. Dann hie\u00df es wieder warten auf Wind aber der wollte wieder nicht so richtig kommen. Die Wettfahrtleitung probierte es trotzdem und schickte uns auf die Bahn. Mit einem ganz leichtem L\u00fcftchen segelten wir dem Startschiff hinterher. Dann warteten wir 2 St\u00fcndchen<a href=\"https:\/\/korsarger3500.de\/wp-content\/uploads\/2017\/09\/Trichter_02.jpg\" data-lbwps-width=\"3096\" data-lbwps-height=\"4128\" data-lbwps-srcsmall=\"https:\/\/korsarger3500.de\/wp-content\/uploads\/2017\/09\/Trichter_02-225x300.jpg\"><img loading=\"lazy\" decoding=\"async\" class=\"size-thumbnail wp-image-4465 alignright\" src=\"https:\/\/korsarger3500.de\/wp-content\/uploads\/2017\/09\/Trichter_02-150x150.jpg\" alt=\"\" width=\"150\" height=\"150\" \/><\/a> auf dem Wasser auf Wind und gegen 14:00 musste die Wettfahrtleitung die Regatta abschie\u00dfen. Naja, wir waren wenigstens mal auf dem Wasser gewesen. Jetzt segelten und paddelten wir zur\u00fcck zum Hafen und dann ging es die lange steile Rampe hinauf zur Parkebene. Flugs wurde ich abgebaut und reisefertig verpackt. Die Crew ist dann noch zur Siegerehrung und Verabschiedung ins Clubhaus gegangen. Ja richtig, es gab eine Siegerehrung, denn die Preise m\u00fcssen schlie\u00dflich unter den Crews verteilt werden. Die Reihenfolge wurde anhand der Segelnummern in absteigender Reihenfolge festgelegt. Da war <em>Br\u00fcllk\u00e4fer<\/em> als neustes Schiff das Schlusslicht und wir belegten den siebten Platz. Mit dem w\u00e4re die Crew auch sonst sehr zufrieden gewesen. Dann hie\u00df es Anspannen und ab nach Hause. Da es keine gr\u00f6\u00dferen Staumeldungen gab sind wir fast nur \u00fcber die Autobahn ged\u00fcst und waren auch zeitig wieder zu Hause.<\/p>\n<p style=\"text-align: justify;\">hier noch ein paar Bilder vom sonnigen Wochenende &#8230;<\/p>\n<div id='gallery-1' class='gallery galleryid-4498 gallery-columns-4 gallery-size-thumbnail'><figure class='gallery-item'>\n\t\t\t<div class='gallery-icon landscape'>\n\t\t\t\t<a href='https:\/\/korsarger3500.de\/wp-content\/uploads\/2017\/09\/Trichter_2017_28.jpg'><img loading=\"lazy\" decoding=\"async\" width=\"150\" height=\"150\" src=\"https:\/\/korsarger3500.de\/wp-content\/uploads\/2017\/09\/Trichter_2017_28-150x150.jpg\" class=\"attachment-thumbnail size-thumbnail\" alt=\"\" \/><\/a>\n\t\t\t<\/div><\/figure><figure class='gallery-item'>\n\t\t\t<div class='gallery-icon landscape'>\n\t\t\t\t<a href='https:\/\/korsarger3500.de\/wp-content\/uploads\/2017\/09\/Trichter_2017_34.jpg'><img loading=\"lazy\" decoding=\"async\" width=\"150\" height=\"150\" src=\"https:\/\/korsarger3500.de\/wp-content\/uploads\/2017\/09\/Trichter_2017_34-150x150.jpg\" class=\"attachment-thumbnail size-thumbnail\" alt=\"\" \/><\/a>\n\t\t\t<\/div><\/figure><figure class='gallery-item'>\n\t\t\t<div class='gallery-icon landscape'>\n\t\t\t\t<a href='https:\/\/korsarger3500.de\/wp-content\/uploads\/2017\/09\/Trichter_2017_09.jpg'><img loading=\"lazy\" decoding=\"async\" width=\"150\" height=\"150\" src=\"https:\/\/korsarger3500.de\/wp-content\/uploads\/2017\/09\/Trichter_2017_09-150x150.jpg\" class=\"attachment-thumbnail size-thumbnail\" alt=\"\" \/><\/a>\n\t\t\t<\/div><\/figure><figure class='gallery-item'>\n\t\t\t<div class='gallery-icon landscape'>\n\t\t\t\t<a href='https:\/\/korsarger3500.de\/wp-content\/uploads\/2017\/09\/Trichter_2017_10.jpg'><img loading=\"lazy\" decoding=\"async\" width=\"150\" height=\"150\" src=\"https:\/\/korsarger3500.de\/wp-content\/uploads\/2017\/09\/Trichter_2017_10-150x150.jpg\" class=\"attachment-thumbnail size-thumbnail\" alt=\"\" \/><\/a>\n\t\t\t<\/div><\/figure><figure class='gallery-item'>\n\t\t\t<div class='gallery-icon landscape'>\n\t\t\t\t<a href='https:\/\/korsarger3500.de\/wp-content\/uploads\/2017\/09\/Trichter_2017_13.jpg'><img loading=\"lazy\" decoding=\"async\" width=\"150\" height=\"150\" src=\"https:\/\/korsarger3500.de\/wp-content\/uploads\/2017\/09\/Trichter_2017_13-150x150.jpg\" class=\"attachment-thumbnail size-thumbnail\" alt=\"\" \/><\/a>\n\t\t\t<\/div><\/figure><figure class='gallery-item'>\n\t\t\t<div class='gallery-icon landscape'>\n\t\t\t\t<a href='https:\/\/korsarger3500.de\/wp-content\/uploads\/2017\/09\/Trichter_2017_17.jpg'><img loading=\"lazy\" decoding=\"async\" width=\"150\" height=\"150\" src=\"https:\/\/korsarger3500.de\/wp-content\/uploads\/2017\/09\/Trichter_2017_17-150x150.jpg\" class=\"attachment-thumbnail size-thumbnail\" alt=\"\" \/><\/a>\n\t\t\t<\/div><\/figure><figure class='gallery-item'>\n\t\t\t<div class='gallery-icon landscape'>\n\t\t\t\t<a href='https:\/\/korsarger3500.de\/wp-content\/uploads\/2017\/09\/Trichter_2017_19.jpg'><img loading=\"lazy\" decoding=\"async\" width=\"150\" height=\"150\" src=\"https:\/\/korsarger3500.de\/wp-content\/uploads\/2017\/09\/Trichter_2017_19-150x150.jpg\" class=\"attachment-thumbnail size-thumbnail\" alt=\"\" \/><\/a>\n\t\t\t<\/div><\/figure><figure class='gallery-item'>\n\t\t\t<div class='gallery-icon landscape'>\n\t\t\t\t<a href='https:\/\/korsarger3500.de\/wp-content\/uploads\/2017\/09\/Trichter_2017_20.jpg'><img loading=\"lazy\" decoding=\"async\" width=\"150\" height=\"150\" src=\"https:\/\/korsarger3500.de\/wp-content\/uploads\/2017\/09\/Trichter_2017_20-150x150.jpg\" class=\"attachment-thumbnail size-thumbnail\" alt=\"\" \/><\/a>\n\t\t\t<\/div><\/figure><figure class='gallery-item'>\n\t\t\t<div class='gallery-icon landscape'>\n\t\t\t\t<a href='https:\/\/korsarger3500.de\/wp-content\/uploads\/2017\/09\/Trichter_2017_22.jpg'><img loading=\"lazy\" decoding=\"async\" width=\"150\" height=\"150\" src=\"https:\/\/korsarger3500.de\/wp-content\/uploads\/2017\/09\/Trichter_2017_22-150x150.jpg\" class=\"attachment-thumbnail size-thumbnail\" alt=\"\" \/><\/a>\n\t\t\t<\/div><\/figure><figure class='gallery-item'>\n\t\t\t<div class='gallery-icon landscape'>\n\t\t\t\t<a href='https:\/\/korsarger3500.de\/wp-content\/uploads\/2017\/09\/Trichter_2017_23.jpg'><img loading=\"lazy\" decoding=\"async\" width=\"150\" height=\"150\" src=\"https:\/\/korsarger3500.de\/wp-content\/uploads\/2017\/09\/Trichter_2017_23-150x150.jpg\" class=\"attachment-thumbnail size-thumbnail\" alt=\"\" \/><\/a>\n\t\t\t<\/div><\/figure><figure class='gallery-item'>\n\t\t\t<div class='gallery-icon landscape'>\n\t\t\t\t<a href='https:\/\/korsarger3500.de\/wp-content\/uploads\/2017\/09\/Trichter_2017_26.jpg'><img loading=\"lazy\" decoding=\"async\" width=\"150\" height=\"150\" src=\"https:\/\/korsarger3500.de\/wp-content\/uploads\/2017\/09\/Trichter_2017_26-150x150.jpg\" class=\"attachment-thumbnail size-thumbnail\" alt=\"\" \/><\/a>\n\t\t\t<\/div><\/figure><figure class='gallery-item'>\n\t\t\t<div class='gallery-icon landscape'>\n\t\t\t\t<a href='https:\/\/korsarger3500.de\/wp-content\/uploads\/2017\/09\/Trichter_2017_31.jpg'><img loading=\"lazy\" decoding=\"async\" width=\"150\" height=\"150\" src=\"https:\/\/korsarger3500.de\/wp-content\/uploads\/2017\/09\/Trichter_2017_31-150x150.jpg\" class=\"attachment-thumbnail size-thumbnail\" alt=\"\" \/><\/a>\n\t\t\t<\/div><\/figure><figure class='gallery-item'>\n\t\t\t<div class='gallery-icon landscape'>\n\t\t\t\t<a href='https:\/\/korsarger3500.de\/wp-content\/uploads\/2017\/09\/Trichter_2017_38.jpg'><img loading=\"lazy\" decoding=\"async\" width=\"150\" height=\"150\" src=\"https:\/\/korsarger3500.de\/wp-content\/uploads\/2017\/09\/Trichter_2017_38-150x150.jpg\" class=\"attachment-thumbnail size-thumbnail\" alt=\"\" \/><\/a>\n\t\t\t<\/div><\/figure><figure class='gallery-item'>\n\t\t\t<div class='gallery-icon landscape'>\n\t\t\t\t<a href='https:\/\/korsarger3500.de\/wp-content\/uploads\/2017\/09\/Trichter_2017_40.jpg'><img loading=\"lazy\" decoding=\"async\" width=\"150\" height=\"150\" src=\"https:\/\/korsarger3500.de\/wp-content\/uploads\/2017\/09\/Trichter_2017_40-150x150.jpg\" class=\"attachment-thumbnail size-thumbnail\" alt=\"\" \/><\/a>\n\t\t\t<\/div><\/figure><figure class='gallery-item'>\n\t\t\t<div class='gallery-icon landscape'>\n\t\t\t\t<a href='https:\/\/korsarger3500.de\/wp-content\/uploads\/2017\/09\/Trichter_2017_44.jpg'><img loading=\"lazy\" decoding=\"async\" width=\"150\" height=\"150\" src=\"https:\/\/korsarger3500.de\/wp-content\/uploads\/2017\/09\/Trichter_2017_44-150x150.jpg\" class=\"attachment-thumbnail size-thumbnail\" alt=\"\" \/><\/a>\n\t\t\t<\/div><\/figure><figure class='gallery-item'>\n\t\t\t<div class='gallery-icon landscape'>\n\t\t\t\t<a href='https:\/\/korsarger3500.de\/wp-content\/uploads\/2017\/09\/Trichter_2017_56.jpg'><img loading=\"lazy\" decoding=\"async\" width=\"150\" height=\"150\" src=\"https:\/\/korsarger3500.de\/wp-content\/uploads\/2017\/09\/Trichter_2017_56-150x150.jpg\" class=\"attachment-thumbnail size-thumbnail\" alt=\"\" \/><\/a>\n\t\t\t<\/div><\/figure><figure class='gallery-item'>\n\t\t\t<div class='gallery-icon landscape'>\n\t\t\t\t<a href='https:\/\/korsarger3500.de\/wp-content\/uploads\/2017\/09\/Trichter_2017_66.jpg'><img loading=\"lazy\" decoding=\"async\" width=\"150\" height=\"150\" src=\"https:\/\/korsarger3500.de\/wp-content\/uploads\/2017\/09\/Trichter_2017_66-150x150.jpg\" class=\"attachment-thumbnail size-thumbnail\" alt=\"\" \/><\/a>\n\t\t\t<\/div><\/figure><figure class='gallery-item'>\n\t\t\t<div class='gallery-icon landscape'>\n\t\t\t\t<a href='https:\/\/korsarger3500.de\/wp-content\/uploads\/2017\/09\/Trichter_2017_64.jpg'><img loading=\"lazy\" decoding=\"async\" width=\"150\" height=\"150\" src=\"https:\/\/korsarger3500.de\/wp-content\/uploads\/2017\/09\/Trichter_2017_64-150x150.jpg\" class=\"attachment-thumbnail size-thumbnail\" alt=\"\" \/><\/a>\n\t\t\t<\/div><\/figure><figure class='gallery-item'>\n\t\t\t<div class='gallery-icon landscape'>\n\t\t\t\t<a href='https:\/\/korsarger3500.de\/wp-content\/uploads\/2017\/09\/Trichter_2017_61.jpg'><img loading=\"lazy\" decoding=\"async\" width=\"150\" height=\"150\" src=\"https:\/\/korsarger3500.de\/wp-content\/uploads\/2017\/09\/Trichter_2017_61-150x150.jpg\" class=\"attachment-thumbnail size-thumbnail\" alt=\"\" \/><\/a>\n\t\t\t<\/div><\/figure><figure class='gallery-item'>\n\t\t\t<div class='gallery-icon landscape'>\n\t\t\t\t<a href='https:\/\/korsarger3500.de\/wp-content\/uploads\/2017\/09\/Trichter_2017_59.jpg'><img loading=\"lazy\" decoding=\"async\" width=\"150\" height=\"150\" src=\"https:\/\/korsarger3500.de\/wp-content\/uploads\/2017\/09\/Trichter_2017_59-150x150.jpg\" class=\"attachment-thumbnail size-thumbnail\" alt=\"\" \/><\/a>\n\t\t\t<\/div><\/figure><figure class='gallery-item'>\n\t\t\t<div class='gallery-icon landscape'>\n\t\t\t\t<a href='https:\/\/korsarger3500.de\/wp-content\/uploads\/2017\/09\/Trichter_2017_79.jpg'><img loading=\"lazy\" decoding=\"async\" width=\"150\" height=\"150\" src=\"https:\/\/korsarger3500.de\/wp-content\/uploads\/2017\/09\/Trichter_2017_79-150x150.jpg\" class=\"attachment-thumbnail size-thumbnail\" alt=\"\" \/><\/a>\n\t\t\t<\/div><\/figure><figure class='gallery-item'>\n\t\t\t<div class='gallery-icon landscape'>\n\t\t\t\t<a href='https:\/\/korsarger3500.de\/wp-content\/uploads\/2017\/09\/Trichter_2017_78.jpg'><img loading=\"lazy\" decoding=\"async\" width=\"150\" height=\"150\" src=\"https:\/\/korsarger3500.de\/wp-content\/uploads\/2017\/09\/Trichter_2017_78-150x150.jpg\" class=\"attachment-thumbnail size-thumbnail\" alt=\"\" \/><\/a>\n\t\t\t<\/div><\/figure><figure class='gallery-item'>\n\t\t\t<div class='gallery-icon landscape'>\n\t\t\t\t<a href='https:\/\/korsarger3500.de\/wp-content\/uploads\/2017\/09\/Trichter_2017_81.jpg'><img loading=\"lazy\" decoding=\"async\" width=\"150\" height=\"150\" src=\"https:\/\/korsarger3500.de\/wp-content\/uploads\/2017\/09\/Trichter_2017_81-150x150.jpg\" class=\"attachment-thumbnail size-thumbnail\" alt=\"\" \/><\/a>\n\t\t\t<\/div><\/figure><figure class='gallery-item'>\n\t\t\t<div class='gallery-icon landscape'>\n\t\t\t\t<a href='https:\/\/korsarger3500.de\/wp-content\/uploads\/2017\/09\/Trichter_2017_69.jpg'><img loading=\"lazy\" decoding=\"async\" width=\"150\" height=\"150\" src=\"https:\/\/korsarger3500.de\/wp-content\/uploads\/2017\/09\/Trichter_2017_69-150x150.jpg\" class=\"attachment-thumbnail size-thumbnail\" alt=\"\" \/><\/a>\n\t\t\t<\/div><\/figure><figure class='gallery-item'>\n\t\t\t<div class='gallery-icon landscape'>\n\t\t\t\t<a href='https:\/\/korsarger3500.de\/wp-content\/uploads\/2017\/09\/Trichter_2017_86.jpg'><img loading=\"lazy\" decoding=\"async\" width=\"150\" height=\"150\" src=\"https:\/\/korsarger3500.de\/wp-content\/uploads\/2017\/09\/Trichter_2017_86-150x150.jpg\" class=\"attachment-thumbnail size-thumbnail\" alt=\"\" \/><\/a>\n\t\t\t<\/div><\/figure><figure class='gallery-item'>\n\t\t\t<div class='gallery-icon landscape'>\n\t\t\t\t<a href='https:\/\/korsarger3500.de\/wp-content\/uploads\/2017\/09\/Trichter_2017_88.jpg'><img loading=\"lazy\" decoding=\"async\" width=\"150\" height=\"150\" src=\"https:\/\/korsarger3500.de\/wp-content\/uploads\/2017\/09\/Trichter_2017_88-150x150.jpg\" class=\"attachment-thumbnail size-thumbnail\" alt=\"\" \/><\/a>\n\t\t\t<\/div><\/figure><figure class='gallery-item'>\n\t\t\t<div class='gallery-icon landscape'>\n\t\t\t\t<a href='https:\/\/korsarger3500.de\/wp-content\/uploads\/2017\/09\/Trichter_2017_89.jpg'><img loading=\"lazy\" decoding=\"async\" width=\"150\" height=\"150\" src=\"https:\/\/korsarger3500.de\/wp-content\/uploads\/2017\/09\/Trichter_2017_89-150x150.jpg\" class=\"attachment-thumbnail size-thumbnail\" alt=\"\" \/><\/a>\n\t\t\t<\/div><\/figure><figure class='gallery-item'>\n\t\t\t<div class='gallery-icon landscape'>\n\t\t\t\t<a href='https:\/\/korsarger3500.de\/wp-content\/uploads\/2017\/09\/Trichter_2017_93.jpg'><img loading=\"lazy\" decoding=\"async\" width=\"150\" height=\"150\" src=\"https:\/\/korsarger3500.de\/wp-content\/uploads\/2017\/09\/Trichter_2017_93-150x150.jpg\" class=\"attachment-thumbnail size-thumbnail\" alt=\"\" \/><\/a>\n\t\t\t<\/div><\/figure>\n\t\t<\/div>\n\n<p>ah- so gewonnen hat <em>MOJO<\/em> mit Tim und Lukas an Bord<\/p>\n<p><a href=\"https:\/\/korsarger3500.de\/index.php\/langener-waldsee-2017\/\">weiter <\/a>\u2026oder zur <a href=\"http:\/\/korsarger3500.de\/\">Startseite<\/a><\/p>\n","protected":false},"excerpt":{"rendered":"<p>Nachdem wir die letzten zwei Jahre nicht zur Trichter Regatta an den gro\u00dfen Brombachsee kommem konnten, sind wir dieses Jahr dann am Freitag Nachmittag Richtung N\u00fcrnberg aufgebrochen. Bei sch\u00f6nem Cabriowetter ging die Fahrt \u00fcber KL und dann durch den Pf\u00e4lzer Wald. Die stautr\u00e4chtige Route bei Heilbronn haben wir gro\u00dfr\u00e4umig umfahren. Das war dann aber auch &hellip; <a href=\"https:\/\/korsarger3500.de\/index.php\/korsaren-trichter-2017\/\" class=\"more-link\"><span class=\"screen-reader-text\">Korsaren Trichter 2017<\/span> weiterlesen<\/a><\/p>\n","protected":false},"author":1,"featured_media":0,"parent":0,"menu_order":0,"comment_status":"closed","ping_status":"closed","template":"","meta":{"footnotes":""},"class_list":["post-4498","page","type-page","status-publish","hentry"],"_links":{"self":[{"href":"https:\/\/korsarger3500.de\/index.php\/wp-json\/wp\/v2\/pages\/4498","targetHints":{"allow":["GET"]}}],"collection":[{"href":"https:\/\/korsarger3500.de\/index.php\/wp-json\/wp\/v2\/pages"}],"about":[{"href":"https:\/\/korsarger3500.de\/index.php\/wp-json\/wp\/v2\/types\/page"}],"author":[{"embeddable":true,"href":"https:\/\/korsarger3500.de\/index.php\/wp-json\/wp\/v2\/users\/1"}],"replies":[{"embeddable":true,"href":"https:\/\/korsarger3500.de\/index.php\/wp-json\/wp\/v2\/comments?post=4498"}],"version-history":[{"count":15,"href":"https:\/\/korsarger3500.de\/index.php\/wp-json\/wp\/v2\/pages\/4498\/revisions"}],"predecessor-version":[{"id":4517,"href":"https:\/\/korsarger3500.de\/index.php\/wp-json\/wp\/v2\/pages\/4498\/revisions\/4517"}],"wp:attachment":[{"href":"https:\/\/korsarger3500.de\/index.php\/wp-json\/wp\/v2\/media?parent=4498"}],"curies":[{"name":"wp","href":"https:\/\/api.w.org\/{rel}","templated":true}]}}