{"id":1264,"date":"2016-03-23T11:35:46","date_gmt":"2016-03-23T10:35:46","guid":{"rendered":"http:\/\/korsarger3500.de\/?page_id=1264"},"modified":"2022-06-14T09:33:31","modified_gmt":"2022-06-14T07:33:31","slug":"spargel-cup-graben-neudorf-2014","status":"publish","type":"page","link":"https:\/\/korsarger3500.de\/index.php\/spargel-cup-graben-neudorf-2014\/","title":{"rendered":"Spargel-Cup Graben-Neudorf 2014"},"content":{"rendered":"<p style=\"text-align: justify;\"><a href=\"http:\/\/korsarger3500.de\/wp-content\/uploads\/2016\/03\/GN_2014_01.jpg\" rel=\"attachment wp-att-1340\" data-lbwps-width=\"4000\" data-lbwps-height=\"3000\" data-lbwps-srcsmall=\"https:\/\/korsarger3500.de\/wp-content\/uploads\/2016\/03\/GN_2014_01-300x225.jpg\"><img loading=\"lazy\" decoding=\"async\" class=\"alignleft wp-image-1340 size-thumbnail\" src=\"http:\/\/korsarger3500.de\/wp-content\/uploads\/2016\/03\/GN_2014_01-150x150.jpg\" alt=\"Liegewiese\" width=\"150\" height=\"150\" \/><\/a>Es ging zum zweiten Mal nach Graben-Neudorf zum <a href=\"http:\/\/www.scgn.de\">SCGN<\/a>. Wir freuten uns alle drei darauf, die ganzen Schiffe und Segler wieder zu sehen. Auf dem Weg dorthin mussten wirnoch\u00a0 einen kleinen Umweg fahren. Es ging zun\u00e4chst zu Birgit und Tom, die uns einen neuen Segelsatz vom <a href=\"http:\/\/www.fritz-segel.de\">Fritz <\/a>aus Bayern mitgebracht hatten. Das versteckte Heim der beiden in der Pfalz war nicht einfach zu finden, aber der Skipper fragt ja gerne mal nach dem richtigen Weg. Tom wartete schon auf uns. Sie luden schnell alle Segel in meinen Bauch und wir d\u00fcsten weiter. Es war ein Segelsatz f\u00fcr mich dabei und ein weiterer Satz inklusive Spi f\u00fcr &#8230; hm &#8211; wei\u00df ich grad nicht mehr. Die Fahrt verlief bei sch\u00f6nstem Sonnenschein und wir waren sehr gespannt auf die neuen Segel. Neue Segel! Das hatte ich Jahrzehnte nicht mehr. Wie die wohl ziehen? Und ob sie \u00fcberhaupt zu meinem Rigg passen? Das neue Gro\u00df hat ein offenes Unterliek und wird nicht mehr, wie die alten Segel, in die Nut am Baum eingef\u00e4delt. Da kann Skipper bestimmt gleich mal basteln. Auf dem Clubgel\u00e4nde angekommen gab&#8217;s zuerst ein freundliches Hallo und da wir uns dort schon etwas auskannten, wussten wir auch gleich wohin wir uns stellen konnten. Es gab auf der gro\u00dfen Wiese sehr viel Platz, so das wir uns so richtig breit machen konnten. Die Crew suchte zun\u00e4chst nach dem Schiff f\u00fcr den zweiten Satz Segel und gaben diesen dort ab. Ich konnte es<a href=\"http:\/\/korsarger3500.de\/wp-content\/uploads\/2016\/03\/GN_2014_13.jpg\" rel=\"attachment wp-att-1352\" data-lbwps-width=\"4000\" data-lbwps-height=\"3000\" data-lbwps-srcsmall=\"https:\/\/korsarger3500.de\/wp-content\/uploads\/2016\/03\/GN_2014_13-300x225.jpg\"><img loading=\"lazy\" decoding=\"async\" class=\"alignright wp-image-1352 size-thumbnail\" src=\"http:\/\/korsarger3500.de\/wp-content\/uploads\/2016\/03\/GN_2014_13-150x150.jpg\" alt=\"meine neuen Segel\" width=\"150\" height=\"150\" \/><\/a> kaum erwarten bis die beiden endlich meinen Mast stehen hatten und die neuen Segel aufzogen. Ich sag euch &#8211; das war so sch\u00f6n &#8211; strahlend wei\u00df und ohne eine einzige Falte waren sie, denn die Segel wurden schlie\u00dflich gerollt. Leider bleibt das nicht lange so, maximal bis zum ersten Gebrauch. Bislang war ich nur ein &#8222;G&#8220;-Korsar, aber ab jetzt bin ich ein &#8222;GER&#8220;-Korsar, so wie die anderen Schiffe auch. Es gab dann auch gleich die ersten Tipps f\u00fcr die Crew wie man die neuen Segel befestigt. Der Genuahals musste eingestellt werden. Wie das am besten macht, zeigte uns der Thomas an seinem eigenen Schiff <a href=\"http:\/\/korsarger3500.de\/wp-content\/uploads\/2016\/03\/GN_2014_11.jpg\" rel=\"attachment wp-att-1350\" data-lbwps-width=\"4000\" data-lbwps-height=\"3000\" data-lbwps-srcsmall=\"https:\/\/korsarger3500.de\/wp-content\/uploads\/2016\/03\/GN_2014_11-300x225.jpg\"><img loading=\"lazy\" decoding=\"async\" class=\"alignleft wp-image-1350 size-thumbnail\" src=\"http:\/\/korsarger3500.de\/wp-content\/uploads\/2016\/03\/GN_2014_11-150x150.jpg\" alt=\"Befestigung Genuahals\" width=\"150\" height=\"150\" \/><\/a>und der muss es schlie\u00dflich wissen, denn der segelt immer vorne mit.\u00a0Da kein Wind wehte, konnten wir auch das Goss aufhie\u00dfen und nach einer Weile waren die Segel grob eingestellt.\u00a0 Bei den anderen Schiffen gab&#8217;s auch Neuigkeiten. Wozu versammeln sich sonst so viele Segler um ein Schiff.\u00a0 Dann war auch bald die Steuermannsbesprechung und es ging hinaus aufs Wasser. Das war geil mit den neuen Segeln,<a href=\"http:\/\/korsarger3500.de\/wp-content\/uploads\/2016\/03\/GN_2014_17.jpg\" rel=\"attachment wp-att-1356\" data-lbwps-width=\"4000\" data-lbwps-height=\"3000\" data-lbwps-srcsmall=\"https:\/\/korsarger3500.de\/wp-content\/uploads\/2016\/03\/GN_2014_17-300x225.jpg\"><img loading=\"lazy\" decoding=\"async\" class=\"wp-image-1356 size-thumbnail alignright\" src=\"http:\/\/korsarger3500.de\/wp-content\/uploads\/2016\/03\/GN_2014_17-150x150.jpg\" alt=\"Fachsimpeln am Schiff\" width=\"150\" height=\"150\" \/><\/a> nicht nur das sie sch\u00f6ner aussehen, sie ziehen auch sofort st\u00e4rker an meinen Schoten. Auf dem Weg zur Startlinie rief der <em>MINIMAX2<\/em> zu uns her\u00fcber &#8222;Jetzt hast du sch\u00f6ne neue Segel &#8211; jetzt musst du nur noch segeln lernen &#8230;&#8220;. Das hat mich aber so richtig angespornt. Ich hab dann einfach mal die Startkreuz gewonnen und am Leefa\u00df, nach dem ersten Dreieck, war ich auch noch vorne. Das h\u00e4tte ruhig auch noch so weiter gehen k\u00f6nnen aber der Skipper und die Schottin<a href=\"http:\/\/korsarger3500.de\/wp-content\/uploads\/2016\/02\/minimax2.jpg\" rel=\"attachment wp-att-517\" data-lbwps-width=\"874\" data-lbwps-height=\"511\" data-lbwps-srcsmall=\"https:\/\/korsarger3500.de\/wp-content\/uploads\/2016\/02\/minimax2-300x175.jpg\"><img loading=\"lazy\" decoding=\"async\" class=\"wp-image-517 size-thumbnail alignleft\" src=\"http:\/\/korsarger3500.de\/wp-content\/uploads\/2016\/02\/minimax2-150x150.jpg\" alt=\"Der MINIMAX an Land\" width=\"150\" height=\"150\" \/><\/a> schauten irgendwann \u00f6fter zur\u00fcck als nach vorn weil sie es nicht glauben konnten das wir vorne waren. Das d\u00fcrfen Sie nat\u00fcrlich nicht und das hat man Ihnen nach der Wettfahrt auch gesagt. Den <em>MINIMAX<\/em> hab ich bei diesem Lauf trotzdem nicht mehr vorbei gelassen. Wir haben die Ziellinie tats\u00e4chlich sogar als vierter \u00fcberquert. Beim n\u00e4chsten Lauf bin ich dann auch gleich wieder los, bin gerannt was das Zeug h\u00e4lt und wir lagen auch wieder im Vorderfeld als es passierte. Der Skipper hat mich voll gegen die Stahltrosse des Kiesbaggers gesteuert. Ich hab <a href=\"http:\/\/korsarger3500.de\/index.php\/rumpf-und-schwert-ausbessern\/\" rel=\"attachment wp-att-616\"><img loading=\"lazy\" decoding=\"async\" class=\"wp-image-616 size-thumbnail alignright\" src=\"http:\/\/korsarger3500.de\/wp-content\/uploads\/2016\/01\/Rumpf_08-150x150.jpg\" alt=\"Scharte im Schwert\" width=\"150\" height=\"150\" \/><\/a>mir \u00fcbel das <a href=\"http:\/\/korsarger3500.de\/index.php\/rumpf-und-schwert-ausbessern\/\">Schwert geschrabst<\/a> und den Schwertkasten demoliert. Da das Schwert nicht mehr zu bewegen war, beendeten wir den Lauf dann als 14 ter. In der Pause konnte der Skipper die Schwerthalterung provisorisch richten, sodass das Schwert immer unter blieb. Wir sind im 3 Lauf wieder im Mittelfeld mit gesegelt und kamen als 11ter ganz knapp hinter dem <em>MINIMAX<\/em> ins Ziel. Ich h\u00e4t Ihn gerne noch einmal gekriegt. Beim Segel bergen ist dann auch noch der erste Knick in der Genua entstanden. Der tat besonders weh &#8211; aber alle anderen sagen zu mir &#8222;Mach dir nicht so viel daraus, mit der Zeit merkst du das nicht mehr so arg&#8220;.\u00a0 Abends, nach dem leckeren Krustenbraten, den es beim SCGN immer gibt, sa\u00dfen die Crews noch lange\u00a0am Lagerfeuer beieinander und haben sich \u00fcber die Neckereien auf dem Wasser am\u00fcsiert. Wieder gab es f\u00fcr die Crew viele neue Namen und Gesichter zum Kennenlernen. Der <em>MINIMAX<\/em> und ich stellten derweil fest, dass wir die<a href=\"http:\/\/korsarger3500.de\/wp-content\/uploads\/2016\/03\/gn_2014_01.jpg\" rel=\"attachment wp-att-1389\"><img loading=\"lazy\" decoding=\"async\" class=\"alignleft wp-image-1389 size-thumbnail\" src=\"http:\/\/korsarger3500.de\/wp-content\/uploads\/2016\/03\/gn_2014_01-150x150.jpg\" alt=\"hier ginbs immer ein Lagerfeuer\" width=\"150\" height=\"150\" \/><\/a> gleichen geilen Trailer nutzen und beide neue Segel haben. Bei Ihm ist das auch nicht verwunderlich, err istja noch krachneu. Er ist auch schon der Zweite seiner Art, hat er mir berichtet und eigentlich hei\u00dft er <em>MINIMAX<\/em> II. Neue Schiffe hab ich auch kennen- gelernt. Einen <em>Wasser<\/em><em>flow<\/em> einen <em>Jumbo<\/em>\u00a0 einen <em>FN<\/em> <em>22024<\/em> und sogar einen Sir,\u00a0 ja einen <em>Sir<\/em> <em>Toby<\/em>. Jetzt ist aber Zeit zum Schlafen. Der Morgen graute schon recht bald und um mich herum wurden einige Schiffe schon wieder aufgedeckt. Um den Morgentau zu vertreiben, war das genau das Richtige. Meine Crew lie\u00df noch auf sich warten, sie hatten auf dem Windfinder gesehen, dass kein Wind mehr angesagt war und hatten sich deshalb bei Fr\u00fchst\u00fcck m\u00e4chtig Zeit gelassen. So war es dann auch und der Sonntag verlief mit warten auf Wind und kl\u00f6nen \u00fcber Gott und das Segeln. Dabei wurde dann gem\u00fctlich abgebaut und alles sorgf\u00e4ltig verstaut. Die Siegerehrung war f\u00fcr alle wieder toll, gabs doch f\u00fcr alle <a href=\"http:\/\/korsarger3500.de\/wp-content\/uploads\/2016\/03\/GN_2014_18.jpg\" rel=\"attachment wp-att-1357\" data-lbwps-width=\"4000\" data-lbwps-height=\"3000\" data-lbwps-srcsmall=\"https:\/\/korsarger3500.de\/wp-content\/uploads\/2016\/03\/GN_2014_18-300x225.jpg\"><img loading=\"lazy\" decoding=\"async\" class=\"wp-image-1357 size-thumbnail alignright\" src=\"http:\/\/korsarger3500.de\/wp-content\/uploads\/2016\/03\/GN_2014_18-150x150.jpg\" alt=\"Siegerehrung\" width=\"150\" height=\"150\" \/><\/a>Mannschaften Spargel und Wein. Wie immer, k\u00f6nnt ich fast schon sagen, hat man sich zur n\u00e4chsten Regatta verabredet und herzlich verabschiedet. F\u00fcr uns stand der kurzweilige Weg durch den Pf\u00e4lzerwald nach Hause an. Die Sonne versprach eine sch\u00f6ne Fahrt &#8211; so war es auch.<\/p>\n<p><strong>&#8230; bis n\u00e4chstes Jahr<\/strong><\/p>\n<div id='gallery-1' class='gallery galleryid-1264 gallery-columns-4 gallery-size-thumbnail'><figure class='gallery-item'>\n\t\t\t<div class='gallery-icon landscape'>\n\t\t\t\t<a href='https:\/\/korsarger3500.de\/wp-content\/uploads\/2016\/03\/GN_2014_14.jpg'><img loading=\"lazy\" decoding=\"async\" width=\"150\" height=\"150\" src=\"https:\/\/korsarger3500.de\/wp-content\/uploads\/2016\/03\/GN_2014_14-150x150.jpg\" class=\"attachment-thumbnail size-thumbnail\" alt=\"\" \/><\/a>\n\t\t\t<\/div><\/figure><figure class='gallery-item'>\n\t\t\t<div class='gallery-icon landscape'>\n\t\t\t\t<a href='https:\/\/korsarger3500.de\/wp-content\/uploads\/2016\/03\/GN_2014_12.jpg'><img loading=\"lazy\" decoding=\"async\" width=\"150\" height=\"150\" src=\"https:\/\/korsarger3500.de\/wp-content\/uploads\/2016\/03\/GN_2014_12-150x150.jpg\" class=\"attachment-thumbnail size-thumbnail\" alt=\"\" \/><\/a>\n\t\t\t<\/div><\/figure><figure class='gallery-item'>\n\t\t\t<div class='gallery-icon landscape'>\n\t\t\t\t<a href='https:\/\/korsarger3500.de\/wp-content\/uploads\/2016\/03\/GN_2014_11.jpg'><img loading=\"lazy\" decoding=\"async\" width=\"150\" height=\"150\" src=\"https:\/\/korsarger3500.de\/wp-content\/uploads\/2016\/03\/GN_2014_11-150x150.jpg\" class=\"attachment-thumbnail size-thumbnail\" alt=\"\" \/><\/a>\n\t\t\t<\/div><\/figure><figure class='gallery-item'>\n\t\t\t<div class='gallery-icon landscape'>\n\t\t\t\t<a href='https:\/\/korsarger3500.de\/wp-content\/uploads\/2016\/03\/GN_2014_16.jpg'><img loading=\"lazy\" decoding=\"async\" width=\"150\" height=\"150\" src=\"https:\/\/korsarger3500.de\/wp-content\/uploads\/2016\/03\/GN_2014_16-150x150.jpg\" class=\"attachment-thumbnail size-thumbnail\" alt=\"\" \/><\/a>\n\t\t\t<\/div><\/figure><figure class='gallery-item'>\n\t\t\t<div class='gallery-icon landscape'>\n\t\t\t\t<a href='https:\/\/korsarger3500.de\/wp-content\/uploads\/2016\/03\/GN_2014_15.jpg'><img loading=\"lazy\" decoding=\"async\" width=\"150\" height=\"150\" src=\"https:\/\/korsarger3500.de\/wp-content\/uploads\/2016\/03\/GN_2014_15-150x150.jpg\" class=\"attachment-thumbnail size-thumbnail\" alt=\"\" \/><\/a>\n\t\t\t<\/div><\/figure><figure class='gallery-item'>\n\t\t\t<div class='gallery-icon landscape'>\n\t\t\t\t<a href='https:\/\/korsarger3500.de\/wp-content\/uploads\/2016\/03\/GN_2014_09.jpg'><img loading=\"lazy\" decoding=\"async\" width=\"150\" height=\"150\" src=\"https:\/\/korsarger3500.de\/wp-content\/uploads\/2016\/03\/GN_2014_09-150x150.jpg\" class=\"attachment-thumbnail size-thumbnail\" alt=\"\" \/><\/a>\n\t\t\t<\/div><\/figure><figure class='gallery-item'>\n\t\t\t<div class='gallery-icon landscape'>\n\t\t\t\t<a href='https:\/\/korsarger3500.de\/wp-content\/uploads\/2016\/03\/GN_2014_08.jpg'><img loading=\"lazy\" decoding=\"async\" width=\"150\" height=\"150\" src=\"https:\/\/korsarger3500.de\/wp-content\/uploads\/2016\/03\/GN_2014_08-150x150.jpg\" class=\"attachment-thumbnail size-thumbnail\" alt=\"\" \/><\/a>\n\t\t\t<\/div><\/figure><figure class='gallery-item'>\n\t\t\t<div class='gallery-icon landscape'>\n\t\t\t\t<a href='https:\/\/korsarger3500.de\/wp-content\/uploads\/2016\/03\/GN_2014_02.jpg'><img loading=\"lazy\" decoding=\"async\" width=\"150\" height=\"150\" src=\"https:\/\/korsarger3500.de\/wp-content\/uploads\/2016\/03\/GN_2014_02-150x150.jpg\" class=\"attachment-thumbnail size-thumbnail\" alt=\"\" \/><\/a>\n\t\t\t<\/div><\/figure><figure class='gallery-item'>\n\t\t\t<div class='gallery-icon landscape'>\n\t\t\t\t<a href='https:\/\/korsarger3500.de\/wp-content\/uploads\/2016\/03\/GN_2014_07.jpg'><img loading=\"lazy\" decoding=\"async\" width=\"150\" height=\"150\" src=\"https:\/\/korsarger3500.de\/wp-content\/uploads\/2016\/03\/GN_2014_07-150x150.jpg\" class=\"attachment-thumbnail size-thumbnail\" alt=\"\" \/><\/a>\n\t\t\t<\/div><\/figure><figure class='gallery-item'>\n\t\t\t<div class='gallery-icon landscape'>\n\t\t\t\t<a href='https:\/\/korsarger3500.de\/wp-content\/uploads\/2016\/03\/GN_2014_06.jpg'><img loading=\"lazy\" decoding=\"async\" width=\"150\" height=\"150\" src=\"https:\/\/korsarger3500.de\/wp-content\/uploads\/2016\/03\/GN_2014_06-150x150.jpg\" class=\"attachment-thumbnail size-thumbnail\" alt=\"\" \/><\/a>\n\t\t\t<\/div><\/figure><figure class='gallery-item'>\n\t\t\t<div class='gallery-icon landscape'>\n\t\t\t\t<a href='https:\/\/korsarger3500.de\/wp-content\/uploads\/2016\/03\/GN_2014_04.jpg'><img loading=\"lazy\" decoding=\"async\" width=\"150\" height=\"150\" src=\"https:\/\/korsarger3500.de\/wp-content\/uploads\/2016\/03\/GN_2014_04-150x150.jpg\" class=\"attachment-thumbnail size-thumbnail\" alt=\"\" \/><\/a>\n\t\t\t<\/div><\/figure>\n\t\t<\/div>\n\n<p>ah so &#8211; gewonnen hat der 3750, das Schiff von Thomas.\u00a0 Ich muss Ihn unbedingt fragen wie der hei\u00dft.<\/p>\n<p><a class=\"ng-binding\" href=\"https:\/\/korsarger3500.de\/wp-content\/uploads\/2022\/06\/2014_GrabenNeudorf.jpg\" data-lbwps-width=\"943\" data-lbwps-height=\"447\" data-lbwps-srcsmall=\"https:\/\/korsarger3500.de\/wp-content\/uploads\/2022\/06\/2014_GrabenNeudorf-300x142.jpg\">Ergebnis<\/a><\/p>\n<p><a href=\"http:\/\/korsarger3500.de\/index.php\/coupe-des-vosges-2014-plobsheim\/\">weiter &#8230;<\/a>oder zur <a href=\"http:\/\/korsarger3500.de\/\">Startseite<\/a><\/p>\n","protected":false},"excerpt":{"rendered":"<p>Es ging zum zweiten Mal nach Graben-Neudorf zum SCGN. Wir freuten uns alle drei darauf, die ganzen Schiffe und Segler wieder zu sehen. Auf dem Weg dorthin mussten wirnoch\u00a0 einen kleinen Umweg fahren. Es ging zun\u00e4chst zu Birgit und Tom, die uns einen neuen Segelsatz vom Fritz aus Bayern mitgebracht hatten. Das versteckte Heim der &hellip; <a href=\"https:\/\/korsarger3500.de\/index.php\/spargel-cup-graben-neudorf-2014\/\" class=\"more-link\"><span class=\"screen-reader-text\">Spargel-Cup Graben-Neudorf 2014<\/span> weiterlesen<\/a><\/p>\n","protected":false},"author":1,"featured_media":0,"parent":0,"menu_order":0,"comment_status":"closed","ping_status":"closed","template":"","meta":{"footnotes":""},"class_list":["post-1264","page","type-page","status-publish","hentry"],"_links":{"self":[{"href":"https:\/\/korsarger3500.de\/index.php\/wp-json\/wp\/v2\/pages\/1264","targetHints":{"allow":["GET"]}}],"collection":[{"href":"https:\/\/korsarger3500.de\/index.php\/wp-json\/wp\/v2\/pages"}],"about":[{"href":"https:\/\/korsarger3500.de\/index.php\/wp-json\/wp\/v2\/types\/page"}],"author":[{"embeddable":true,"href":"https:\/\/korsarger3500.de\/index.php\/wp-json\/wp\/v2\/users\/1"}],"replies":[{"embeddable":true,"href":"https:\/\/korsarger3500.de\/index.php\/wp-json\/wp\/v2\/comments?post=1264"}],"version-history":[{"count":31,"href":"https:\/\/korsarger3500.de\/index.php\/wp-json\/wp\/v2\/pages\/1264\/revisions"}],"predecessor-version":[{"id":7918,"href":"https:\/\/korsarger3500.de\/index.php\/wp-json\/wp\/v2\/pages\/1264\/revisions\/7918"}],"wp:attachment":[{"href":"https:\/\/korsarger3500.de\/index.php\/wp-json\/wp\/v2\/media?parent=1264"}],"curies":[{"name":"wp","href":"https:\/\/api.w.org\/{rel}","templated":true}]}}