{"id":1194,"date":"2016-03-20T14:51:52","date_gmt":"2016-03-20T13:51:52","guid":{"rendered":"http:\/\/korsarger3500.de\/?page_id=1194"},"modified":"2022-06-14T09:32:30","modified_gmt":"2022-06-14T07:32:30","slug":"fruehjahrstreff-inheiden-2014","status":"publish","type":"page","link":"https:\/\/korsarger3500.de\/index.php\/fruehjahrstreff-inheiden-2014\/","title":{"rendered":"Fr\u00fchjahrstreff Inheiden 2014"},"content":{"rendered":"<p style=\"text-align: justify;\">2014 war vor dem Fr\u00fchjahrstreffen der Korsare in Inheiden noch ein Training angesetzt, welches wir eigentlich besuchen wollten. Das h\u00e4tten wir, ich meine die Crew nat\u00fcrlich, auch dringend n\u00f6tig. Leider hat es dann nicht zum Training gereicht und wir sind &#8222;nur&#8220; zum Regattawochenende nach Inheiden gefahren. Die Route\u00a0 \u00fcber die Landstra\u00dfen f\u00fchrt malerisch durch Idar-Oberstein, Bad Kreuznach, an Mainz und Frankfurt vorbei nach Hungen. Von dort gings zum <span class=\"st\"><a href=\"http:\/\/segelclub-inheiden.de\/\">Segelclub Inheiden e.V. (kurz SCI)<\/a><\/span>.<a href=\"http:\/\/korsarger3500.de\/wp-content\/uploads\/2016\/03\/Inheiden2014_01.jpg\" rel=\"attachment wp-att-1222\" data-lbwps-width=\"4000\" data-lbwps-height=\"3000\" data-lbwps-srcsmall=\"https:\/\/korsarger3500.de\/wp-content\/uploads\/2016\/03\/Inheiden2014_01-300x225.jpg\"><img loading=\"lazy\" decoding=\"async\" class=\"alignright wp-image-1222 size-thumbnail\" src=\"http:\/\/korsarger3500.de\/wp-content\/uploads\/2016\/03\/Inheiden2014_01-150x150.jpg\" alt=\"Trais-Horloffer See (inheider See)\" width=\"150\" height=\"150\" \/><\/a> Dort angekommen suchte die Crew zuerst mal den Christian auf, um sich pers\u00f6nlich bekannt zu machen. Mit Christian hatte der Skipper zuvor regen E-Mail Kontakt wegen des Trainings und der Regatta. Nach einem freundlichen Hallo sollte ich dann aufgebaut werden. Da auf dem Gel\u00e4nde kaum noch Platz war, blieben wir auf der Stra\u00dfe. Als die Crew mitten im Aufbau war kam die Wanderschottin Immo mit der <a href=\"http:\/\/korsarger3500.de\/index.php\/die-buegelfrage\/\">B\u00fcgelfrage<\/a>&#8230; und als das gekl\u00e4rt war, wurde ich auf das Gel\u00e4nde mitten ins Get\u00fcmmel geschoben. Mensch ist das eng hier. Hier hab ich dann <a href=\"http:\/\/korsarger3500.de\/wp-content\/uploads\/2016\/03\/Inheiden2014_03.jpg\" rel=\"attachment wp-att-1223\" data-lbwps-width=\"4000\" data-lbwps-height=\"3000\" data-lbwps-srcsmall=\"https:\/\/korsarger3500.de\/wp-content\/uploads\/2016\/03\/Inheiden2014_03-300x225.jpg\"><img loading=\"lazy\" decoding=\"async\" class=\"alignleft wp-image-1223 size-thumbnail\" src=\"http:\/\/korsarger3500.de\/wp-content\/uploads\/2016\/03\/Inheiden2014_03-150x150.jpg\" alt=\"Es ist eng auf dem Platz\" width=\"150\" height=\"150\" \/><\/a>auch gleich schon einige Schiffe erkannt. Die 3562 die leider nicht mehr von Daniel und Chris gesegelt wird, die <em>\u00e6vint\u00fdri<\/em> mit den beiden M\u00e4dels und Gerhards <em>Traumschiff<\/em> das ich letztes Jahr in Graben Neudorf kennenlernen konnte. Viele Schiffe gab es hier zu sehen, ihre Namen muss ich mir aber erst noch alle merken. Da war ein <em>G\u00f6tz<\/em>, ein <em>Wendefix<\/em>, ein <em>Limbo<\/em>, ein <em>Isnogud<\/em> und ein <em>MiniMax<\/em> und und und &#8230; Ein weiteres Schiff hei\u00dft <em>Schlucki<\/em>. Warum die Damen die es segeln dem Schiff wohl diesen Namen gegeben haben? Egal &#8211; er l\u00e4sst sich gut merken. Bald folgte die Steuermannsbesprechung und dann ging es auch schon auf&#8217;s Wasser.<a href=\"http:\/\/korsarger3500.de\/wp-content\/uploads\/2016\/03\/Inheiden2014_05.jpg\" rel=\"attachment wp-att-1226\" data-lbwps-width=\"4000\" data-lbwps-height=\"3000\" data-lbwps-srcsmall=\"https:\/\/korsarger3500.de\/wp-content\/uploads\/2016\/03\/Inheiden2014_05-300x225.jpg\"><img loading=\"lazy\" decoding=\"async\" class=\"alignright wp-image-1226 size-thumbnail\" src=\"http:\/\/korsarger3500.de\/wp-content\/uploads\/2016\/03\/Inheiden2014_05-150x150.jpg\" alt=\"Steganlage Inheiden\" width=\"150\" height=\"150\" \/><\/a> Die Slipanlage ist sch\u00f6n breit, der Schwimmsteg etwas wackelig, aber super lang. Da ist viel Platz. Der erste Start war gleich mal ein Gesamtr\u00fcckruf. Die Winkel-Jungs mit Ihrem krachneuem <em>Br\u00fcllk\u00e4fer<\/em> hatte einige andere Schiffe mit \u00fcber die Startlinie gelockt. Wir waren auch dabei. Sie hatten uns glatt \u00fcber die Linie geluvt. Wir segelten also wieder die Linie entlang, um die beste Startposition zu finden. Die Crew dachte, dass es wieder 5 Minuten dauern w\u00fcrde bis zum Start, dabei waren wir jedoch ganz knapp vor der Linie. Kurz vor dem Startschiff rief und der freundliche Wettfahrtleiter zu :&#8220;Hey! seht Ihr nicht die schwarze Flagge?&#8220; Doch klar, aber was hei\u00dft das?, wollte der Skipper wissen? &#8222;Macht das Ihr sofort hinter die Linie kommt&#8220;, war die knappe Antwort von Startschiff. Wir fielen ganz schnell ab und rauschten an ein paar Booten vorbei nach Lee. Circa 10 Sekunden sp\u00e4ter erfolgte der Start. Wir waren weit hinter der Linie und fuhren dann auch noch in die falsche Richtung. So sind wir dann als Letzte und mit geh\u00f6rigem Abstand hinter dem Feld her. Ich nehme mal an deshalb war uns auch keiner b\u00f6se wegen des faux pas mit der schwarzen Flagge. Das sah gar nicht gut aus f\u00fcr uns, so als Allerletzter, aber wir k\u00e4mpften uns vor und kamen als zweiundzwanzigste von 30 ins Ziel. <a href=\"http:\/\/korsarger3500.de\/wp-content\/uploads\/2016\/03\/Inheiden2014_21.jpg\" rel=\"attachment wp-att-1228\" data-lbwps-width=\"581\" data-lbwps-height=\"293\" data-lbwps-srcsmall=\"https:\/\/korsarger3500.de\/wp-content\/uploads\/2016\/03\/Inheiden2014_21-300x151.jpg\"><img loading=\"lazy\" decoding=\"async\" class=\"alignleft wp-image-1228 size-thumbnail\" src=\"http:\/\/korsarger3500.de\/wp-content\/uploads\/2016\/03\/Inheiden2014_21-150x150.jpg\" alt=\"mitten im Feld\" width=\"150\" height=\"150\" \/><\/a>Beim zweiten Lauf passten wir besser auf und erwischten einen guten Start. Dann segelten wir eine Weile mit unserm schwarzen Spi im Mittelfeld, fanden uns am Ende aber noch einmal auf Platz 22. wieder Danach war der Regattatag gelaufen. Wir Schiffe standen dicht gedr\u00e4ngt auf der Wiese und die Crews fanden sich im Clubheim ein. Nach dem Abendessen machte ein DJ\u00a0 zur guten Stimmung auch noch gute Musik und es wurde bis sp\u00e4t in die Nacht gefeiert und getanzt. Am n\u00e4chsten Tag wollten wir uns dann weiter im Feld nach vorne schieben, aber es wollte kein Wind aufkommen und es wurde keine Wettfahrt mehr gestartet. Beim warten auf Wind hatte die Crew dann die beste Gelegenheit sich mit den anderen Seglern zu unterhalten und sich Tipps zu holen. Die bekommt man bei den Korsaren von jedem sehr bereitwillig mitgeteilt. Ich stelle <a href=\"http:\/\/korsarger3500.de\/wp-content\/uploads\/2016\/03\/Inheiden_2014_01.jpg\" rel=\"attachment wp-att-1231\" data-lbwps-width=\"4000\" data-lbwps-height=\"3000\" data-lbwps-srcsmall=\"https:\/\/korsarger3500.de\/wp-content\/uploads\/2016\/03\/Inheiden_2014_01-300x225.jpg\"><img loading=\"lazy\" decoding=\"async\" class=\"alignleft wp-image-1231 size-thumbnail\" src=\"http:\/\/korsarger3500.de\/wp-content\/uploads\/2016\/03\/Inheiden_2014_01-150x150.jpg\" alt=\"Ich bin ein Holzschiff\" width=\"150\" height=\"150\" \/><\/a>derzeit fest, dass so mancher Segler mich beim vorbeigehen genau anschaut und \u00fcber mein Deck streicht. Tja bin halt ein Holzschiff. Irgendwann war abbauen angesagt. Das machte die Crew dann wieder auf der Stra\u00dfe. Nach der<a href=\"http:\/\/korsarger3500.de\/wp-content\/uploads\/2016\/03\/Inheiden2014_20.jpg\" rel=\"attachment wp-att-1233\" data-lbwps-width=\"4000\" data-lbwps-height=\"3000\" data-lbwps-srcsmall=\"https:\/\/korsarger3500.de\/wp-content\/uploads\/2016\/03\/Inheiden2014_20-300x225.jpg\"><img loading=\"lazy\" decoding=\"async\" class=\"alignright wp-image-1233 size-thumbnail\" src=\"http:\/\/korsarger3500.de\/wp-content\/uploads\/2016\/03\/Inheiden2014_20-150x150.jpg\" alt=\"Siegerehrung\" width=\"150\" height=\"150\" \/><\/a> Siegerehrung und der Verabschiedung ging es ab Richtung Heimat. Wir hatten Gl\u00fcck, den ganzen Nachhauseweg \u00fcber war sch\u00f6nstes Cabrio- Wetter. Die Crew hatte wie immer viel zu bereden und zu \u00fcberlegen was sie bei der n\u00e4chsten Regatta alles besser machen k\u00f6nnte. Und jetzt wissen sie auch was zu tun ist wenn Sie gesetzt wird die &#8230;\u00a0 <strong>Black Flag<\/strong><\/p>\n<div id='gallery-1' class='gallery galleryid-1194 gallery-columns-4 gallery-size-thumbnail'><figure class='gallery-item'>\n\t\t\t<div class='gallery-icon landscape'>\n\t\t\t\t<a href='https:\/\/korsarger3500.de\/wp-content\/uploads\/2016\/03\/Inheiden2014_02.jpg'><img loading=\"lazy\" decoding=\"async\" width=\"150\" height=\"150\" src=\"https:\/\/korsarger3500.de\/wp-content\/uploads\/2016\/03\/Inheiden2014_02-150x150.jpg\" class=\"attachment-thumbnail size-thumbnail\" alt=\"\" \/><\/a>\n\t\t\t<\/div><\/figure><figure class='gallery-item'>\n\t\t\t<div class='gallery-icon landscape'>\n\t\t\t\t<a href='https:\/\/korsarger3500.de\/wp-content\/uploads\/2016\/03\/Inheiden2014_03-1.jpg'><img loading=\"lazy\" decoding=\"async\" width=\"150\" height=\"150\" src=\"https:\/\/korsarger3500.de\/wp-content\/uploads\/2016\/03\/Inheiden2014_03-1-150x150.jpg\" class=\"attachment-thumbnail size-thumbnail\" alt=\"\" \/><\/a>\n\t\t\t<\/div><\/figure><figure class='gallery-item'>\n\t\t\t<div class='gallery-icon landscape'>\n\t\t\t\t<a href='https:\/\/korsarger3500.de\/wp-content\/uploads\/2016\/03\/Inheiden2014_04.jpg'><img loading=\"lazy\" decoding=\"async\" width=\"150\" height=\"150\" src=\"https:\/\/korsarger3500.de\/wp-content\/uploads\/2016\/03\/Inheiden2014_04-150x150.jpg\" class=\"attachment-thumbnail size-thumbnail\" alt=\"\" \/><\/a>\n\t\t\t<\/div><\/figure><figure class='gallery-item'>\n\t\t\t<div class='gallery-icon landscape'>\n\t\t\t\t<a href='https:\/\/korsarger3500.de\/wp-content\/uploads\/2016\/03\/Inheiden2014_06.jpg'><img loading=\"lazy\" decoding=\"async\" width=\"150\" height=\"150\" src=\"https:\/\/korsarger3500.de\/wp-content\/uploads\/2016\/03\/Inheiden2014_06-150x150.jpg\" class=\"attachment-thumbnail size-thumbnail\" alt=\"\" \/><\/a>\n\t\t\t<\/div><\/figure><figure class='gallery-item'>\n\t\t\t<div class='gallery-icon landscape'>\n\t\t\t\t<a href='https:\/\/korsarger3500.de\/wp-content\/uploads\/2016\/03\/Inheiden2014_07.jpg'><img loading=\"lazy\" decoding=\"async\" width=\"150\" height=\"150\" src=\"https:\/\/korsarger3500.de\/wp-content\/uploads\/2016\/03\/Inheiden2014_07-150x150.jpg\" class=\"attachment-thumbnail size-thumbnail\" alt=\"\" \/><\/a>\n\t\t\t<\/div><\/figure><figure class='gallery-item'>\n\t\t\t<div class='gallery-icon landscape'>\n\t\t\t\t<a href='https:\/\/korsarger3500.de\/wp-content\/uploads\/2016\/03\/Inheiden2014_08.jpg'><img loading=\"lazy\" decoding=\"async\" width=\"150\" height=\"150\" src=\"https:\/\/korsarger3500.de\/wp-content\/uploads\/2016\/03\/Inheiden2014_08-150x150.jpg\" class=\"attachment-thumbnail size-thumbnail\" alt=\"\" \/><\/a>\n\t\t\t<\/div><\/figure><figure class='gallery-item'>\n\t\t\t<div class='gallery-icon landscape'>\n\t\t\t\t<a href='https:\/\/korsarger3500.de\/wp-content\/uploads\/2016\/03\/Inheiden2014_09.jpg'><img loading=\"lazy\" decoding=\"async\" width=\"150\" height=\"150\" src=\"https:\/\/korsarger3500.de\/wp-content\/uploads\/2016\/03\/Inheiden2014_09-150x150.jpg\" class=\"attachment-thumbnail size-thumbnail\" alt=\"\" \/><\/a>\n\t\t\t<\/div><\/figure><figure class='gallery-item'>\n\t\t\t<div class='gallery-icon landscape'>\n\t\t\t\t<a href='https:\/\/korsarger3500.de\/wp-content\/uploads\/2016\/03\/Inheiden2014_10.jpg'><img loading=\"lazy\" decoding=\"async\" width=\"150\" height=\"150\" src=\"https:\/\/korsarger3500.de\/wp-content\/uploads\/2016\/03\/Inheiden2014_10-150x150.jpg\" class=\"attachment-thumbnail size-thumbnail\" alt=\"\" \/><\/a>\n\t\t\t<\/div><\/figure><figure class='gallery-item'>\n\t\t\t<div class='gallery-icon landscape'>\n\t\t\t\t<a href='https:\/\/korsarger3500.de\/wp-content\/uploads\/2016\/03\/Inheiden2014_12.jpg'><img loading=\"lazy\" decoding=\"async\" width=\"150\" height=\"150\" src=\"https:\/\/korsarger3500.de\/wp-content\/uploads\/2016\/03\/Inheiden2014_12-150x150.jpg\" class=\"attachment-thumbnail size-thumbnail\" alt=\"\" \/><\/a>\n\t\t\t<\/div><\/figure><figure class='gallery-item'>\n\t\t\t<div class='gallery-icon landscape'>\n\t\t\t\t<a href='https:\/\/korsarger3500.de\/wp-content\/uploads\/2016\/03\/Inheiden2014_13.jpg'><img loading=\"lazy\" decoding=\"async\" width=\"150\" height=\"150\" src=\"https:\/\/korsarger3500.de\/wp-content\/uploads\/2016\/03\/Inheiden2014_13-150x150.jpg\" class=\"attachment-thumbnail size-thumbnail\" alt=\"\" \/><\/a>\n\t\t\t<\/div><\/figure><figure class='gallery-item'>\n\t\t\t<div class='gallery-icon landscape'>\n\t\t\t\t<a href='https:\/\/korsarger3500.de\/wp-content\/uploads\/2016\/03\/Inheiden2014_14.jpg'><img loading=\"lazy\" decoding=\"async\" width=\"150\" height=\"150\" src=\"https:\/\/korsarger3500.de\/wp-content\/uploads\/2016\/03\/Inheiden2014_14-150x150.jpg\" class=\"attachment-thumbnail size-thumbnail\" alt=\"\" \/><\/a>\n\t\t\t<\/div><\/figure><figure class='gallery-item'>\n\t\t\t<div class='gallery-icon landscape'>\n\t\t\t\t<a href='https:\/\/korsarger3500.de\/wp-content\/uploads\/2016\/03\/Inheiden2014_15.jpg'><img loading=\"lazy\" decoding=\"async\" width=\"150\" height=\"150\" src=\"https:\/\/korsarger3500.de\/wp-content\/uploads\/2016\/03\/Inheiden2014_15-150x150.jpg\" class=\"attachment-thumbnail size-thumbnail\" alt=\"\" \/><\/a>\n\t\t\t<\/div><\/figure><figure class='gallery-item'>\n\t\t\t<div class='gallery-icon landscape'>\n\t\t\t\t<a href='https:\/\/korsarger3500.de\/wp-content\/uploads\/2016\/03\/Inheiden2014_18.jpg'><img loading=\"lazy\" decoding=\"async\" width=\"150\" height=\"150\" src=\"https:\/\/korsarger3500.de\/wp-content\/uploads\/2016\/03\/Inheiden2014_18-150x150.jpg\" class=\"attachment-thumbnail size-thumbnail\" alt=\"\" \/><\/a>\n\t\t\t<\/div><\/figure><figure class='gallery-item'>\n\t\t\t<div class='gallery-icon landscape'>\n\t\t\t\t<a href='https:\/\/korsarger3500.de\/wp-content\/uploads\/2016\/03\/Inheiden2014_16.jpg'><img loading=\"lazy\" decoding=\"async\" width=\"150\" height=\"150\" src=\"https:\/\/korsarger3500.de\/wp-content\/uploads\/2016\/03\/Inheiden2014_16-150x150.jpg\" class=\"attachment-thumbnail size-thumbnail\" alt=\"\" \/><\/a>\n\t\t\t<\/div><\/figure><figure class='gallery-item'>\n\t\t\t<div class='gallery-icon landscape'>\n\t\t\t\t<a href='https:\/\/korsarger3500.de\/wp-content\/uploads\/2016\/03\/Inheiden2014_19.jpg'><img loading=\"lazy\" decoding=\"async\" width=\"150\" height=\"150\" src=\"https:\/\/korsarger3500.de\/wp-content\/uploads\/2016\/03\/Inheiden2014_19-150x150.jpg\" class=\"attachment-thumbnail size-thumbnail\" alt=\"\" \/><\/a>\n\t\t\t<\/div><\/figure>\n\t\t<\/div>\n\n<p><a href=\"https:\/\/korsarger3500.de\/wp-content\/uploads\/2022\/06\/2014_Inheiden.jpg\" data-lbwps-width=\"930\" data-lbwps-height=\"652\" data-lbwps-srcsmall=\"https:\/\/korsarger3500.de\/wp-content\/uploads\/2022\/06\/2014_Inheiden-300x210.jpg\">Ergebnis<\/a><\/p>\n<p><a href=\"http:\/\/korsarger3500.de\/index.php\/spargel-cup-graben-neudorf\/\">weiter &#8230;<\/a>oder zur <a href=\"http:\/\/korsarger3500.de\/\">Startseite<\/a><\/p>\n","protected":false},"excerpt":{"rendered":"<p>2014 war vor dem Fr\u00fchjahrstreffen der Korsare in Inheiden noch ein Training angesetzt, welches wir eigentlich besuchen wollten. Das h\u00e4tten wir, ich meine die Crew nat\u00fcrlich, auch dringend n\u00f6tig. Leider hat es dann nicht zum Training gereicht und wir sind &#8222;nur&#8220; zum Regattawochenende nach Inheiden gefahren. Die Route\u00a0 \u00fcber die Landstra\u00dfen f\u00fchrt malerisch durch Idar-Oberstein, &hellip; <a href=\"https:\/\/korsarger3500.de\/index.php\/fruehjahrstreff-inheiden-2014\/\" class=\"more-link\"><span class=\"screen-reader-text\">Fr\u00fchjahrstreff Inheiden 2014<\/span> weiterlesen<\/a><\/p>\n","protected":false},"author":1,"featured_media":0,"parent":0,"menu_order":0,"comment_status":"closed","ping_status":"closed","template":"","meta":{"footnotes":""},"class_list":["post-1194","page","type-page","status-publish","hentry"],"_links":{"self":[{"href":"https:\/\/korsarger3500.de\/index.php\/wp-json\/wp\/v2\/pages\/1194","targetHints":{"allow":["GET"]}}],"collection":[{"href":"https:\/\/korsarger3500.de\/index.php\/wp-json\/wp\/v2\/pages"}],"about":[{"href":"https:\/\/korsarger3500.de\/index.php\/wp-json\/wp\/v2\/types\/page"}],"author":[{"embeddable":true,"href":"https:\/\/korsarger3500.de\/index.php\/wp-json\/wp\/v2\/users\/1"}],"replies":[{"embeddable":true,"href":"https:\/\/korsarger3500.de\/index.php\/wp-json\/wp\/v2\/comments?post=1194"}],"version-history":[{"count":28,"href":"https:\/\/korsarger3500.de\/index.php\/wp-json\/wp\/v2\/pages\/1194\/revisions"}],"predecessor-version":[{"id":7917,"href":"https:\/\/korsarger3500.de\/index.php\/wp-json\/wp\/v2\/pages\/1194\/revisions\/7917"}],"wp:attachment":[{"href":"https:\/\/korsarger3500.de\/index.php\/wp-json\/wp\/v2\/media?parent=1194"}],"curies":[{"name":"wp","href":"https:\/\/api.w.org\/{rel}","templated":true}]}}