{"id":1122,"date":"2016-03-18T23:49:12","date_gmt":"2016-03-18T22:49:12","guid":{"rendered":"http:\/\/korsarger3500.de\/?page_id=1122"},"modified":"2023-12-18T08:23:56","modified_gmt":"2023-12-18T07:23:56","slug":"2014-trapezregatta-steinhude","status":"publish","type":"page","link":"https:\/\/korsarger3500.de\/index.php\/2014-trapezregatta-steinhude\/","title":{"rendered":"Trapezregatta Steinhude 2014"},"content":{"rendered":"<p style=\"text-align: justify;\">Ich glaub mein Kielschwein pfeift! &#8211; gerade mal 2 1\/2 Stunden nach Mitternacht und der Skipper kommt und macht das Licht in der Garage an. Was ist denn jetzt los? Mit einem G\u00e4hnen im Gesicht dr\u00fcckt er das Garagentor auf und schiebt mich raus in die Nacht auf den Hof. Ok &#8211; das es irgendwie auf Tour geht hab ich gestern schon verstanden, schlie\u00dflich hat die Crew mich reisefertig in der Garage abgestellt, aber mitten in der Nacht? Ein paar Minuten sp\u00e4ter kam Oli, ein Segelkamerad aus dem Club, mit seinem Combi und ich wurde angekoppelt.\u00a0 Dann ging es auch gleich los. Aber ohne die Schottin &#8211; was soll das denn? Die hatte an diesem Wochenende was anderes vor. Sie wollte mit Ihrem Team zu den Deutschen Senioren Meisterschaften im Rettungsschwimmen der DLRG nach Berlin. Da ist Sie nat\u00fcrlich entschuldigt und ich dr\u00fcck Ihr die Daumen. Ich werde also mit einer anderen Besetzung segeln. Es hat sich schnell herausgestellt, dass der Skipper weiterhin skippt und Oli schottet. Die beiden sind als Kinder schon mal zusammen gesegelt aber schon seit 40 Jahren nicht mehr. Das kann ja heiter werden. Egal &#8211; Oli ist ein 470er Schotte und ein ausgezeichneter Laser Segler. Wo geht es eigentlich hin so fr\u00fch am Samstagmorgen? Weit weg ans Steinhuder Meer. Das kenn ich schon, da waren wir doch letztes Jahr im Urlaub und zum \u00dcben. Die Fahrt durch die Nacht war langweilig aber ich lag ja sch\u00f6n auf meinem Trailer und konnte noch ein paar Stunden relaxen. Die<a href=\"https:\/\/korsarger3500.de\/wp-content\/uploads\/2016\/03\/Trapezregatta2014_01-e1458336262961.jpg\" rel=\"attachment wp-att-1137\" data-lbwps-width=\"2230\" data-lbwps-height=\"2310\" data-lbwps-srcsmall=\"https:\/\/korsarger3500.de\/wp-content\/uploads\/2016\/03\/Trapezregatta2014_01-e1458336262961-290x300.jpg\"><img loading=\"lazy\" decoding=\"async\" class=\"alignright wp-image-1137 size-thumbnail\" src=\"http:\/\/korsarger3500.de\/wp-content\/uploads\/2016\/03\/Trapezregatta2014_01-e1458336262961-150x150.jpg\" alt=\"Trapezregatta2014_01\" width=\"150\" height=\"150\" \/><\/a> Sonne ging irgendwann auf, Oli heizte recht schnell \u00fcber die Autobahn und wir kamen ohne Zwischenf\u00e4lle p\u00fcnktlich in Steinhude an. Wir suchten ne Weile den <a href=\"http:\/\/www.slsv.de\">Schaumburg-Lippischen Segelverein<\/a> der sich doch sehr versteckt hat. Ich hatte ja gewusst das es in Steinhude eng in der Stra\u00dfen zugeht, aber der Weg zum Vereinsgel\u00e4nde ist nochmal extra eng und so wurde ich einige hundert Meter r\u00fcckw\u00e4rts durch die engen Gassen geschoben. Auf dem Clubgel\u00e4nde war dann aber gen\u00fcgend Platz zum aufbauen. Es waren schon einige Korsare da und mit dem Aufbau besch\u00e4ftigt. Da das Wasser spiegelglatt war und man nicht so <a href=\"https:\/\/korsarger3500.de\/wp-content\/uploads\/2016\/03\/Trapezregatta2014_10.jpg\" rel=\"attachment wp-att-1143\" data-lbwps-width=\"4000\" data-lbwps-height=\"3000\" data-lbwps-srcsmall=\"https:\/\/korsarger3500.de\/wp-content\/uploads\/2016\/03\/Trapezregatta2014_10-300x225.jpg\"><img loading=\"lazy\" decoding=\"async\" class=\"alignright wp-image-1143 size-thumbnail\" src=\"http:\/\/korsarger3500.de\/wp-content\/uploads\/2016\/03\/Trapezregatta2014_10-150x150.jpg\" alt=\"Trapezregatta2014_10\" width=\"150\" height=\"150\" \/><\/a>schnell mit Wind rechnete, konnten die beiden mich\u00a0 in Ruhe aufbauen und sich dann auch noch die anderen<a href=\"https:\/\/korsarger3500.de\/wp-content\/uploads\/2016\/03\/Trapezregatta2014_20.jpg\" rel=\"attachment wp-att-1151\" data-lbwps-width=\"4000\" data-lbwps-height=\"3000\" data-lbwps-srcsmall=\"https:\/\/korsarger3500.de\/wp-content\/uploads\/2016\/03\/Trapezregatta2014_20-300x225.jpg\"><img loading=\"lazy\" decoding=\"async\" class=\"alignleft wp-image-1151 size-thumbnail\" src=\"https:\/\/korsarger3500.de\/wp-content\/uploads\/2016\/03\/Trapezregatta2014_20-150x150.jpg\" alt=\"Trapezregatta2014_20\" width=\"150\" height=\"150\" \/><\/a> Boote anschauen.\u00a0 Ich bekam dann direkt am Wasser einen Platz, wo ich bei sch\u00f6nstem Sonnenschein liegen konnte.\u00a0 Das war sehr sch\u00f6n und auch die Crew g\u00f6nnte sich auf meiner Persenning ein Nickerchen. Die Nacht war schlie\u00dflich kurz. Da noch ein Feld<a href=\"https:\/\/korsarger3500.de\/wp-content\/uploads\/2016\/03\/Trapezregatta2014_21.jpg\" rel=\"attachment wp-att-1152\" data-lbwps-width=\"4000\" data-lbwps-height=\"3000\" data-lbwps-srcsmall=\"https:\/\/korsarger3500.de\/wp-content\/uploads\/2016\/03\/Trapezregatta2014_21-300x225.jpg\"><img loading=\"lazy\" decoding=\"async\" class=\"alignright wp-image-1152 size-thumbnail\" src=\"https:\/\/korsarger3500.de\/wp-content\/uploads\/2016\/03\/Trapezregatta2014_21-150x150.jpg\" alt=\"Trapezregatta2014_21\" width=\"150\" height=\"150\" \/><\/a> Kielzugv\u00f6gel mit auf dem Platz war, konnte wir diesen Seglern auch beim Aufbau und krahnen zuschauen. Der Tag verlief dann zuerst noch mit Smalltalk zwischen den Seglern. Gegen Mittag wollte es der Wettfahrtleiter aber dann wissen und schickte uns auf die Bahn. Es aber wollte kein stetiger Wind kommen so dass wir bald wieder an Land waren. Oli stellte fest das man auf mir\u00a0viel mehr Platz hat gegen\u00fcber einem 470er. Abends gabs den Seglerhock im Vereinshaus mit lecker Essen und Bier. Ich stand warm zugedeckt am Wasser und genoss die laue Nacht w\u00e4hrend Oli und<a href=\"https:\/\/korsarger3500.de\/wp-content\/uploads\/2016\/03\/Trapezregatta2014_18.jpg\" rel=\"attachment wp-att-1149\" data-lbwps-width=\"4000\" data-lbwps-height=\"3000\" data-lbwps-srcsmall=\"https:\/\/korsarger3500.de\/wp-content\/uploads\/2016\/03\/Trapezregatta2014_18-300x225.jpg\"><img loading=\"lazy\" decoding=\"async\" class=\"alignleft wp-image-1149 size-thumbnail\" src=\"https:\/\/korsarger3500.de\/wp-content\/uploads\/2016\/03\/Trapezregatta2014_18-150x150.jpg\" alt=\"Trapezregatta2014_18\" width=\"150\" height=\"150\" \/><\/a> Skipper irgendwann Richtung Pension abdampften. Am n\u00e4chsten Morgen war das Wetter bei weitem nicht mehr so sch\u00f6n, daf\u00fcr sollte es aber etwas Wind geben. Gegen 9:30 &#8211; ja es war wirklich so fr\u00fch &#8211; sind wir ausgelaufen und um 10:00 war der erste Start. Bei knappen 3 Windst\u00e4rken segelten wir so im hinteren Mittelfeld herum. Oli k\u00e4mpfte in jeder Wende mit meiner Fockschot die er immer unter Deck suchen musste. Er war von 470er was anderes gewohnt. Manchmal hat er sogar geflucht. Der Kurs den die Wettfahrtleitung abgesteckt hatte war ein UP-Down-Kurs. Die ganze Korsarenmeute ist immer platt vor dem Wind den Spi Kurs runter gesegelt. So was langweiliges auf so einem sch\u00f6nen gro\u00dfen See, da h\u00e4tte man so sch\u00f6n mit Spi trapezen k\u00f6nnen. Es folgten noch 2 L\u00e4ufe und gegen 14:30 war die Regatta zu Ende und alle wieder an Land. Von den Schiffen die dabei waren hab ich keins gekannt. Die Regatta hat die Lucy gewonnen, &#8211; die gewinnt meistens, hab ich geh\u00f6rt. Ich hab Sie auch mal kurz gesehen, ganz weit vor uns, irgendwo am Horizont. Wir waren am Ende zwanzigster von 31, nicht schlecht aber da w\u00e4re mehr drin gewesen. Es wurde dann schnell abgebaut, denn am Himmel hingen schwere dunkle Wolken. Rechtzeitig nach dem Abbau fing es richtig an zu schiffen. Ein Gl\u00fcck, ich war gerade zugedeckt. Die Siegerehrung hat nicht lange gedauert, da schon einige vorher abgereist waren. Ich stand jedoch so lange im Regen, dass meine <span class=\"st\">Persenning <\/span>einen Bauch bekam und sie m\u00e4chtig Wasser durch lie\u00df. Mein Bauch war bald richtig voll mit Wasser. Die Beiden bemerkten beim ankoppeln ans Auto nur das Wasser auf der Persenning und Oli meinte &#8222;Das verfliegt schon wieder auf der Autobahn&#8220;. Er sollte sich irren. Wir sind dann bei str\u00f6mendem Regen los Richtung Heimat und dort auch gut angekommen. Als der Skipper mich dann in der Garage aufdeckte sah er die Bescherung. Wir hatten gef\u00fchlt 100 Liter Wasser mitgeschleppt und das hat sich nat\u00fcrlich auf alle Segel und Klamotten verteilt. Es ist wohl mal ne neue Persenning f\u00e4llig.<\/p>\n<div id='gallery-1' class='gallery galleryid-1122 gallery-columns-4 gallery-size-thumbnail'><figure class='gallery-item'>\n\t\t\t<div class='gallery-icon landscape'>\n\t\t\t\t<a href='https:\/\/korsarger3500.de\/wp-content\/uploads\/2016\/03\/Trapezregatta2014_02.jpg'><img loading=\"lazy\" decoding=\"async\" width=\"150\" height=\"150\" src=\"https:\/\/korsarger3500.de\/wp-content\/uploads\/2016\/03\/Trapezregatta2014_02-150x150.jpg\" class=\"attachment-thumbnail size-thumbnail\" alt=\"\" \/><\/a>\n\t\t\t<\/div><\/figure><figure class='gallery-item'>\n\t\t\t<div class='gallery-icon landscape'>\n\t\t\t\t<a href='https:\/\/korsarger3500.de\/wp-content\/uploads\/2016\/03\/Trapezregatta2014_25.jpg'><img loading=\"lazy\" decoding=\"async\" width=\"150\" height=\"150\" src=\"https:\/\/korsarger3500.de\/wp-content\/uploads\/2016\/03\/Trapezregatta2014_25-150x150.jpg\" class=\"attachment-thumbnail size-thumbnail\" alt=\"\" \/><\/a>\n\t\t\t<\/div><\/figure><figure class='gallery-item'>\n\t\t\t<div class='gallery-icon landscape'>\n\t\t\t\t<a href='https:\/\/korsarger3500.de\/wp-content\/uploads\/2016\/03\/Trapezregatta2014_19.jpg'><img loading=\"lazy\" decoding=\"async\" width=\"150\" height=\"150\" src=\"https:\/\/korsarger3500.de\/wp-content\/uploads\/2016\/03\/Trapezregatta2014_19-150x150.jpg\" class=\"attachment-thumbnail size-thumbnail\" alt=\"\" \/><\/a>\n\t\t\t<\/div><\/figure><figure class='gallery-item'>\n\t\t\t<div class='gallery-icon landscape'>\n\t\t\t\t<a href='https:\/\/korsarger3500.de\/wp-content\/uploads\/2016\/03\/Trapezregatta2014_16.jpg'><img loading=\"lazy\" decoding=\"async\" width=\"150\" height=\"150\" src=\"https:\/\/korsarger3500.de\/wp-content\/uploads\/2016\/03\/Trapezregatta2014_16-150x150.jpg\" class=\"attachment-thumbnail size-thumbnail\" alt=\"\" \/><\/a>\n\t\t\t<\/div><\/figure><figure class='gallery-item'>\n\t\t\t<div class='gallery-icon landscape'>\n\t\t\t\t<a href='https:\/\/korsarger3500.de\/wp-content\/uploads\/2016\/03\/Trapezregatta2014_15.jpg'><img loading=\"lazy\" decoding=\"async\" width=\"150\" height=\"150\" src=\"https:\/\/korsarger3500.de\/wp-content\/uploads\/2016\/03\/Trapezregatta2014_15-150x150.jpg\" class=\"attachment-thumbnail size-thumbnail\" alt=\"\" \/><\/a>\n\t\t\t<\/div><\/figure><figure class='gallery-item'>\n\t\t\t<div class='gallery-icon landscape'>\n\t\t\t\t<a href='https:\/\/korsarger3500.de\/wp-content\/uploads\/2016\/03\/Trapezregatta2014_14.jpg'><img loading=\"lazy\" decoding=\"async\" width=\"150\" height=\"150\" src=\"https:\/\/korsarger3500.de\/wp-content\/uploads\/2016\/03\/Trapezregatta2014_14-150x150.jpg\" class=\"attachment-thumbnail size-thumbnail\" alt=\"\" \/><\/a>\n\t\t\t<\/div><\/figure><figure class='gallery-item'>\n\t\t\t<div class='gallery-icon landscape'>\n\t\t\t\t<a href='https:\/\/korsarger3500.de\/wp-content\/uploads\/2016\/03\/Trapezregatta2014_12.jpg'><img loading=\"lazy\" decoding=\"async\" width=\"150\" height=\"150\" src=\"https:\/\/korsarger3500.de\/wp-content\/uploads\/2016\/03\/Trapezregatta2014_12-150x150.jpg\" class=\"attachment-thumbnail size-thumbnail\" alt=\"\" \/><\/a>\n\t\t\t<\/div><\/figure><figure class='gallery-item'>\n\t\t\t<div class='gallery-icon landscape'>\n\t\t\t\t<a href='https:\/\/korsarger3500.de\/wp-content\/uploads\/2016\/03\/Trapezregatta2014_11.jpg'><img loading=\"lazy\" decoding=\"async\" width=\"150\" height=\"150\" src=\"https:\/\/korsarger3500.de\/wp-content\/uploads\/2016\/03\/Trapezregatta2014_11-150x150.jpg\" class=\"attachment-thumbnail size-thumbnail\" alt=\"\" \/><\/a>\n\t\t\t<\/div><\/figure><figure class='gallery-item'>\n\t\t\t<div class='gallery-icon landscape'>\n\t\t\t\t<a href='https:\/\/korsarger3500.de\/wp-content\/uploads\/2016\/03\/Trapezregatta2014_10.jpg'><img loading=\"lazy\" decoding=\"async\" width=\"150\" height=\"150\" src=\"https:\/\/korsarger3500.de\/wp-content\/uploads\/2016\/03\/Trapezregatta2014_10-150x150.jpg\" class=\"attachment-thumbnail size-thumbnail\" alt=\"\" \/><\/a>\n\t\t\t<\/div><\/figure><figure class='gallery-item'>\n\t\t\t<div class='gallery-icon landscape'>\n\t\t\t\t<a href='https:\/\/korsarger3500.de\/wp-content\/uploads\/2016\/03\/Trapezregatta2014_09.jpg'><img loading=\"lazy\" decoding=\"async\" width=\"150\" height=\"150\" src=\"https:\/\/korsarger3500.de\/wp-content\/uploads\/2016\/03\/Trapezregatta2014_09-150x150.jpg\" class=\"attachment-thumbnail size-thumbnail\" alt=\"\" \/><\/a>\n\t\t\t<\/div><\/figure><figure class='gallery-item'>\n\t\t\t<div class='gallery-icon landscape'>\n\t\t\t\t<a href='https:\/\/korsarger3500.de\/wp-content\/uploads\/2016\/03\/Trapezregatta2014_06.jpg'><img loading=\"lazy\" decoding=\"async\" width=\"150\" height=\"150\" src=\"https:\/\/korsarger3500.de\/wp-content\/uploads\/2016\/03\/Trapezregatta2014_06-150x150.jpg\" class=\"attachment-thumbnail size-thumbnail\" alt=\"\" \/><\/a>\n\t\t\t<\/div><\/figure><figure class='gallery-item'>\n\t\t\t<div class='gallery-icon landscape'>\n\t\t\t\t<a href='https:\/\/korsarger3500.de\/wp-content\/uploads\/2016\/03\/Trapezregatta2014_04.jpg'><img loading=\"lazy\" decoding=\"async\" width=\"150\" height=\"150\" src=\"https:\/\/korsarger3500.de\/wp-content\/uploads\/2016\/03\/Trapezregatta2014_04-150x150.jpg\" class=\"attachment-thumbnail size-thumbnail\" alt=\"\" \/><\/a>\n\t\t\t<\/div><\/figure><figure class='gallery-item'>\n\t\t\t<div class='gallery-icon landscape'>\n\t\t\t\t<a href='https:\/\/korsarger3500.de\/wp-content\/uploads\/2016\/03\/Trapezregatta2014_03.jpg'><img loading=\"lazy\" decoding=\"async\" width=\"150\" height=\"150\" src=\"https:\/\/korsarger3500.de\/wp-content\/uploads\/2016\/03\/Trapezregatta2014_03-150x150.jpg\" class=\"attachment-thumbnail size-thumbnail\" alt=\"\" \/><\/a>\n\t\t\t<\/div><\/figure>\n\t\t<\/div>\n\n<p>Gewonnen hat <em>Lucy<\/em> mit Uti und Frank<\/p>\n<p>Ach so &#8211; die Schottin war weitaus erfolgreicher- Sie ist mit dem M\u00e4dels -Team bei den Deutschen vierte von zw\u00f6lfen geworden.\u00a0 Herzlichen Gl\u00fcckwunsch!<\/p>\n<p><a href=\"https:\/\/korsarger3500.de\/wp-content\/uploads\/2022\/06\/2014_Steinhude.jpg\" data-lbwps-width=\"941\" data-lbwps-height=\"674\" data-lbwps-srcsmall=\"https:\/\/korsarger3500.de\/wp-content\/uploads\/2022\/06\/2014_Steinhude-300x215.jpg\">Ergebnis<\/a><\/p>\n<p><a href=\"http:\/\/korsarger3500.de\/index.php\/fruehjahrstreff-inheiden-2014\/\">weiter &#8230;<\/a>oder zur <a href=\"http:\/\/korsarger3500.de\/\">Startseite<\/a><\/p>\n","protected":false},"excerpt":{"rendered":"<p>Ich glaub mein Kielschwein pfeift! &#8211; gerade mal 2 1\/2 Stunden nach Mitternacht und der Skipper kommt und macht das Licht in der Garage an. Was ist denn jetzt los? Mit einem G\u00e4hnen im Gesicht dr\u00fcckt er das Garagentor auf und schiebt mich raus in die Nacht auf den Hof. Ok &#8211; das es irgendwie &hellip; <a href=\"https:\/\/korsarger3500.de\/index.php\/2014-trapezregatta-steinhude\/\" class=\"more-link\"><span class=\"screen-reader-text\">Trapezregatta Steinhude 2014<\/span> weiterlesen<\/a><\/p>\n","protected":false},"author":1,"featured_media":0,"parent":0,"menu_order":0,"comment_status":"closed","ping_status":"closed","template":"","meta":{"footnotes":""},"class_list":["post-1122","page","type-page","status-publish","hentry"],"_links":{"self":[{"href":"https:\/\/korsarger3500.de\/index.php\/wp-json\/wp\/v2\/pages\/1122","targetHints":{"allow":["GET"]}}],"collection":[{"href":"https:\/\/korsarger3500.de\/index.php\/wp-json\/wp\/v2\/pages"}],"about":[{"href":"https:\/\/korsarger3500.de\/index.php\/wp-json\/wp\/v2\/types\/page"}],"author":[{"embeddable":true,"href":"https:\/\/korsarger3500.de\/index.php\/wp-json\/wp\/v2\/users\/1"}],"replies":[{"embeddable":true,"href":"https:\/\/korsarger3500.de\/index.php\/wp-json\/wp\/v2\/comments?post=1122"}],"version-history":[{"count":42,"href":"https:\/\/korsarger3500.de\/index.php\/wp-json\/wp\/v2\/pages\/1122\/revisions"}],"predecessor-version":[{"id":9004,"href":"https:\/\/korsarger3500.de\/index.php\/wp-json\/wp\/v2\/pages\/1122\/revisions\/9004"}],"wp:attachment":[{"href":"https:\/\/korsarger3500.de\/index.php\/wp-json\/wp\/v2\/media?parent=1122"}],"curies":[{"name":"wp","href":"https:\/\/api.w.org\/{rel}","templated":true}]}}